Warning: include(menu.php): failed to open stream: No such file or directory in /home/u255099343/public_html/saa/noaa.php on line 156

Warning: include(menu.php): failed to open stream: No such file or directory in /home/u255099343/public_html/saa/noaa.php on line 156

Warning: include(): Failed opening 'menu.php' for inclusion (include_path='.:/opt/alt/php54/usr/share/pear:/opt/alt/php54/usr/share/php') in /home/u255099343/public_html/saa/noaa.php on line 156

OPEx sääasema

 Leveysaste  N 60° 15' 27"    Pituusaste  E 23° 44' 53"    Korkeus merenpinnasta 54 m

NOAA-raportit


Notice: Undefined variable: advisory in /home/u255099343/public_html/saa/noaa.php on line 439
                   Monthly Climatological Summary for maalis 2019

Name: OPEx   City: Karjalohja   State: Finland - Davis Vantage Pro2
Elevation: 54 m  Lat: N 60° 15' 27"   Lon: E 023° 44' 53"

                  Temperature (°C), Rain (mm), Wind Speed (m/s)

                                      Heat  Cool        Avg
    Mean                              Deg   Deg         Wind                 Dom
Day Temp  High   Time   Low    Time   Days  Days  Rain  Speed High   Time    Dir
----------------------------------------------------------------------------------
 1  -5,8  -3,3   00:00  -9,4   21:36  22,8   0,0   0,0   0,9   7,6   00:11   PLu
 2  -0,5   3,7   13:46  -7,2   00:00  17,5   0,0   0,2   0,5   7,2   13:24   LLo
 3  -4,8  -0,9   00:00  -8,0   08:12  21,8   0,0   0,0   1,3   6,7   18:39    Ko
 4  -3,7  -1,3   16:50  -7,7   05:33  20,7   0,0   0,0   1,3   5,8   22:59   IKo
 5  -4,5  -1,8   00:00 -10,1   23:50  21,5   0,0   0,0   2,2   8,5   03:50     P
 6  -8,1  -2,6   14:17 -17,7   07:36  25,1   0,0   0,0   0,3   6,3   14:03    Lo
 7   0,2   1,3   23:58  -2,6   00:00  16,5   0,0   2,6   0,7   4,9   13:11   IKa
 8   2,9   4,1   12:49   1,2   00:00  14,1   0,0   9,0   0,7   8,5   10:04     E
 9   0,2   2,3   00:00  -2,5   06:21  16,8   0,0   3,4   0,4   5,8   14:03   LLo
10  -2,0   1,0   00:00  -7,3   22:49  19,0   0,0   1,4   0,3   3,6   10:54    LU
11  -5,7  -2,6   15:30  -9,3   04:09  22,7   0,0   0,4   0,4   4,0   12:14    LU
12  -6,7  -1,7   15:15 -14,4   07:00  23,4   0,0   0,0   0,4   3,6   10:31    LU
13  -5,5  -0,1   12:24 -15,2   04:13  22,5   0,0   2,4   1,5   8,5   23:08     I
14   1,6   2,5   16:53  -0,3   00:00  13,4   0,0   4,2   1,3   6,3   10:40   IKa
15   2,1   3,2   12:02   1,7   00:16  14,9   0,0   1,2   0,4   4,5   16:00   IKa
16   2,0   2,6   13:58   1,3   05:52  15,0   0,0   4,2   0,8   5,8   00:18     I
17   1,6   3,6   22:42   0,8   07:10  15,4   0,0  12,4   1,0   8,0   15:00   IKa
18   2,8   3,6   00:57   1,7   22:11  14,2   0,0   7,0   0,7   6,7   20:45     E
19   1,7   3,3   13:22   0,6   22:38  15,3   0,0   3,0   0,4   4,0   16:44    LU
20   1,3   4,2   11:53  -1,0   06:17  15,7   0,0   1,2   0,3   6,7   13:14   ELo
21   2,7   7,3   12:36  -1,4   05:39  14,3   0,0   0,0   0,3   4,5   11:51   LLo
22   2,8   5,8   15:28   0,2   20:38  14,2   0,0   0,0   1,5   8,9   10:54   LLu
23   2,3   4,4   14:53  -0,3   23:51  14,7   0,0   2,2   0,6  13,4   07:13     E
24   2,3   5,9   16:27  -1,4   23:55  14,7   0,0   0,0   0,4   5,8   10:04   LLu
25   0,2   4,6   14:57  -3,0   04:35  16,8   0,0   0,4   0,6   7,2   18:32   LLu
26  -1,2   2,9   15:42  -6,3   23:37  18,2   0,0   0,2   0,7   5,8   12:32    LU
----------------------------------------------------------------------------------
    -0,8   7,3    21   -17,7     6   461,2   0,0  55,4   0,8  13,4    23      Ko

Max >=  25,0:  0
Max <=   0,0:  8
Min <=   0,0: 19
Min <= -10,0:  4
Max Rain: 12,4 on day 17
Days of Rain: 17 (>= 0,2 mm)  13 (>= 1,0 mm)  1 (>= 10,0 mm)
Heat Base: 17,0  Cool Base: 17,0  Method: Integration
 Vuosiraporttien keskiarvotiedot pohjautuvat Ilmatieteenlaitoksen säähavantoihin.
 Vertailutietona on käytetty Lohja Porla sääaseman tietoja. Lähde: Ilmatieteen laitos Ilmastollinen vertailukausi 1981-2010

Notice: Undefined variable: copyr in /home/u255099343/public_html/saa/noaa.php on line 492


Sivu päivitetty 27.3.2019 2:50:01
powered by Cumulus v1.9.4 (1091)