Warning: include(menu.php): failed to open stream: No such file or directory in /home/u255099343/public_html/saa/noaa.php on line 156

Warning: include(menu.php): failed to open stream: No such file or directory in /home/u255099343/public_html/saa/noaa.php on line 156

Warning: include(): Failed opening 'menu.php' for inclusion (include_path='.:/opt/alt/php54/usr/share/pear:/opt/alt/php54/usr/share/php') in /home/u255099343/public_html/saa/noaa.php on line 156

OPEx sääasema

 Leveysaste  N 60° 15' 27"    Pituusaste  E 23° 44' 53"    Korkeus merenpinnasta 54 m

NOAA-raportit


Notice: Undefined variable: advisory in /home/u255099343/public_html/saa/noaa.php on line 439
                   Monthly Climatological Summary for kesä 2019

Name: OPEx   City: Karjalohja   State: Finland - Davis Vantage Pro2
Elevation: 54 m  Lat: N 60° 15' 27"   Lon: E 023° 44' 53"

                  Temperature (°C), Rain (mm), Wind Speed (m/s)

                                      Heat  Cool        Avg
    Mean                              Deg   Deg         Wind                 Dom
Day Temp  High   Time   Low    Time   Days  Days  Rain  Speed High   Time    Dir
----------------------------------------------------------------------------------
 1  12,0  18,5   12:59   5,4   04:57   5,1   0,1   2,4   0,4   7,2   17:21   ELo
 2  12,3  17,0   16:45   7,1   23:58   4,7   0,0   0,6   0,2   4,9   01:37   LLo
 3  12,3  18,7   15:45   3,8   05:04   4,8   0,1   0,2   0,5   5,4   12:29   IKa
 4  17,1  22,2   16:05  11,8   00:00   1,3   1,4   1,6   0,3   5,4   12:38   ELo
 5  19,4  25,9   17:19  12,8   04:45   1,1   3,5   0,0   0,4   3,6   13:43     I
 6  21,9  29,3   15:17  12,6   05:07   0,9   5,8   0,0   0,5   4,0   18:35     I
 7  22,8  28,1   15:19  15,7   05:01   0,0   5,8   0,0   0,6   4,9   14:16   IKa
 8  21,9  27,8   14:19  15,1   03:57   0,2   5,0   0,0   0,5   4,0   14:24     I
 9  18,0  21,3   12:53  12,3   23:57   0,4   1,4   4,0   0,4   6,7   12:41     E
10  15,5  19,5   13:45  11,5   04:13   2,1   0,6   0,0   0,6   7,6   11:52   EKa
11  16,6  22,9   15:45   7,3   05:08   2,4   2,0   0,0   0,3   4,9   18:23     I
12  15,2  19,6   14:47  11,2   06:29   2,1   0,3   0,0   2,1   8,0   23:43   IKo
13  14,3  16,8   12:32  11,8   03:55   2,6   0,0   0,0   2,7  10,3   00:12   IKo
14  15,6  16,9   13:50  13,8   23:37   1,4   0,0   0,0   0,3   3,1   14:28     I
15  16,8  22,4   14:34  12,3   04:04   1,7   1,5   0,0   0,1   3,1   17:43   EKa
16  17,3  25,0   15:24   8,6   04:28   1,9   2,2   0,0   0,2   4,0   13:26     I
17  18,9  26,8   13:57  10,4   04:59   1,4   3,3   0,0   0,1   4,5   15:27     I
18  18,6  24,2   14:48  12,3   02:24   1,2   2,8   0,0   0,1   3,6   11:56    Ka
19  18,6  23,9   15:22  12,0   04:07   1,2   2,8   0,0   0,3   6,7   15:23   ELo
----------------------------------------------------------------------------------
    17,1  29,3     6     3,8     3    36,5  38,6   8,8   0,6  10,3    13       I

Max >=  25,0:  6
Max <=   0,0:  0
Min <=   0,0:  0
Min <= -10,0:  0
Max Rain: 4,0 on day 9
Days of Rain: 5 (>= 0,2 mm)  3 (>= 1,0 mm)  0 (>= 10,0 mm)
Heat Base: 17,0  Cool Base: 17,0  Method: Integration
 Vuosiraporttien keskiarvotiedot pohjautuvat Ilmatieteenlaitoksen säähavantoihin.
 Vertailutietona on käytetty Lohja Porla sääaseman tietoja. Lähde: Ilmatieteen laitos Ilmastollinen vertailukausi 1981-2010

Notice: Undefined variable: copyr in /home/u255099343/public_html/saa/noaa.php on line 492


Sivu päivitetty 20.6.2019 7:00:01
powered by Cumulus v1.9.4 (1091)