OPEx sääasema
Leveysaste N 60° 15' 27" Pituusaste E 23° 44' 53" Korkeus merenpinnasta 54 m
NOAA-raportit
Valitse raportti
Monthly Climatological Summary for kesä 2013 Name: OPEx Sääasema City: Karjalohja State: Finland - Davis Vantage Pro2 Elevation: 54 m Lat: N 60° 15' 45" Lon: E 023° 45' 29" Temperature (°C), Rain (mm), Wind Speed (m/s) Heat Cool Avg Mean Deg Deg Wind Dom Day Temp High Time Low Time Days Days Rain Speed High Time Dir ---------------------------------------------------------------------------------- 1 18,8 23,1 16:15 14,2 01:33 0,6 2,4 1,0 1,3 7,2 13:17 E 2 20,5 25,8 12:17 13,0 02:13 0,7 4,2 0,0 1,1 5,8 13:07 E 3 20,7 26,9 14:42 12,9 04:12 0,8 4,6 0,0 0,6 4,5 12:48 ESE 4 19,7 25,2 15:08 13,9 01:16 0,5 3,1 0,0 0,4 4,9 14:33 ENE 5 20,2 26,6 15:02 11,3 04:11 1,1 4,3 0,2 0,3 4,5 19:03 ENE 6 19,8 25,3 14:15 13,2 04:58 0,5 3,3 0,0 0,5 5,4 14:15 E 7 16,8 21,8 16:20 11,3 02:13 1,6 1,4 18,6 0,3 4,5 15:56 ESE 8 16,8 22,5 11:05 9,0 04:52 2,0 1,9 0,0 0,2 4,9 14:00 W 9 15,3 20,1 14:58 8,2 04:50 2,4 0,8 0,0 0,4 3,6 14:33 ESE 10 14,5 19,1 16:19 9,1 02:35 2,8 0,3 0,0 0,3 3,6 16:08 ESE 11 14,0 17,3 15:32 10,9 03:46 3,0 0,0 0,0 0,5 4,0 18:18 NW 12 13,7 17,3 14:21 9,4 01:09 3,2 0,0 5,4 0,4 4,0 16:12 ENE 13 14,9 20,0 15:17 9,8 02:57 2,5 0,4 10,0 0,9 6,3 23:21 SE 14 13,8 14,8 07:51 12,8 23:49 3,2 0,0 12,4 0,6 5,8 00:34 S 15 14,6 18,2 11:17 10,0 23:59 2,6 0,1 0,0 0,5 6,7 16:12 SSW 16 12,2 16,2 11:04 7,9 03:49 4,8 0,0 7,8 0,8 7,2 14:35 ESE 17 13,1 17,1 13:50 8,9 03:55 3,9 0,0 0,4 0,3 4,0 11:42 W 18 15,4 21,2 16:04 9,4 04:04 2,5 0,9 0,0 0,2 3,1 16:47 NW 19 14,5 19,6 16:38 7,4 04:12 2,9 0,4 0,0 0,5 4,0 11:42 NE 20 13,9 18,4 17:20 6,2 04:48 3,3 0,3 1,0 0,6 5,4 15:21 ESE 21 17,7 23,4 16:14 8,9 04:37 1,7 2,5 0,0 1,2 5,8 18:21 E 22 19,3 22,9 14:03 15,2 23:59 0,1 2,4 1,8 1,1 6,3 03:12 ESE 23 18,2 22,4 16:40 14,5 02:52 0,7 1,9 0,0 0,4 4,9 13:22 SE 24 18,7 24,6 16:45 11,6 04:15 1,3 3,0 0,0 0,6 5,4 18:24 E 25 20,6 24,3 11:55 17,5 01:31 0,0 3,6 7,4 0,2 3,1 11:13 ESE 26 23,2 28,1 12:15 16,7 03:45 0,0 6,2 0,0 1,1 6,3 12:04 E 27 21,1 25,2 15:02 14,6 23:58 0,1 4,2 0,0 0,4 4,9 16:59 E 28 17,4 20,7 16:45 13,4 23:56 0,8 1,2 0,0 0,3 4,5 13:40 S 29 15,9 19,7 16:10 12,1 01:18 1,6 0,6 0,0 0,1 3,1 10:52 NNE 30 18,1 22,5 15:21 14,0 05:36 0,9 2,0 0,0 0,1 2,2 14:25 S ---------------------------------------------------------------------------------- 17,1 28,1 26 6,2 20 52,1 56,0 66,0 0,5 7,2 1 E Max >= 25,0: 7 Max <= 0,0: 0 Min <= 0,0: 0 Min <= -10,0: 0 Max Rain: 18,6 on day 7 Days of Rain: 11 (>= 0,1 mm) 9 (>= 1,0 mm) 3 (>= 10,0 mm) Heat Base: 17,0 Cool Base: 17,0 Method: Integration
Vuosiraporttien keskiarvotiedot pohjautuvat Ilmatieteenlaitoksen säähavantoihin.
Vertailutietona on käytetty Lohja Porla sääaseman tietoja. Lähde: Ilmatieteen laitos Ilmastollinen vertailukausi 1981-2010
Vertailutietona on käytetty Lohja Porla sääaseman tietoja. Lähde: Ilmatieteen laitos Ilmastollinen vertailukausi 1981-2010
Sivu päivitetty 25.10.2023 19:15:01
powered by
Cumulus
v1.9.4 (1091)