OPEx sääasema
Leveysaste N 60° 15' 27" Pituusaste E 23° 44' 53" Korkeus merenpinnasta 54 m
NOAA-raportit
Valitse raportti
Monthly Climatological Summary for elo 2013 Name: OPEx Sääasema City: Karjalohja State: Finland - Davis Vantage Pro2 Elevation: 54 m Lat: N 60° 15' 45" Lon: E 023° 45' 29" Temperature (°C), Rain (mm), Wind Speed (m/s) Heat Cool Avg Mean Deg Deg Wind Dom Day Temp High Time Low Time Days Days Rain Speed High Time Dir ---------------------------------------------------------------------------------- 1 16,6 22,3 16:03 12,1 00:44 1,2 0,8 9,2 0,1 3,6 17:46 NE 2 18,1 23,6 14:02 12,6 00:00 1,1 2,2 0,0 0,4 4,9 13:13 NNW 3 19,9 26,8 15:25 12,5 05:01 1,0 3,9 0,0 0,1 2,7 10:13 N 4 19,5 26,9 14:52 11,1 05:34 1,1 3,6 0,0 0,1 3,1 09:54 ENE 5 19,7 26,1 16:43 12,1 23:51 0,6 3,3 1,6 0,1 2,2 13:59 NW 6 18,4 26,1 15:00 9,8 05:21 2,2 3,6 0,0 0,1 3,6 13:55 ESE 7 18,7 28,1 14:11 9,5 03:20 1,7 3,4 14,0 0,5 6,3 14:09 ESE 8 21,5 26,7 16:32 18,1 02:11 0,0 4,5 3,8 0,1 2,7 06:50 E 9 19,1 23,8 15:52 16,3 23:08 0,0 2,1 3,0 0,3 4,5 16:49 S 10 18,3 21,9 15:55 13,8 23:50 0,3 1,6 0,0 0,1 2,7 05:24 ENE 11 16,3 23,1 13:43 11,8 23:55 2,0 1,3 1,0 0,0 1,8 09:30 SSW 12 14,7 19,9 17:08 9,7 04:52 2,7 0,4 3,4 0,3 8,5 16:14 S 13 15,5 20,6 14:18 11,7 05:18 2,2 0,7 9,4 0,3 4,5 12:07 SSE 14 13,3 14,4 19:27 12,7 00:08 3,7 0,0 37,6 0,1 3,1 16:12 NNE 15 16,4 21,1 13:26 12,6 23:57 1,6 1,0 1,4 0,2 2,7 15:59 WNW 16 16,5 22,4 15:04 9,8 05:40 2,1 1,6 0,0 0,1 5,8 12:20 E 17 15,9 18,8 11:11 9,9 01:34 1,5 0,3 1,4 0,5 5,4 09:18 S 18 18,3 22,0 17:14 15,1 04:05 0,4 1,7 0,0 0,4 5,8 15:43 SSE 19 17,8 20,8 14:45 13,5 23:48 0,4 1,2 3,4 0,3 6,7 13:40 SSE 20 16,3 22,0 15:02 11,4 23:59 2,0 1,3 0,0 0,1 3,6 15:03 S 21 16,1 22,6 13:02 8,8 06:25 2,4 1,6 0,0 0,1 3,6 13:57 S 22 15,3 19,9 17:17 12,0 23:58 2,1 0,4 0,8 0,1 4,5 17:19 NNW 23 13,4 19,8 15:33 6,3 06:35 3,9 0,4 0,0 0,3 5,4 16:09 N 24 12,7 19,9 15:20 5,2 04:10 4,8 0,6 0,0 0,3 4,0 16:05 NE 25 14,0 22,3 15:43 5,5 06:00 4,3 1,3 0,0 0,2 3,6 12:54 NE 26 14,6 23,2 15:20 5,7 05:24 4,1 1,7 0,0 0,1 2,7 11:19 NNE 27 14,4 23,1 14:18 5,0 06:40 4,3 1,7 0,0 0,0 3,1 15:56 SSW 28 14,9 23,1 14:13 5,6 05:53 3,7 1,7 0,0 0,1 4,9 15:35 SSW 29 13,7 19,7 12:45 7,3 06:29 3,7 0,5 0,0 0,1 3,1 12:47 N 30 14,2 19,2 15:25 9,9 23:38 3,1 0,3 0,0 0,8 5,4 13:38 ENE 31 14,7 19,7 14:45 8,8 01:20 2,8 0,5 0,0 1,0 6,3 13:10 E ---------------------------------------------------------------------------------- 16,4 28,1 7 5,0 27 67,0 49,2 90,0 0,2 8,5 12 E Max >= 25,0: 6 Max <= 0,0: 0 Min <= 0,0: 0 Min <= -10,0: 0 Max Rain: 37,6 on day 14 Days of Rain: 13 (>= 0,1 mm) 12 (>= 1,0 mm) 2 (>= 10,0 mm) Heat Base: 17,0 Cool Base: 17,0 Method: Integration
Vuosiraporttien keskiarvotiedot pohjautuvat Ilmatieteenlaitoksen säähavantoihin.
Vertailutietona on käytetty Lohja Porla sääaseman tietoja. Lähde: Ilmatieteen laitos Ilmastollinen vertailukausi 1981-2010
Vertailutietona on käytetty Lohja Porla sääaseman tietoja. Lähde: Ilmatieteen laitos Ilmastollinen vertailukausi 1981-2010
Sivu päivitetty 25.10.2023 19:15:01
powered by
Cumulus
v1.9.4 (1091)