OPEx sääasema
Leveysaste N 60° 15' 27" Pituusaste E 23° 44' 53" Korkeus merenpinnasta 54 m
NOAA-raportit
Valitse raportti
Monthly Climatological Summary for tammi 2014 Name: OPEx Sääasema City: Karjalohja State: Finland - Davis Vantage Pro2 Elevation: 54 m Lat: N 60° 15' 45" Lon: E 023° 45' 29" Temperature (°C), Rain (mm), Wind Speed (m/s) Heat Cool Avg Mean Deg Deg Wind Dom Day Temp High Time Low Time Days Days Rain Speed High Time Dir ---------------------------------------------------------------------------------- 1 3,6 5,3 01:57 1,2 22:35 13,4 0,0 0,2 0,7 7,6 01:12 S 2 1,1 1,7 01:28 0,4 07:56 15,9 0,0 0,2 1,7 6,3 16:22 ESE 3 1,6 2,0 22:37 1,3 00:00 15,3 0,0 0,0 1,9 5,8 09:32 ESE 4 2,0 4,4 23:47 1,2 19:22 15,0 0,0 4,2 1,7 7,6 10:53 ESE 5 4,1 4,8 12:45 2,3 23:24 12,9 0,0 0,2 0,3 4,9 23:52 ESE 6 2,3 3,8 23:21 1,4 05:46 14,7 0,0 0,4 2,2 7,2 07:33 ESE 7 3,7 4,3 11:16 3,2 03:06 13,2 0,0 9,2 0,6 5,8 02:41 SE 8 5,3 6,1 12:17 3,9 00:00 11,7 0,0 2,2 0,3 3,6 13:20 S 9 4,4 5,3 00:59 3,6 17:29 12,6 0,0 2,2 0,2 3,1 23:13 ESE 10 1,9 3,9 00:00 -0,8 23:48 15,1 0,0 5,8 2,4 7,2 08:32 NNE 11 -2,3 -0,8 00:00 -3,5 23:45 19,3 0,0 0,6 1,1 6,3 00:36 N 12 -6,6 -3,4 00:00 -8,5 17:45 23,6 0,0 0,0 1,7 5,4 05:51 N 13 -11,3 -8,1 00:00 -14,8 23:39 28,3 0,0 0,0 0,9 6,3 03:45 NNW 14 -14,7 -12,6 14:27 -16,2 02:19 31,7 0,0 0,0 0,1 1,8 12:10 N 15 -12,5 -9,3 18:00 -15,7 06:07 29,5 0,0 0,0 0,6 4,0 18:52 NE 16 -11,8 -9,0 01:30 -14,8 23:51 28,8 0,0 0,0 0,7 4,5 01:04 NNE 17 -14,1 -11,6 13:28 -15,7 01:56 31,1 0,0 0,0 0,5 3,6 19:17 NNE 18 -12,9 -10,6 08:29 -16,9 23:45 29,9 0,0 0,4 0,5 3,1 00:45 NNE 19 -14,0 -9,7 14:15 -17,6 02:46 30,5 0,0 0,0 0,2 2,2 07:03 NE 20 -12,2 -8,9 19:51 -17,1 08:31 29,2 0,0 0,0 0,4 3,1 17:48 NE 21 -11,8 -8,8 03:50 -17,3 23:44 28,8 0,0 0,0 0,3 2,2 00:55 NE 22 -15,1 -11,9 13:47 -18,8 02:37 32,1 0,0 0,0 0,6 4,0 18:14 NNE 23 -13,8 -11,3 14:25 -18,8 23:52 30,8 0,0 0,2 0,4 2,2 02:20 NNE 24 -17,5 -13,8 15:11 -20,0 07:35 33,4 0,0 0,0 0,0 1,3 06:04 N 25 -7,9 -4,1 14:16 -15,7 00:00 24,9 0,0 0,0 0,1 3,1 20:10 S 26 -6,8 -5,6 13:01 -8,8 18:12 23,8 0,0 0,0 0,8 5,8 23:43 ESE 27 -7,1 -5,9 03:47 -8,2 12:11 24,1 0,0 0,0 3,6 9,8 18:06 E 28 -6,8 -6,0 01:54 -8,7 23:38 23,8 0,0 0,0 4,3 12,5 06:59 E 29 -8,7 -7,2 11:48 -10,3 23:58 25,7 0,0 0,0 3,4 9,8 14:06 E 30 -10,5 -8,8 13:00 -11,9 23:58 27,5 0,0 0,0 2,7 8,5 01:35 ESE 31 -9,7 -7,3 19:18 -12,1 01:57 26,3 0,0 0,8 2,8 8,0 09:32 ESE ---------------------------------------------------------------------------------- -6,4 6,1 8 -20,0 24 722,9 0,0 26,6 1,2 12,5 28 E Max >= 25,0: 0 Max <= 0,0: 21 Min <= 0,0: 22 Min <= -10,0: 16 Max Rain: 9,2 on day 7 Days of Rain: 13 (>= 0,1 mm) 5 (>= 1,0 mm) 0 (>= 10,0 mm) Heat Base: 17,0 Cool Base: 17,0 Method: Integration
Vuosiraporttien keskiarvotiedot pohjautuvat Ilmatieteenlaitoksen säähavantoihin.
Vertailutietona on käytetty Lohja Porla sääaseman tietoja. Lähde: Ilmatieteen laitos Ilmastollinen vertailukausi 1981-2010
Vertailutietona on käytetty Lohja Porla sääaseman tietoja. Lähde: Ilmatieteen laitos Ilmastollinen vertailukausi 1981-2010
Sivu päivitetty 25.10.2023 19:15:01
powered by
Cumulus
v1.9.4 (1091)