OPEx sääasema
Leveysaste N 60° 15' 27" Pituusaste E 23° 44' 53" Korkeus merenpinnasta 54 m
NOAA-raportit
Valitse raportti
Monthly Climatological Summary for heinä 2014 Name: OPEx Sääasema City: Karjalohja State: Finland - Davis Vantage Pro2 Elevation: 54 m Lat: N 60° 15' 45" Lon: E 023° 45' 29" Temperature (°C), Rain (mm), Wind Speed (m/s) Heat Cool Avg Mean Deg Deg Wind Dom Day Temp High Time Low Time Days Days Rain Speed High Time Dir ---------------------------------------------------------------------------------- 1 12,7 14,5 16:38 9,7 05:11 4,0 0,0 0,0 0,2 3,1 13:04 NNE 2 14,1 18,3 13:37 10,2 04:57 2,8 0,1 0,6 0,1 3,1 12:18 NW 3 15,9 21,7 13:39 10,5 00:32 2,2 1,1 0,4 0,7 10,3 15:10 SSW 4 16,9 22,2 15:17 12,1 23:49 1,4 1,3 0,6 0,2 3,1 00:51 SW 5 15,7 22,7 15:11 7,8 04:39 2,8 1,5 0,0 0,4 3,1 10:52 E 6 18,3 24,2 15:02 9,2 04:37 1,7 2,9 0,0 1,4 6,3 12:57 E 7 19,9 26,7 14:27 10,7 03:46 1,2 4,2 0,0 1,2 5,8 18:03 E 8 21,0 27,2 13:38 13,2 04:44 0,6 4,6 0,0 1,0 5,4 12:13 E 9 20,7 27,8 13:34 11,4 04:14 1,1 4,7 0,0 0,3 4,0 12:11 ENE 10 17,8 21,1 13:52 13,0 23:57 0,5 1,3 0,0 1,6 6,3 04:54 E 11 15,9 21,4 14:50 8,0 04:14 2,3 1,2 0,0 1,3 6,3 14:35 E 12 16,5 22,3 13:33 8,1 05:19 2,2 1,8 0,0 1,5 7,6 14:20 ENE 13 20,8 25,8 12:09 15,7 01:03 0,1 3,9 0,0 1,9 8,0 15:30 ENE 14 19,0 22,8 16:09 14,7 23:16 0,1 2,1 0,8 0,3 4,5 17:24 SE 15 17,7 20,6 10:40 14,6 23:00 0,5 1,1 1,0 0,7 5,4 11:30 SE 16 16,6 19,6 16:40 13,7 23:51 0,7 0,3 8,6 0,4 5,4 16:37 S 17 18,2 24,4 14:52 12,6 02:30 1,3 2,4 0,0 0,3 3,6 16:05 E 18 20,0 25,3 13:11 14,2 00:02 0,5 3,4 0,0 0,2 3,1 12:27 E 19 18,7 24,2 14:05 10,8 03:58 1,5 3,2 0,0 0,2 4,5 14:29 ESE 20 18,3 25,2 12:58 12,7 04:18 0,8 2,1 4,0 0,3 7,6 13:20 ENE 21 19,9 26,4 13:13 13,2 04:56 0,7 3,6 0,0 0,4 4,5 12:17 E 22 20,4 27,3 14:53 11,3 05:04 1,2 4,5 0,0 0,5 4,5 12:45 ENE 23 22,6 29,7 15:09 15,2 02:54 0,3 5,9 0,0 0,2 4,0 15:13 N 24 22,0 30,8 15:00 15,2 05:19 0,2 5,0 2,4 0,3 6,7 17:37 E 25 22,3 29,6 15:07 14,1 05:21 0,5 5,7 0,0 0,4 4,0 13:54 E 26 22,4 30,2 14:17 13,8 05:04 0,5 5,7 0,0 0,2 4,0 18:06 SE 27 22,3 30,1 13:46 13,1 04:42 0,8 6,1 0,0 0,4 5,8 13:16 SE 28 22,8 29,8 13:55 15,3 04:45 0,2 6,1 0,0 0,2 4,5 11:53 ESE 29 22,2 29,5 14:43 14,9 05:49 0,2 5,5 0,0 0,2 4,9 13:47 NNE 30 21,5 27,8 13:55 14,8 04:31 0,4 5,0 0,0 0,7 6,7 17:35 E 31 21,7 28,1 12:11 16,6 23:51 0,0 4,5 0,4 0,5 6,7 11:16 SSE ---------------------------------------------------------------------------------- 19,2 30,8 24 7,8 5 33,3 100,8 18,8 0,6 10,3 3 E Max >= 25,0: 17 Max <= 0,0: 0 Min <= 0,0: 0 Min <= -10,0: 0 Max Rain: 8,6 on day 16 Days of Rain: 9 (>= 0,1 mm) 4 (>= 1,0 mm) 0 (>= 10,0 mm) Heat Base: 17,0 Cool Base: 17,0 Method: Integration
Vuosiraporttien keskiarvotiedot pohjautuvat Ilmatieteenlaitoksen säähavantoihin.
Vertailutietona on käytetty Lohja Porla sääaseman tietoja. Lähde: Ilmatieteen laitos Ilmastollinen vertailukausi 1981-2010
Vertailutietona on käytetty Lohja Porla sääaseman tietoja. Lähde: Ilmatieteen laitos Ilmastollinen vertailukausi 1981-2010
Sivu päivitetty 25.10.2023 19:15:01
powered by
Cumulus
v1.9.4 (1091)