OPEx sääasema
Leveysaste N 60° 15' 27" Pituusaste E 23° 44' 53" Korkeus merenpinnasta 54 m
NOAA-raportit
Valitse raportti
Monthly Climatological Summary for loka 2014 Name: OPEx City: Karjalohja State: Finland - Davis Vantage Pro2 Elevation: 54 m Lat: N 60° 15' 27" Lon: E 023° 44' 53" Temperature (°C), Rain (mm), Wind Speed (m/s) Heat Cool Avg Mean Deg Deg Wind Dom Day Temp High Time Low Time Days Days Rain Speed High Time Dir ---------------------------------------------------------------------------------- 1 3,9 10,8 16:07 -1,7 07:25 13,1 0,0 0,0 0,1 2,7 14:04 I 2 6,3 12,8 15:02 -0,7 07:54 10,7 0,0 0,0 0,2 4,5 12:40 ELo 3 11,2 13,8 15:40 9,1 02:26 5,8 0,0 0,2 0,0 2,2 13:04 IKa 4 12,7 17,1 14:40 10,3 23:12 4,3 0,0 1,8 0,5 5,4 20:52 I 5 8,3 10,4 00:01 6,1 21:19 8,7 0,0 0,4 2,1 7,6 19:45 IKo 6 7,0 8,1 14:35 6,1 03:25 10,0 0,0 0,0 2,5 7,6 02:03 I 7 8,5 10,4 14:43 6,8 01:38 8,5 0,0 0,0 3,2 10,7 12:53 I 8 8,5 10,6 21:04 6,7 11:10 8,5 0,0 5,0 1,9 8,5 10:33 IKa 9 10,7 12,4 12:46 9,7 06:23 6,3 0,0 1,4 1,0 6,3 15:43 IKa 10 12,4 13,2 14:01 10,5 23:48 4,6 0,0 2,8 0,2 4,0 02:26 ELo 11 9,9 12,7 13:23 3,3 23:53 7,1 0,0 0,2 0,1 3,6 15:56 EKa 12 8,4 10,1 13:49 3,3 00:24 8,6 0,0 0,0 0,8 4,0 18:14 IKo 13 8,3 9,3 16:58 7,2 04:14 8,4 0,0 0,8 1,0 4,0 11:23 IKo 14 8,9 10,4 14:01 8,1 20:36 7,8 0,0 0,2 1,1 5,8 20:10 Ko 15 4,6 8,2 00:00 2,9 22:40 12,4 0,0 0,0 2,1 8,9 20:24 Ko 16 2,5 5,0 13:31 0,4 08:21 14,5 0,0 0,0 2,4 8,0 12:24 Ko 17 -0,1 3,6 14:13 -3,1 07:37 16,6 0,0 0,0 0,5 4,5 13:12 Ko 18 0,8 4,1 23:56 -3,8 08:26 15,6 0,0 0,0 0,0 2,2 13:58 EKa 19 7,6 11,1 18:26 4,1 00:00 9,1 0,0 12,8 0,6 7,6 06:35 EKa 20 7,5 11,0 00:01 4,3 19:59 9,2 0,0 0,6 0,6 4,9 23:26 PKo 21 1,6 4,8 00:00 -0,3 23:29 15,4 0,0 0,0 2,3 8,0 22:43 Ko 22 -1,2 0,2 14:24 -3,4 23:27 18,2 0,0 0,2 3,6 9,4 04:42 Ko 23 -1,8 0,2 12:45 -4,1 00:54 18,8 0,0 0,0 2,8 9,8 15:22 I 24 0,5 2,8 22:46 -1,6 00:00 16,5 0,0 0,0 1,8 8,0 02:33 Ka 25 4,5 5,8 22:03 2,7 00:00 12,5 0,0 0,0 1,3 9,4 18:51 E 26 7,4 11,0 22:57 4,5 03:21 10,0 0,0 0,6 1,1 9,8 21:07 E 27 11,3 11,7 08:10 10,8 00:14 5,7 0,0 1,0 1,3 10,3 08:18 E 28 11,7 12,3 11:31 10,6 22:55 5,3 0,0 0,2 1,2 8,9 21:17 E 29 9,0 11,2 11:59 4,4 23:56 8,6 0,0 1,0 1,5 12,1 14:10 ELo 30 3,1 6,6 13:19 -0,8 08:17 15,0 0,0 0,0 ---- 2,2 13:45 LU 31 3,5 6,4 12:37 0,5 04:55 13,5 0,0 0,2 ---- 4,0 12:34 LU ---------------------------------------------------------------------------------- 6,4 17,1 4 -4,1 23 329,3 0,0 29,4 1,3 12,1 29 I Max >= 25,0: 0 Max <= 0,0: 0 Min <= 0,0: 9 Min <= -10,0: 0 Max Rain: 12,8 on day 19 Days of Rain: 17 (>= 0,2 mm) 7 (>= 1,0 mm) 1 (>= 10,0 mm) Heat Base: 17,0 Cool Base: 17,0 Method: Integration
Vuosiraporttien keskiarvotiedot pohjautuvat Ilmatieteenlaitoksen säähavantoihin.
Vertailutietona on käytetty Lohja Porla sääaseman tietoja. Lähde: Ilmatieteen laitos Ilmastollinen vertailukausi 1981-2010
Vertailutietona on käytetty Lohja Porla sääaseman tietoja. Lähde: Ilmatieteen laitos Ilmastollinen vertailukausi 1981-2010
Sivu päivitetty 25.10.2023 19:15:01
powered by
Cumulus
v1.9.4 (1091)