OPEx sääasema
Leveysaste N 60° 15' 27" Pituusaste E 23° 44' 53" Korkeus merenpinnasta 54 m
NOAA-raportit
Valitse raportti
Monthly Climatological Summary for heinä 2015 Name: OPEx City: Karjalohja State: Finland - Davis Vantage Pro2 Elevation: 54 m Lat: N 60° 15' 27" Lon: E 023° 44' 53" Temperature (°C), Rain (mm), Wind Speed (m/s) Heat Cool Avg Mean Deg Deg Wind Dom Day Temp High Time Low Time Days Days Rain Speed High Time Dir ---------------------------------------------------------------------------------- 1 16,8 21,9 15:27 11,6 04:19 1,8 1,6 0,0 0,4 6,3 12:18 LU 2 18,4 26,1 15:25 8,6 04:38 2,1 3,5 0,0 0,2 4,5 17:37 EKa 3 21,7 28,6 14:12 15,1 04:50 0,3 5,0 0,0 0,4 5,8 18:17 I 4 21,2 27,8 13:39 14,8 03:08 0,4 4,6 0,0 0,2 3,1 03:07 LU 5 18,5 23,9 13:39 11,8 04:38 1,0 2,5 0,0 0,2 3,6 19:32 P 6 15,6 19,8 13:28 12,7 23:59 1,7 0,3 0,6 2,2 8,0 17:57 I 7 14,8 17,1 11:26 12,4 00:38 2,2 0,0 16,2 0,7 5,8 01:46 IKa 8 15,2 17,8 11:25 12,8 02:40 1,9 0,1 2,8 0,3 4,0 18:39 IKa 9 16,3 20,2 15:13 12,9 23:57 1,3 0,6 0,4 0,6 6,3 20:33 ELo 10 13,8 16,8 16:21 11,7 04:46 3,1 0,0 4,4 0,6 5,8 09:46 IKo 11 15,2 21,5 13:07 10,8 03:33 2,2 0,4 2,0 0,2 4,0 09:49 P 12 13,1 16,6 14:54 9,9 04:43 3,9 0,0 2,0 0,2 4,5 15:51 PKo 13 13,5 18,0 15:42 8,5 05:46 3,5 0,0 0,4 0,0 2,2 11:00 PKo 14 14,3 18,4 15:22 10,6 00:52 2,8 0,1 0,8 0,4 4,0 12:19 I 15 16,2 21,7 14:21 9,4 04:19 2,2 1,5 0,0 0,1 2,7 12:39 LU 16 15,0 20,2 12:55 10,9 04:04 2,3 0,3 18,0 0,2 4,9 13:51 IKo 17 14,6 19,0 15:44 12,3 05:39 2,4 0,0 2,0 0,1 2,7 10:55 I 18 15,4 20,5 12:41 12,3 05:38 2,8 0,7 4,4 0,5 4,5 12:21 EKa 19 15,2 18,5 14:36 12,0 23:59 1,9 0,1 0,6 0,3 5,4 13:57 E 20 14,5 20,0 16:05 8,5 04:24 2,8 0,3 3,0 0,1 2,2 10:06 I 21 16,3 22,1 13:59 10,1 04:47 2,1 1,3 0,4 0,1 8,0 14:42 E 22 14,9 17,8 16:18 12,9 03:11 2,1 0,1 18,0 0,4 5,4 00:17 IKo 23 15,4 19,4 13:52 10,8 02:51 2,0 0,4 0,4 0,2 4,5 14:55 E 24 15,4 19,2 13:13 12,2 05:08 1,8 0,2 0,0 0,2 6,3 07:32 Ko 25 16,3 21,3 14:45 10,9 04:26 1,9 1,1 0,0 0,2 4,0 10:38 Ka 26 16,0 18,9 16:53 14,2 01:12 1,2 0,2 3,6 1,6 7,6 09:44 I 27 14,9 18,0 11:53 10,7 23:54 2,1 0,0 3,2 0,5 7,2 11:55 ELo 28 14,2 20,2 14:15 6,5 04:40 3,5 0,7 0,0 0,3 3,6 09:43 I 29 15,4 21,7 14:32 8,8 05:38 2,7 1,1 0,0 0,3 3,6 13:48 I 30 15,1 18,2 15:59 13,3 23:20 1,9 0,1 9,4 0,3 6,3 09:14 EKa 31 14,0 17,2 14:40 10,0 23:57 3,0 0,0 1,6 0,1 2,2 18:41 LU ---------------------------------------------------------------------------------- 15,7 28,6 3 6,5 28 66,9 26,8 94,2 0,4 8,0 6 I Max >= 25,0: 3 Max <= 0,0: 0 Min <= 0,0: 0 Min <= -10,0: 0 Max Rain: 18,0 on day 16 Days of Rain: 21 (>= 0,2 mm) 14 (>= 1,0 mm) 3 (>= 10,0 mm) Heat Base: 17,0 Cool Base: 17,0 Method: Integration
Vuosiraporttien keskiarvotiedot pohjautuvat Ilmatieteenlaitoksen säähavantoihin.
Vertailutietona on käytetty Lohja Porla sääaseman tietoja. Lähde: Ilmatieteen laitos Ilmastollinen vertailukausi 1981-2010
Vertailutietona on käytetty Lohja Porla sääaseman tietoja. Lähde: Ilmatieteen laitos Ilmastollinen vertailukausi 1981-2010
Sivu päivitetty 25.10.2023 19:15:01
powered by
Cumulus
v1.9.4 (1091)