OPEx sääasema
Leveysaste N 60° 15' 27" Pituusaste E 23° 44' 53" Korkeus merenpinnasta 54 m
NOAA-raportit
Valitse raportti
Monthly Climatological Summary for loka 2015 Name: OPEx City: Karjalohja State: Finland - Davis Vantage Pro2 Elevation: 54 m Lat: N 60° 15' 27" Lon: E 023° 44' 53" Temperature (°C), Rain (mm), Wind Speed (m/s) Heat Cool Avg Mean Deg Deg Wind Dom Day Temp High Time Low Time Days Days Rain Speed High Time Dir ---------------------------------------------------------------------------------- 1 11,8 16,2 14:08 5,8 00:18 5,2 0,0 0,2 0,1 4,9 15:46 IKo 2 13,0 16,0 14:34 10,8 07:40 4,0 0,0 0,0 0,3 4,0 12:25 LLu 3 9,2 13,0 13:06 2,7 23:54 7,8 0,0 0,0 0,2 3,1 00:10 LLu 4 9,1 14,9 13:50 2,3 03:03 7,9 0,0 0,0 0,1 4,0 14:55 E 5 5,8 9,2 15:22 0,2 22:46 11,2 0,0 0,2 0,3 4,5 15:59 P 6 1,6 6,6 15:00 -2,4 23:56 15,4 0,0 0,0 0,5 6,3 10:28 Ko 7 0,1 6,9 14:18 -5,1 06:40 16,9 0,0 0,2 0,2 4,5 13:32 PKo 8 -0,4 5,2 14:15 -4,9 07:12 17,4 0,0 0,0 0,3 5,4 12:21 Ko 9 -0,4 5,4 15:04 -5,1 06:07 17,4 0,0 0,0 0,4 6,7 13:27 PKo 10 2,0 6,2 15:09 -2,0 23:42 15,0 0,0 0,0 0,3 5,4 12:38 PLu 11 0,6 7,9 15:17 -5,2 07:45 16,4 0,0 0,2 0,1 4,0 14:44 P 12 2,6 10,8 14:38 -2,9 04:38 14,4 0,0 0,0 0,1 2,7 14:25 LU 13 3,1 9,8 13:54 -2,1 05:52 13,9 0,0 0,0 0,0 1,8 13:37 LLo 14 4,5 11,5 14:19 -0,5 01:15 12,5 0,0 0,0 0,0 1,8 14:13 LLo 15 5,0 10,6 15:38 -0,7 01:11 11,9 0,0 0,0 0,0 3,1 15:30 L 16 3,3 10,1 12:28 -1,4 04:09 13,7 0,0 0,0 0,1 3,6 12:06 ELo 17 2,2 8,5 14:10 -2,7 06:35 14,8 0,0 0,2 0,0 1,8 16:20 --- 18 5,9 9,9 14:14 3,7 22:43 11,1 0,0 0,0 0,0 2,2 14:10 P 19 4,9 9,4 16:06 -0,3 07:54 12,1 0,0 0,2 0,4 3,6 16:03 I 20 4,7 6,8 01:19 1,2 20:11 7,4 0,0 0,0 0,5 5,4 10:26 I 21 6,9 9,1 14:46 1,1 01:36 10,1 0,0 0,4 0,4 4,9 15:07 EKa 22 9,4 10,2 20:51 8,1 02:21 7,6 0,0 10,4 1,2 9,8 22:09 ELo 23 10,2 11,2 11:47 9,3 05:55 6,8 0,0 11,4 0,4 7,2 00:04 L 24 6,0 9,4 00:00 2,1 21:38 11,0 0,0 0,2 0,1 3,1 00:00 LU 25 8,9 10,9 11:38 6,8 00:00 8,4 0,0 4,2 0,3 4,9 13:41 E 26 5,8 8,3 13:28 0,9 22:22 11,2 0,0 0,0 0,7 4,9 11:09 LLu 27 4,1 8,6 10:22 -0,6 23:52 12,9 0,0 0,2 0,8 7,6 12:36 LU 28 -1,7 2,8 13:23 -5,2 05:57 18,7 0,0 0,0 0,0 2,2 00:02 LU 29 2,3 7,8 14:32 -4,1 00:33 14,7 0,0 0,2 0,0 3,1 13:04 ELo 30 3,5 6,1 13:54 0,3 09:07 13,5 0,0 0,0 0,4 3,6 14:03 IKo 31 6,7 9,8 14:04 2,6 02:21 10,3 0,0 0,0 0,4 9,8 23:39 E ---------------------------------------------------------------------------------- 4,9 16,2 1 -5,2 11 371,6 0,0 28,2 0,3 9,8 22 PLu Max >= 25,0: 0 Max <= 0,0: 0 Min <= 0,0: 16 Min <= -10,0: 0 Max Rain: 11,4 on day 23 Days of Rain: 13 (>= 0,2 mm) 3 (>= 1,0 mm) 2 (>= 10,0 mm) Heat Base: 17,0 Cool Base: 17,0 Method: Integration
Vuosiraporttien keskiarvotiedot pohjautuvat Ilmatieteenlaitoksen säähavantoihin.
Vertailutietona on käytetty Lohja Porla sääaseman tietoja. Lähde: Ilmatieteen laitos Ilmastollinen vertailukausi 1981-2010
Vertailutietona on käytetty Lohja Porla sääaseman tietoja. Lähde: Ilmatieteen laitos Ilmastollinen vertailukausi 1981-2010
Sivu päivitetty 25.10.2023 19:15:01
powered by
Cumulus
v1.9.4 (1091)