OPEx sääasema
Leveysaste N 60° 15' 27" Pituusaste E 23° 44' 53" Korkeus merenpinnasta 54 m
NOAA-raportit
Valitse raportti
Monthly Climatological Summary for maalis 2016 Name: OPEx City: Karjalohja State: Finland - Davis Vantage Pro2 Elevation: 54 m Lat: N 60° 15' 27" Lon: E 023° 44' 53" Temperature (°C), Rain (mm), Wind Speed (m/s) Heat Cool Avg Mean Deg Deg Wind Dom Day Temp High Time Low Time Days Days Rain Speed High Time Dir ---------------------------------------------------------------------------------- 1 -4,1 0,8 11:59 -9,0 06:48 21,1 0,0 0,0 0,5 4,0 12:03 IKa 2 -4,4 -1,7 15:32 -6,8 06:02 21,4 0,0 0,0 1,7 6,3 14:23 IKo 3 -2,2 -0,8 15:57 -3,5 01:19 19,2 0,0 0,0 1,6 6,3 17:27 I 4 -0,6 1,3 15:02 -4,0 04:00 17,6 0,0 0,0 1,6 6,3 11:11 I 5 0,5 1,2 11:59 0,1 07:51 16,5 0,0 0,0 1,0 3,6 01:12 IKo 6 0,8 1,7 11:33 0,1 00:02 16,2 0,0 0,0 1,3 5,8 21:41 IKo 7 1,4 2,9 16:54 0,3 01:12 15,6 0,0 1,8 1,5 6,7 04:36 I 8 1,6 2,6 13:12 0,2 06:38 15,4 0,0 0,0 0,5 3,6 09:20 I 9 1,3 3,4 14:03 0,1 08:44 14,9 0,0 0,0 0,1 4,5 13:57 E 10 1,0 2,3 15:28 -0,3 23:38 16,0 0,0 0,0 0,2 3,1 10:33 Ka 11 -0,3 2,1 15:19 -3,7 23:37 17,3 0,0 0,0 0,1 2,2 02:45 IKa 12 -1,7 4,0 15:09 -6,6 06:45 18,7 0,0 0,2 0,0 1,8 11:35 Lo 13 -1,0 0,9 15:04 -3,1 01:59 18,0 0,0 0,0 0,0 2,2 15:45 LLu 14 2,5 6,3 15:10 -1,2 04:39 14,3 0,0 0,0 0,8 7,2 14:42 LU 15 1,5 6,0 14:20 -2,2 03:00 15,5 0,0 0,0 0,0 2,2 13:29 ELo 16 3,4 8,3 14:51 0,6 00:32 13,3 0,0 0,0 0,3 3,6 14:22 LU 17 3,8 7,8 14:15 1,3 04:13 13,2 0,0 0,6 0,7 5,8 15:08 LLu 18 -1,7 2,7 00:00 -4,7 23:53 18,5 0,0 0,2 1,7 11,2 12:59 LU 19 -3,0 1,2 12:14 -9,7 06:31 19,9 0,0 0,2 0,5 6,3 14:00 LU 20 -3,3 0,7 14:38 -7,7 02:15 19,9 0,0 0,6 0,2 5,4 11:31 LU 21 -2,6 1,2 14:55 -6,8 23:55 19,6 0,0 0,0 0,5 4,0 13:17 P 22 -4,9 0,3 12:52 -11,2 06:05 21,2 0,0 0,0 0,4 5,8 11:55 I 23 -1,9 2,9 13:17 -7,7 00:27 18,9 0,0 0,0 0,4 6,7 12:56 EKa 24 0,3 2,3 13:30 -2,4 04:12 16,5 0,0 0,0 0,3 4,5 16:06 E 25 2,0 3,3 10:30 0,5 03:43 14,4 0,0 0,2 0,5 4,9 10:03 ELo 26 3,3 5,9 15:33 1,6 01:58 13,3 0,0 0,4 0,2 4,0 22:44 E 27 3,1 5,8 17:47 0,8 23:51 13,3 0,0 0,0 0,7 8,9 15:58 ELo 28 4,3 9,9 15:49 -0,3 00:58 12,7 0,0 0,2 0,6 6,7 13:49 EKa 29 5,3 11,3 16:01 -0,1 01:15 11,7 0,0 0,0 0,8 6,7 16:05 IKa 30 4,6 10,2 15:46 0,0 06:29 12,3 0,0 0,0 0,1 4,5 15:44 E 31 1,6 5,3 17:06 -1,1 07:30 14,8 0,0 0,0 0,1 2,7 15:47 Lo ---------------------------------------------------------------------------------- 0,3 11,3 29 -11,2 22 511,2 0,0 4,4 0,6 11,2 18 I Max >= 25,0: 0 Max <= 0,0: 2 Min <= 0,0: 21 Min <= -10,0: 1 Max Rain: 1,8 on day 7 Days of Rain: 9 (>= 0,2 mm) 1 (>= 1,0 mm) 0 (>= 10,0 mm) Heat Base: 17,0 Cool Base: 17,0 Method: Integration
Vuosiraporttien keskiarvotiedot pohjautuvat Ilmatieteenlaitoksen säähavantoihin.
Vertailutietona on käytetty Lohja Porla sääaseman tietoja. Lähde: Ilmatieteen laitos Ilmastollinen vertailukausi 1981-2010
Vertailutietona on käytetty Lohja Porla sääaseman tietoja. Lähde: Ilmatieteen laitos Ilmastollinen vertailukausi 1981-2010
Sivu päivitetty 25.10.2023 19:15:01
powered by
Cumulus
v1.9.4 (1091)