OPEx sääasema
Leveysaste N 60° 15' 27" Pituusaste E 23° 44' 53" Korkeus merenpinnasta 54 m
NOAA-raportit
Valitse raportti
Monthly Climatological Summary for heinä 2016 Name: OPEx City: Karjalohja State: Finland - Davis Vantage Pro2 Elevation: 54 m Lat: N 60° 15' 27" Lon: E 023° 44' 53" Temperature (°C), Rain (mm), Wind Speed (m/s) Heat Cool Avg Mean Deg Deg Wind Dom Day Temp High Time Low Time Days Days Rain Speed High Time Dir ---------------------------------------------------------------------------------- 1 17,9 22,4 14:31 12,6 04:16 1,0 1,9 0,2 0,3 4,9 14:05 Ka 2 21,1 25,7 16:19 15,3 02:51 0,3 4,4 0,0 0,6 5,8 11:55 IKa 3 17,2 20,2 00:34 13,6 23:57 0,5 0,7 19,8 0,1 4,0 00:37 I 4 14,8 19,9 14:18 12,7 23:31 2,3 0,2 2,6 0,1 3,1 15:20 I 5 16,1 20,9 12:07 11,5 04:11 1,8 1,0 0,0 0,2 3,1 16:25 LLu 6 16,8 20,8 13:35 13,3 03:51 1,0 0,9 0,0 0,3 3,6 09:56 LLu 7 13,1 15,4 00:00 11,8 23:42 3,9 0,0 3,0 0,2 4,0 17:31 LU 8 15,4 20,2 13:16 11,2 23:15 2,3 0,7 0,4 0,1 3,6 19:56 LU 9 16,7 22,8 13:31 7,6 05:24 2,3 2,0 0,0 0,2 8,5 16:32 IKa 10 16,0 21,8 15:14 12,7 03:47 1,7 0,7 11,2 0,1 4,5 17:19 I 11 16,0 20,4 12:22 13,1 01:00 1,4 0,4 4,6 0,6 4,9 13:08 I 12 17,7 20,7 12:59 15,8 04:58 0,2 0,9 4,0 0,4 7,6 13:51 E 13 16,9 20,9 15:12 14,6 04:51 0,4 0,4 0,0 0,3 7,2 15:35 E 14 18,1 21,6 13:30 0,0 00:20 0,4 1,2 0,0 0,1 4,9 11:10 E 15 14,1 16,3 18:43 10,4 01:59 2,9 0,0 28,0 0,5 7,6 12:20 Ko 16 17,4 22,4 14:09 14,1 06:20 0,8 1,2 0,2 0,3 5,8 15:47 ELo 17 16,7 20,0 14:49 12,7 23:48 0,8 0,5 0,0 0,6 6,7 13:58 ELo 18 16,8 21,7 14:00 11,9 02:29 1,6 1,3 0,0 0,0 1,8 09:09 E 19 17,1 22,2 15:38 11,6 04:54 1,4 1,5 0,0 0,1 3,6 10:58 PLu 20 17,1 22,0 16:01 9,9 05:10 1,7 1,8 0,0 0,2 4,9 14:51 P 21 18,1 21,2 15:29 14,8 00:00 0,4 1,4 0,0 0,5 5,4 10:05 PKo 22 17,6 19,6 17:34 16,4 02:44 0,1 0,7 0,0 0,2 3,6 22:13 Ko 23 18,7 21,1 17:05 16,0 03:48 0,2 1,9 0,0 0,0 1,8 00:01 Ko 24 20,7 24,7 14:17 17,2 23:56 0,0 3,5 0,0 0,0 2,7 20:21 ELo 25 20,4 26,2 13:32 14,8 05:35 0,4 3,7 0,0 0,1 2,7 15:00 IKa 26 19,8 25,2 15:48 13,2 04:45 0,7 3,4 0,0 0,4 4,0 16:18 I 27 19,3 24,9 14:16 13,6 05:07 0,6 2,9 0,0 0,1 3,6 16:51 IKa 28 16,7 22,7 11:18 10,1 04:56 1,8 1,4 4,4 0,1 3,1 11:20 I 29 18,6 23,9 14:46 14,1 05:54 0,6 1,8 0,0 0,0 2,7 13:47 ELo 30 18,8 24,3 13:30 11,9 05:45 1,1 2,9 0,0 0,2 3,6 12:59 Ka 31 17,1 20,8 08:53 13,7 23:47 0,8 0,8 11,6 0,1 8,5 09:14 EKa ---------------------------------------------------------------------------------- 17,4 26,2 25 0,0 14 35,4 46,1 90,0 0,2 8,5 9 IKa Max >= 25,0: 3 Max <= 0,0: 0 Min <= 0,0: 1 Min <= -10,0: 0 Max Rain: 28,0 on day 15 Days of Rain: 12 (>= 0,2 mm) 9 (>= 1,0 mm) 4 (>= 10,0 mm) Heat Base: 17,0 Cool Base: 17,0 Method: Integration
Vuosiraporttien keskiarvotiedot pohjautuvat Ilmatieteenlaitoksen säähavantoihin.
Vertailutietona on käytetty Lohja Porla sääaseman tietoja. Lähde: Ilmatieteen laitos Ilmastollinen vertailukausi 1981-2010
Vertailutietona on käytetty Lohja Porla sääaseman tietoja. Lähde: Ilmatieteen laitos Ilmastollinen vertailukausi 1981-2010
Sivu päivitetty 25.10.2023 19:15:01
powered by
Cumulus
v1.9.4 (1091)