OPEx sääasema
Leveysaste N 60° 15' 27" Pituusaste E 23° 44' 53" Korkeus merenpinnasta 54 m
NOAA-raportit
Valitse raportti
Monthly Climatological Summary for marras 2016 Name: OPEx City: Karjalohja State: Finland - Davis Vantage Pro2 Elevation: 54 m Lat: N 60° 15' 27" Lon: E 023° 44' 53" Temperature (°C), Rain (mm), Wind Speed (m/s) Heat Cool Avg Mean Deg Deg Wind Dom Day Temp High Time Low Time Days Days Rain Speed High Time Dir ---------------------------------------------------------------------------------- 1 0,5 2,6 14:27 -1,9 03:39 16,1 0,0 0,0 1,3 10,3 21:00 I 2 -0,3 1,4 00:00 -2,0 22:27 17,3 0,0 0,6 3,8 11,2 12:12 Ko 3 -1,6 -0,1 13:06 -3,4 22:28 18,6 0,0 0,0 1,6 6,7 00:00 P 4 -2,3 -0,4 12:03 -7,0 23:46 19,3 0,0 0,0 0,6 3,6 01:21 PLu 5 -4,4 -1,6 13:56 -7,8 01:43 21,3 0,0 0,0 0,9 6,3 19:46 Ko 6 -4,6 -2,7 13:48 -6,4 08:02 21,2 0,0 0,0 2,7 8,9 15:10 Ko 7 -4,7 -3,7 13:16 -6,1 22:25 21,7 0,0 0,6 3,5 10,7 13:35 PKo 8 -6,0 -4,8 21:37 -6,9 07:07 23,0 0,0 1,6 2,8 9,4 00:23 PKo 9 -4,0 -2,6 15:04 -6,3 22:53 20,9 0,0 6,0 1,9 8,9 01:44 Ko 10 -3,8 -2,6 08:30 -6,6 00:58 20,6 0,0 0,8 1,3 5,8 07:57 PKo 11 -6,7 -4,6 00:26 -12,4 17:46 23,3 0,0 0,0 0,1 2,2 05:34 LU 12 -2,3 -0,1 13:57 -6,7 00:00 19,3 0,0 0,0 0,0 1,3 11:31 LLu 13 -0,8 0,4 13:29 -2,0 00:00 17,6 0,0 0,2 0,0 1,8 23:12 PKo 14 -2,2 -1,2 00:00 -3,7 10:40 19,0 0,0 0,0 0,6 4,9 10:17 Ko 15 -0,4 1,6 21:48 -1,6 05:48 17,1 0,0 2,4 1,4 7,2 17:35 IKa 16 1,7 2,5 12:47 0,8 01:50 15,3 0,0 3,0 0,3 4,5 00:07 IKa 17 3,6 4,8 12:00 2,1 00:00 13,4 0,0 4,4 0,3 5,8 09:31 EKa 18 4,4 6,8 23:47 2,9 11:40 12,6 0,0 9,6 1,5 8,9 23:10 Ka 19 5,7 6,9 00:48 4,7 05:06 11,3 0,0 1,4 1,1 8,9 02:59 ELo 20 4,2 5,1 00:00 2,9 20:50 12,6 0,0 7,4 0,4 4,9 03:44 Ka 21 6,5 7,7 14:53 4,7 00:31 10,5 0,0 4,6 1,6 10,3 04:06 EKa 22 4,8 6,7 00:00 3,8 15:10 12,2 0,0 0,2 0,9 6,3 04:43 E 23 4,8 6,2 18:51 3,9 08:47 12,2 0,0 1,0 0,8 6,3 10:07 ELo 24 3,8 6,1 07:50 1,3 22:42 13,2 0,0 4,4 1,0 6,7 13:06 LLu 25 0,3 2,4 23:46 -1,3 16:04 16,7 0,0 1,0 0,7 6,7 06:56 LLu 26 4,0 5,2 12:28 2,3 00:00 13,0 0,0 6,4 0,3 4,9 02:39 L 27 -0,7 2,6 00:00 -3,3 23:54 17,7 0,0 0,2 2,0 8,9 15:30 LU 28 -3,5 -2,1 14:28 -4,9 03:42 20,5 0,0 0,0 1,1 9,8 00:12 LU 29 -4,8 2,6 23:43 -9,4 09:45 21,5 0,0 1,0 0,2 6,7 23:43 ELo 30 0,7 2,8 00:33 -1,6 23:11 16,2 0,0 0,2 0,1 5,4 01:26 E ---------------------------------------------------------------------------------- -0,3 7,7 21 -12,4 11 515,2 0,0 57,0 1,2 11,2 2 Ko Max >= 25,0: 0 Max <= 0,0: 12 Min <= 0,0: 20 Min <= -10,0: 1 Max Rain: 9,6 on day 18 Days of Rain: 21 (>= 0,2 mm) 14 (>= 1,0 mm) 0 (>= 10,0 mm) Heat Base: 17,0 Cool Base: 17,0 Method: Integration
Vuosiraporttien keskiarvotiedot pohjautuvat Ilmatieteenlaitoksen säähavantoihin.
Vertailutietona on käytetty Lohja Porla sääaseman tietoja. Lähde: Ilmatieteen laitos Ilmastollinen vertailukausi 1981-2010
Vertailutietona on käytetty Lohja Porla sääaseman tietoja. Lähde: Ilmatieteen laitos Ilmastollinen vertailukausi 1981-2010
Sivu päivitetty 25.10.2023 19:15:01
powered by
Cumulus
v1.9.4 (1091)