OPEx sääasema
Leveysaste N 60° 15' 27" Pituusaste E 23° 44' 53" Korkeus merenpinnasta 54 m
NOAA-raportit
Valitse raportti
Monthly Climatological Summary for maalis 2017 Name: OPEx City: Karjalohja State: Finland - Davis Vantage Pro2 Elevation: 54 m Lat: N 60° 15' 27" Lon: E 023° 44' 53" Temperature (°C), Rain (mm), Wind Speed (m/s) Heat Cool Avg Mean Deg Deg Wind Dom Day Temp High Time Low Time Days Days Rain Speed High Time Dir ---------------------------------------------------------------------------------- 1 2,2 4,1 14:10 0,7 21:02 14,8 0,0 4,8 0,5 5,8 08:17 EKa 2 2,0 3,7 14:07 0,7 00:00 14,9 0,0 1,6 0,5 5,8 18:04 E 3 1,4 3,2 14:39 -0,6 23:36 15,6 0,0 0,4 0,1 4,0 13:01 ELo 4 -1,7 0,4 14:02 -6,7 22:22 18,7 0,0 0,4 0,4 4,5 17:44 P 5 -5,0 -1,1 14:38 -9,2 06:54 22,0 0,0 0,0 1,2 5,8 11:46 Ko 6 -4,6 -1,6 15:00 -7,9 06:54 21,5 0,0 0,0 2,8 8,9 11:41 Ko 7 -3,0 -1,3 17:30 -5,1 03:10 20,0 0,0 1,0 4,3 13,0 08:36 IKo 8 0,0 1,6 14:56 -1,7 00:00 17,0 0,0 4,4 1,3 8,5 12:55 Ka 9 0,6 2,3 12:07 -1,2 02:15 16,4 0,0 2,2 0,4 4,9 09:56 EKa 10 1,7 4,1 14:22 0,3 04:31 15,3 0,0 1,2 0,1 2,2 11:59 EKa 11 0,8 3,8 15:28 -3,8 23:57 16,2 0,0 0,2 0,2 2,7 07:48 LU 12 -0,8 5,4 12:55 -6,6 07:03 17,8 0,0 0,0 0,4 5,8 15:15 ELo 13 2,4 5,6 14:35 0,8 23:40 14,6 0,0 0,0 0,4 4,9 22:21 ELo 14 1,7 2,8 14:14 0,4 04:36 15,3 0,0 0,2 1,1 8,5 10:56 ELo 15 4,1 7,2 14:57 1,6 07:13 12,9 0,0 0,0 0,4 5,4 00:15 ELo 16 2,5 6,4 14:00 -0,8 04:02 14,5 0,0 0,2 0,3 3,6 10:24 LLu 17 2,5 4,4 13:38 -0,1 22:45 14,5 0,0 7,2 0,9 7,6 04:12 E 18 1,8 5,1 14:06 -0,7 05:21 15,2 0,0 0,0 0,3 4,9 08:32 EKa 19 0,6 4,3 16:02 -5,1 23:40 16,4 0,0 5,2 0,1 2,7 13:00 I 20 -2,2 3,6 14:00 -8,8 06:51 19,2 0,0 0,8 0,5 4,0 15:19 IKa 21 1,7 3,2 16:44 -0,2 00:00 15,3 0,0 2,8 1,5 9,4 12:27 IKa 22 2,4 3,9 15:49 -0,1 23:55 14,6 0,0 5,2 0,7 7,2 08:20 E 23 1,5 5,4 15:47 -1,9 04:17 15,5 0,0 0,2 0,2 4,0 14:59 L 24 0,4 4,4 15:32 -3,5 05:37 16,6 0,0 0,0 0,3 4,0 12:45 LLu 25 1,4 5,5 16:24 -1,8 21:47 15,6 0,0 0,8 0,3 4,5 15:15 PLu 26 4,2 11,4 17:14 -3,2 02:28 12,3 0,0 0,4 1,0 12,1 19:14 LLu 27 6,2 10,8 18:09 2,1 07:16 10,8 0,0 0,0 1,4 9,8 20:39 LLu 28 2,4 4,9 00:00 -1,4 23:59 14,6 0,0 0,0 1,5 7,2 11:16 LLu 29 -0,1 4,3 13:28 -5,2 07:05 17,1 0,0 0,0 0,6 4,9 19:39 LU 30 -0,5 3,9 14:25 -6,2 07:19 16,8 0,0 0,0 0,3 5,4 17:39 LLo 31 0,5 2,4 15:18 -2,4 23:12 16,2 0,0 2,2 0,7 4,5 10:41 IKo ---------------------------------------------------------------------------------- 0,9 11,4 26 -9,2 5 498,2 0,0 41,4 0,8 13,0 7 I Max >= 25,0: 0 Max <= 0,0: 3 Min <= 0,0: 24 Min <= -10,0: 0 Max Rain: 7,2 on day 17 Days of Rain: 20 (>= 0,2 mm) 11 (>= 1,0 mm) 0 (>= 10,0 mm) Heat Base: 17,0 Cool Base: 17,0 Method: Integration
Vuosiraporttien keskiarvotiedot pohjautuvat Ilmatieteenlaitoksen säähavantoihin.
Vertailutietona on käytetty Lohja Porla sääaseman tietoja. Lähde: Ilmatieteen laitos Ilmastollinen vertailukausi 1981-2010
Vertailutietona on käytetty Lohja Porla sääaseman tietoja. Lähde: Ilmatieteen laitos Ilmastollinen vertailukausi 1981-2010
Sivu päivitetty 25.10.2023 19:15:01
powered by
Cumulus
v1.9.4 (1091)