OPEx sääasema
Leveysaste N 60° 15' 27" Pituusaste E 23° 44' 53" Korkeus merenpinnasta 54 m
NOAA-raportit
Valitse raportti
Monthly Climatological Summary for tammi 2018 Name: OPEx City: Karjalohja State: Finland - Davis Vantage Pro2 Elevation: 54 m Lat: N 60° 15' 27" Lon: E 023° 44' 53" Temperature (°C), Rain (mm), Wind Speed (m/s) Heat Cool Avg Mean Deg Deg Wind Dom Day Temp High Time Low Time Days Days Rain Speed High Time Dir ---------------------------------------------------------------------------------- 1 0,9 1,6 14:03 0,2 00:00 16,1 0,0 6,4 1,3 5,8 02:16 I 2 3,0 3,8 02:34 1,6 00:00 14,0 0,0 3,2 0,3 5,8 18:10 E 3 2,8 3,7 00:00 1,9 22:48 14,2 0,0 2,2 0,9 4,9 18:11 IKa 4 2,2 2,8 21:50 1,6 06:47 14,8 0,0 3,2 2,4 7,6 19:33 I 5 3,4 3,9 16:35 1,8 00:17 13,6 0,0 9,2 1,2 7,2 01:45 IKa 6 1,3 3,2 00:00 -2,3 23:51 15,7 0,0 0,8 0,1 4,9 22:03 LLu 7 -1,8 0,6 23:54 -3,8 04:22 18,7 0,0 0,0 0,5 7,2 17:38 LLu 8 -0,9 0,9 00:30 -3,3 17:19 17,9 0,0 0,0 0,7 7,6 04:12 LLu 9 -0,5 0,7 01:56 -1,6 23:12 17,5 0,0 0,0 0,0 2,2 15:50 LU 10 -3,9 -1,6 00:00 -7,5 23:59 20,9 0,0 0,0 0,0 1,3 05:51 PLu 11 -4,7 -1,9 23:49 -7,7 06:15 21,7 0,0 0,0 0,8 4,5 13:51 IKo 12 -3,7 -1,5 01:45 -6,9 09:24 20,6 0,0 0,0 0,3 4,0 01:23 I 13 -1,9 -1,2 12:59 -3,0 00:04 18,9 0,0 0,0 0,0 2,7 05:25 E 14 -2,5 -1,8 00:00 -5,0 23:59 19,5 0,0 0,0 0,3 4,9 20:03 Ka 15 -5,6 -4,6 08:19 -6,8 23:07 22,6 0,0 0,0 1,5 8,9 20:41 Ka 16 -5,9 -4,3 18:35 -7,6 07:58 22,9 0,0 0,0 3,0 10,3 03:57 IKa 17 -6,3 -5,0 23:25 -7,0 14:17 23,3 0,0 0,8 2,8 11,6 02:38 I 18 -4,3 -2,8 13:24 -7,4 23:11 21,3 0,0 1,4 0,9 4,0 12:44 IKo 19 -8,1 -4,1 21:13 -13,6 12:12 25,1 0,0 0,0 0,0 1,3 00:39 Ko 20 -4,6 -3,3 12:00 -7,3 21:55 21,5 0,0 0,0 0,1 2,2 06:57 PKo 21 -8,9 -6,7 00:50 -13,3 22:16 25,9 0,0 0,0 0,0 2,2 07:03 PKo 22 -5,2 -2,1 14:39 -11,1 00:00 22,2 0,0 0,4 0,0 2,2 19:55 PKo 23 -7,0 -1,0 23:59 -9,7 08:27 24,0 0,0 0,6 0,0 2,7 23:47 IKa 24 -0,1 3,6 21:32 -2,3 05:39 17,0 0,0 12,2 1,1 9,4 11:30 EKa 25 4,2 5,1 15:03 3,1 00:11 12,8 0,0 13,6 1,5 11,2 11:11 E 26 3,0 4,3 13:22 1,7 03:07 14,0 0,0 0,0 0,3 4,5 07:30 E 27 1,8 2,9 11:34 0,0 23:27 14,8 0,0 1,8 0,1 3,1 13:33 E 28 0,3 0,9 13:53 -1,6 06:28 16,7 0,0 1,4 1,3 6,7 15:32 I 29 0,1 0,8 00:00 -0,6 23:56 16,9 0,0 0,0 1,2 4,9 02:46 Ko 30 -1,6 -0,6 00:00 -3,1 23:16 18,6 0,0 1,8 0,5 4,5 00:56 P 31 -5,1 -1,6 22:41 -11,3 08:39 22,1 0,0 0,0 0,0 1,3 01:55 LU ---------------------------------------------------------------------------------- -1,9 5,1 25 -13,6 19 585,8 0,0 59,0 0,8 11,6 17 IKa Max >= 25,0: 0 Max <= 0,0: 16 Min <= 0,0: 24 Min <= -10,0: 4 Max Rain: 13,6 on day 25 Days of Rain: 15 (>= 0,2 mm) 11 (>= 1,0 mm) 2 (>= 10,0 mm) Heat Base: 17,0 Cool Base: 17,0 Method: Integration
Vuosiraporttien keskiarvotiedot pohjautuvat Ilmatieteenlaitoksen säähavantoihin.
Vertailutietona on käytetty Lohja Porla sääaseman tietoja. Lähde: Ilmatieteen laitos Ilmastollinen vertailukausi 1981-2010
Vertailutietona on käytetty Lohja Porla sääaseman tietoja. Lähde: Ilmatieteen laitos Ilmastollinen vertailukausi 1981-2010
Sivu päivitetty 25.10.2023 19:15:01
powered by
Cumulus
v1.9.4 (1091)