OPEx sääasema
Leveysaste N 60° 15' 27" Pituusaste E 23° 44' 53" Korkeus merenpinnasta 54 m
NOAA-raportit
Valitse raportti
Monthly Climatological Summary for touko 2018 Name: OPEx City: Karjalohja State: Finland - Davis Vantage Pro2 Elevation: 54 m Lat: N 60° 15' 27" Lon: E 023° 44' 53" Temperature (°C), Rain (mm), Wind Speed (m/s) Heat Cool Avg Mean Deg Deg Wind Dom Day Temp High Time Low Time Days Days Rain Speed High Time Dir ---------------------------------------------------------------------------------- 1 7,1 8,2 04:40 5,4 23:47 9,9 0,0 3,6 2,0 7,2 10:08 IKo 2 7,4 10,8 14:43 5,1 02:52 9,6 0,0 11,6 0,5 6,7 17:41 E 3 8,8 14,2 13:53 5,1 07:08 8,2 0,0 0,2 1,2 7,6 22:28 I 4 8,2 11,3 15:14 6,4 22:24 8,8 0,0 0,0 0,4 5,8 00:34 Ka 5 10,2 16,1 15:25 6,0 05:40 6,8 0,0 0,0 0,4 4,0 15:50 PLu 6 10,8 18,0 14:36 1,2 05:33 6,3 0,0 0,0 0,5 5,8 16:03 ELo 7 12,8 21,2 14:25 2,9 05:34 5,1 0,9 0,0 0,3 5,4 14:19 Ka 8 13,1 19,9 15:07 5,4 05:06 4,4 0,5 0,0 0,7 4,5 08:11 I 9 11,4 17,9 12:46 2,9 05:34 5,7 0,1 0,0 1,4 8,0 17:10 I 10 7,4 12,9 08:38 4,3 05:36 3,5 0,0 0,0 0,9 4,5 08:32 I 11 18,6 22,4 14:44 0,0 12:41 0,4 1,2 0,0 1,5 7,2 13:23 I 12 15,9 24,4 14:21 4,8 05:27 3,5 2,4 0,0 0,5 4,0 13:20 I 13 16,4 26,3 15:49 4,6 05:16 3,9 3,2 0,0 0,3 3,6 13:50 I 14 18,4 28,1 15:15 6,7 05:00 3,0 4,3 0,0 0,4 4,5 15:03 I 15 19,3 28,7 15:42 8,0 05:06 2,5 4,8 0,0 0,4 5,8 13:04 IKo 16 19,2 28,0 13:49 9,5 05:11 1,8 4,0 0,0 0,6 6,3 20:14 IKo 17 17,2 25,3 15:53 8,3 05:37 2,2 2,4 0,0 0,5 4,9 18:24 IKo 18 14,7 18,3 16:11 12,2 01:01 2,4 0,1 0,0 0,7 6,3 13:19 PLu 19 14,0 18,6 14:46 7,4 05:10 3,3 0,3 0,0 0,4 4,5 09:33 LU 20 14,1 22,3 15:45 4,2 03:42 4,1 1,2 0,0 0,3 4,0 16:38 I 21 15,9 23,8 14:43 4,8 03:35 3,4 2,3 0,0 0,2 5,8 11:51 ELo 22 16,4 24,6 13:25 5,7 04:55 3,3 2,7 0,0 0,4 4,9 12:48 I 23 18,0 24,8 15:11 9,8 03:00 1,8 2,8 0,0 0,1 2,7 19:10 LU 24 15,3 21,6 15:31 8,9 05:01 2,7 1,0 0,0 0,4 5,8 15:03 IKo 25 14,6 22,2 14:39 4,5 04:40 3,9 1,5 0,0 0,5 4,0 16:52 I 26 16,6 24,9 15:26 5,3 05:02 3,2 2,8 0,0 0,3 4,0 17:06 I 27 16,1 21,7 15:35 9,7 05:06 2,3 1,4 0,0 0,4 4,5 10:26 Ko 28 15,5 22,9 15:05 5,4 04:30 3,4 1,9 0,0 0,5 4,5 13:35 IKo 29 17,5 25,7 15:35 5,7 05:07 3,0 3,6 0,0 0,1 2,7 14:30 E 30 18,3 23,2 14:15 12,3 04:48 0,9 2,2 0,0 0,2 4,5 13:36 PLu 31 15,4 20,9 16:12 9,3 04:35 2,4 0,8 0,0 0,5 4,9 10:38 IKo ---------------------------------------------------------------------------------- 14,3 28,7 15 0,0 11 125,7 48,4 15,4 0,5 8,0 9 I Max >= 25,0: 6 Max <= 0,0: 0 Min <= 0,0: 1 Min <= -10,0: 0 Max Rain: 11,6 on day 2 Days of Rain: 3 (>= 0,2 mm) 2 (>= 1,0 mm) 1 (>= 10,0 mm) Heat Base: 17,0 Cool Base: 17,0 Method: Integration
Vuosiraporttien keskiarvotiedot pohjautuvat Ilmatieteenlaitoksen säähavantoihin.
Vertailutietona on käytetty Lohja Porla sääaseman tietoja. Lähde: Ilmatieteen laitos Ilmastollinen vertailukausi 1981-2010
Vertailutietona on käytetty Lohja Porla sääaseman tietoja. Lähde: Ilmatieteen laitos Ilmastollinen vertailukausi 1981-2010
Sivu päivitetty 25.10.2023 19:15:01
powered by
Cumulus
v1.9.4 (1091)