OPEx sääasema
Leveysaste N 60° 15' 27" Pituusaste E 23° 44' 53" Korkeus merenpinnasta 54 m
NOAA-raportit
Valitse raportti
Monthly Climatological Summary for syys 2018 Name: OPEx City: Karjalohja State: Finland - Davis Vantage Pro2 Elevation: 54 m Lat: N 60° 15' 27" Lon: E 023° 44' 53" Temperature (°C), Rain (mm), Wind Speed (m/s) Heat Cool Avg Mean Deg Deg Wind Dom Day Temp High Time Low Time Days Days Rain Speed High Time Dir ---------------------------------------------------------------------------------- 1 17,4 19,4 16:36 0,0 00:00 0,2 0,5 1,6 0,5 4,0 07:19 IKo 2 16,2 19,0 17:43 12,2 23:46 1,1 0,3 0,2 0,0 1,3 18:41 IKo 3 15,4 21,9 14:02 9,1 05:41 2,9 1,3 0,0 0,1 2,7 16:07 I 4 15,9 20,1 15:00 12,6 03:15 1,7 0,6 0,0 0,6 4,5 12:55 IKo 5 14,9 18,7 16:41 11,6 23:59 2,3 0,2 0,0 0,1 3,1 09:14 IKo 6 15,5 20,8 13:49 10,1 02:29 2,4 0,9 0,0 0,2 3,1 13:03 IKo 7 16,5 20,7 17:04 12,7 00:28 1,5 1,0 0,2 0,7 4,5 15:02 IKo 8 18,7 23,4 15:22 14,6 06:26 0,3 2,0 0,0 0,5 3,1 00:23 I 9 17,2 21,0 13:56 13,7 03:06 0,8 1,1 0,0 0,3 4,0 09:08 I 10 15,4 18,9 14:04 12,6 22:50 2,0 0,5 1,0 0,3 3,6 14:10 I 11 15,0 16,8 15:05 13,3 00:01 2,0 0,0 12,4 0,2 6,3 10:07 Ka 12 13,7 16,8 13:04 9,4 22:04 3,3 0,0 9,4 0,6 8,9 13:10 I 13 12,4 16,6 12:42 9,1 03:42 4,6 0,0 0,4 0,3 4,9 13:37 I 14 11,6 16,5 13:27 8,1 06:07 5,4 0,0 1,0 0,2 5,8 15:27 E 15 12,9 16,3 13:27 9,1 23:57 4,1 0,0 0,6 0,3 6,7 15:02 ELo 16 8,9 15,7 12:25 2,9 06:56 8,1 0,0 1,4 0,0 3,1 19:50 IKa 17 11,2 14,8 17:14 4,5 01:15 5,8 0,0 4,8 0,1 4,5 13:09 E 18 12,5 15,4 15:34 8,4 03:19 4,5 0,0 0,0 0,2 5,4 14:55 ELo 19 14,8 19,9 12:41 10,9 04:49 2,7 0,5 0,0 0,2 6,3 16:39 EKa 20 15,3 19,4 14:11 12,6 01:46 2,0 0,3 2,8 0,6 9,4 15:50 E 21 15,3 20,4 16:32 8,7 07:26 2,7 1,1 0,2 0,3 5,8 14:04 ELo 22 14,0 20,7 00:52 10,0 23:57 3,5 0,5 3,0 1,0 9,8 12:35 ELo 23 9,5 13,4 14:48 6,1 23:23 7,5 0,0 0,0 0,2 4,5 00:02 E 24 6,4 12,1 14:32 0,9 07:17 10,6 0,0 0,4 0,1 3,1 13:03 LLu 25 6,7 11,5 14:43 3,3 07:39 10,3 0,0 0,2 0,3 3,6 15:12 LLu 26 9,5 11,1 09:44 6,1 00:00 7,5 0,0 13,4 0,6 8,5 12:38 EKa 27 9,2 11,7 15:37 6,7 23:29 7,8 0,0 0,0 0,5 3,6 09:29 LLu 28 6,9 10,6 14:40 3,7 23:54 10,1 0,0 0,6 0,1 1,8 16:23 LLu 29 4,4 9,5 13:33 -1,9 07:50 12,6 0,0 1,8 0,2 4,5 14:11 E 30 9,8 11,6 16:56 8,0 00:00 7,1 0,0 0,2 0,4 8,9 00:25 EKa ---------------------------------------------------------------------------------- 12,8 23,4 8 -1,9 29 137,4 10,8 55,6 0,3 9,8 22 Ka Max >= 25,0: 0 Max <= 0,0: 0 Min <= 0,0: 2 Min <= -10,0: 0 Max Rain: 13,4 on day 26 Days of Rain: 20 (>= 0,2 mm) 11 (>= 1,0 mm) 2 (>= 10,0 mm) Heat Base: 17,0 Cool Base: 17,0 Method: Integration
Vuosiraporttien keskiarvotiedot pohjautuvat Ilmatieteenlaitoksen säähavantoihin.
Vertailutietona on käytetty Lohja Porla sääaseman tietoja. Lähde: Ilmatieteen laitos Ilmastollinen vertailukausi 1981-2010
Vertailutietona on käytetty Lohja Porla sääaseman tietoja. Lähde: Ilmatieteen laitos Ilmastollinen vertailukausi 1981-2010
Sivu päivitetty 25.10.2023 19:15:01
powered by
Cumulus
v1.9.4 (1091)