OPEx sääasema
Leveysaste N 60° 15' 27" Pituusaste E 23° 44' 53" Korkeus merenpinnasta 54 m
NOAA-raportit
Valitse raportti
Monthly Climatological Summary for joulu 2011 Name: OPEx City: Karjalohja State: Finland - Fine Offset WH-1080 Elevation: 55 m Lat: N 60° 15' 27" Lon: E 023° 44' 53" Temperature (°C), Rain (mm), Wind Speed (m/s) Heat Cool Avg Mean Deg Deg Wind Dom Day Temp High Time Low Time Days Days Rain Speed High Time Dir ---------------------------------------------------------------------------------- 1 3,0 6,3 16:48 -0,6 08:16 15,3 0,0 0,3 1,0 6,8 23:06 WSW 2 4,6 6,3 04:26 -0,1 23:17 13,7 0,0 7,5 1,0 7,1 00:24 SW 3 1,1 4,1 22:04 -1,1 09:42 17,5 0,0 4,8 0,8 6,1 20:47 W 4 2,7 4,3 12:37 0,4 21:04 15,7 0,0 13,8 1,1 6,1 02:49 WSW 5 -0,3 1,5 00:16 -2,2 21:14 18,6 0,0 0,3 0,3 3,7 13:26 SSW 6 -0,2 1,6 12:52 -4,0 23:58 18,5 0,0 0,0 0,0 1,4 16:07 WNW 7 -1,4 2,7 22:23 -6,5 07:48 19,7 0,0 3,3 0,5 4,1 18:16 SW 8 0,7 2,7 00:16 -2,5 23:22 17,6 0,0 6,6 0,6 3,4 01:43 W 9 0,8 2,8 23:45 -2,0 00:00 17,5 0,0 7,2 2,7 9,9 10:13 ESE 10 2,0 3,7 03:19 0,8 04:03 16,3 0,0 16,2 1,5 6,1 06:56 SW 11 1,0 1,8 00:27 -1,9 23:59 17,3 0,0 0,3 0,5 3,1 00:20 W 12 0,3 2,8 18:20 -3,0 04:55 18,0 0,0 2,7 0,4 3,7 22:16 W 13 2,7 4,0 19:47 1,1 04:59 15,6 0,0 4,2 1,1 4,8 22:09 W 14 3,5 4,9 15:54 0,7 04:30 14,8 0,0 8,4 1,3 5,4 00:30 WSW 15 3,3 4,9 10:38 1,6 18:26 15,0 0,0 5,1 0,9 5,1 02:54 SSW 16 3,0 4,0 12:57 1,6 22:21 15,3 0,0 2,1 1,2 5,1 07:50 SE 17 1,6 3,1 01:44 0,4 18:10 16,7 0,0 4,2 3,4 9,2 07:43 E 18 2,9 5,1 10:18 1,4 00:00 15,5 0,0 13,2 2,5 9,2 12:14 ESE 19 2,2 2,9 03:31 1,1 20:05 16,1 0,0 6,0 1,0 4,1 02:08 SW 20 1,1 2,3 00:50 -0,9 22:41 17,2 0,0 2,7 0,5 3,7 01:24 SW 21 -0,8 0,6 01:06 -3,3 21:46 19,1 0,0 0,3 0,0 0,7 02:24 W 22 -2,1 -0,2 00:57 -3,7 08:45 20,4 0,0 0,0 0,0 0,0 00:00 E 23 0,7 2,3 14:30 -3,4 00:10 17,6 0,0 6,3 1,0 6,8 17:08 W 24 3,1 4,9 12:18 -1,0 23:41 15,2 0,0 6,0 0,6 4,8 01:35 W 25 1,2 5,8 22:46 -2,6 06:54 17,1 0,0 1,5 0,8 8,5 23:32 WSW 26 5,2 8,4 07:48 1,4 20:50 11,6 0,0 3,9 3,2 10,2 02:52 W 27 5,3 8,5 09:20 1,6 23:20 13,0 0,0 0,3 2,3 7,5 19:45 W 28 0,4 3,1 22:56 -1,5 09:50 18,0 0,0 0,0 1,0 5,4 00:00 W 29 4,0 4,7 13:06 2,9 20:38 14,5 0,0 12,6 1,7 7,1 17:38 SW 30 2,0 4,4 00:16 -0,2 23:40 16,3 0,0 2,4 0,9 5,1 03:55 W 31 -1,5 -0,1 00:00 -3,0 16:59 19,8 0,0 0,0 0,0 0,0 00:00 E ---------------------------------------------------------------------------------- 1,7 8,5 27 -6,5 7 514,5 0,0 142,2 1,0 10,2 26 SW Max >= 25,0: 0 Max <= 0,0: 2 Min <= 0,0: 19 Min <= -10,0: 0 Max Rain: 16,2 on day 10 Days of Rain: 27 (>= 0,2 mm) 22 (>= 1,0 mm) 4 (>= 10,0 mm) Heat Base: 17,0 Cool Base: 17,0 Method: Integration
Vuosiraporttien keskiarvotiedot pohjautuvat Ilmatieteenlaitoksen säähavantoihin.
Vertailutietona on käytetty Lohja Porla sääaseman tietoja. Lähde: Ilmatieteen laitos Ilmastollinen vertailukausi 1981-2010
Vertailutietona on käytetty Lohja Porla sääaseman tietoja. Lähde: Ilmatieteen laitos Ilmastollinen vertailukausi 1981-2010
© 2011-2024, opexi.fi | Sivun tietoja ei saa käyttää ihmisen tai omaisuuden suojeluun |
Sivu päivitetty 19.4.2024 18:25:01
powered by
Cumulus
v1.9.4 (1091)