OPEx sääasema
Leveysaste N 60° 15' 27" Pituusaste E 23° 44' 53" Korkeus merenpinnasta 54 m
NOAA-raportit
Valitse raportti
Monthly Climatological Summary for tammi 2012 Name: OPEx City: Karjalohja State: Finland - Fine Offset WH-1080 Elevation: 55 m Lat: N 60° 15' 27" Lon: E 023° 44' 53" Temperature (°C), Rain (mm), Wind Speed (m/s) Heat Cool Avg Mean Deg Deg Wind Dom Day Temp High Time Low Time Days Days Rain Speed High Time Dir ---------------------------------------------------------------------------------- 1 -4,2 0,1 23:50 -7,9 09:33 22,5 0,0 0,0 0,0 0,3 19:31 NW 2 0,1 1,1 23:35 -0,6 12:54 18,2 0,0 0,0 0,0 2,7 22:39 N 3 1,0 2,3 12:25 -1,0 19:03 17,4 0,0 3,6 0,4 3,7 23:57 SSW 4 2,1 3,3 11:28 0,5 04:17 16,2 0,0 12,6 2,4 8,2 02:47 SSE 5 0,9 1,6 03:19 0,0 09:23 17,4 0,0 0,9 0,8 6,8 00:42 SSW 6 -2,0 0,9 00:40 -7,0 21:20 20,3 0,0 1,2 0,4 3,4 15:49 NW 7 -4,1 -2,1 06:52 -9,2 22:48 22,4 0,0 0,0 0,0 0,0 00:00 E 8 -10,4 -5,8 23:40 -13,7 09:18 28,7 0,0 0,0 0,2 2,7 19:42 NE 9 -6,2 -4,3 06:10 -9,3 23:44 24,5 0,0 0,0 0,3 2,0 04:11 NE 10 -6,8 -2,3 23:43 -10,8 08:39 25,1 0,0 0,0 0,0 1,0 13:45 ESE 11 0,0 1,2 13:34 -2,7 00:52 18,3 0,0 0,3 0,6 4,4 16:47 WNW 12 -0,2 1,7 13:22 -3,2 04:56 18,5 0,0 4,8 0,8 4,1 14:04 WNW 13 -2,2 0,0 00:00 -4,0 20:23 20,5 0,0 0,0 0,0 0,0 00:00 E 14 -6,3 -3,8 00:00 -7,8 09:33 24,8 0,0 0,0 0,0 0,0 00:00 E 15 -8,4 -7,0 00:01 -11,9 23:58 26,7 0,0 0,0 0,3 3,4 18:09 NW 16 -13,5 -10,8 13:47 -15,6 07:31 31,9 0,0 0,0 0,3 1,4 09:23 NNE 17 -6,7 -2,7 23:06 -12,7 00:00 25,1 0,0 0,0 0,1 2,0 23:58 NNE 18 -3,6 -2,0 00:09 -4,6 14:23 21,9 0,0 0,0 0,7 2,7 07:23 E 19 -1,0 0,6 14:53 -3,2 00:09 19,4 0,0 0,0 0,8 3,7 03:25 SE 20 -0,7 0,9 06:34 -2,4 23:34 19,0 0,0 0,0 1,5 4,8 22:29 SE 21 -2,7 -1,0 23:49 -4,3 21:52 21,1 0,0 0,0 1,1 5,4 04:19 SE 22 -3,1 -1,0 00:00 -5,1 19:16 21,4 0,0 0,9 2,3 5,8 09:49 E 23 -3,5 -1,1 12:23 -7,6 23:59 21,8 0,0 0,0 2,3 5,8 19:01 E 24 -9,4 -5,8 23:26 -13,2 04:11 27,7 0,0 0,0 1,0 4,4 20:26 ENE 25 -7,8 -6,3 01:24 -9,4 16:45 26,1 0,0 0,0 2,2 4,4 17:33 ENE 26 -6,6 -4,3 18:50 -8,7 00:43 24,9 0,0 0,0 2,2 4,8 04:45 ESE 27 -8,4 -5,1 14:00 -11,4 04:44 26,7 0,0 0,0 2,6 5,4 10:20 ESE 28 -9,0 -5,8 14:40 -12,0 20:04 27,3 0,0 0,0 2,1 5,1 04:34 ESE 29 -13,5 -9,8 14:08 -16,1 05:58 31,8 0,0 0,0 0,9 3,4 01:43 E 30 -12,5 -8,1 13:57 -16,7 03:46 30,8 0,0 0,0 0,4 1,7 13:09 E 31 -12,9 -11,2 13:29 -14,5 22:05 31,2 0,0 0,0 0,9 3,4 19:25 E ---------------------------------------------------------------------------------- -5,2 3,3 4 -16,7 30 729,6 0,0 24,3 0,9 8,2 4 E Max >= 25,0: 0 Max <= 0,0: 21 Min <= 0,0: 30 Min <= -10,0: 11 Max Rain: 12,6 on day 4 Days of Rain: 7 (>= 0,2 mm) 4 (>= 1,0 mm) 1 (>= 10,0 mm) Heat Base: 17,0 Cool Base: 17,0 Method: Integration
Vuosiraporttien keskiarvotiedot pohjautuvat Ilmatieteenlaitoksen säähavantoihin.
Vertailutietona on käytetty Lohja Porla sääaseman tietoja. Lähde: Ilmatieteen laitos Ilmastollinen vertailukausi 1981-2010
Vertailutietona on käytetty Lohja Porla sääaseman tietoja. Lähde: Ilmatieteen laitos Ilmastollinen vertailukausi 1981-2010
© 2011-2024, opexi.fi | Sivun tietoja ei saa käyttää ihmisen tai omaisuuden suojeluun |
Sivu päivitetty 25.4.2024 8:05:00
powered by
Cumulus
v1.9.4 (1091)