OPEx sääasema
Leveysaste N 60° 15' 27" Pituusaste E 23° 44' 53" Korkeus merenpinnasta 54 m
NOAA-raportit
Valitse raportti
Monthly Climatological Summary for elo 2012 Name: OPEx Sääasema City: Karjalohja State: Finland - Davis Vantage Pro2 Elevation: 54 m Lat: N 60° 15' 45" Lon: E 023° 45' 29" Temperature (°C), Rain (mm), Wind Speed (m/s) Heat Cool Avg Mean Deg Deg Wind Dom Day Temp High Time Low Time Days Days Rain Speed High Time Dir ---------------------------------------------------------------------------------- 1 15,3 19,2 15:15 12,3 00:38 2,1 0,4 1,0 0,2 4,0 20:38 SSE 2 16,6 20,9 10:59 11,6 03:08 1,7 1,3 0,0 0,4 5,8 14:38 SSW 3 17,3 21,7 10:44 11,3 04:39 1,3 1,7 0,0 0,5 4,5 11:42 ESE 4 18,0 21,2 11:56 14,8 02:05 0,5 1,5 0,2 0,3 4,9 14:20 W 5 17,9 22,4 10:35 13,9 23:54 0,9 1,8 0,0 0,3 7,2 12:51 S 6 17,9 22,4 13:15 13,3 00:29 0,9 1,8 10,4 0,9 5,4 17:44 E 7 17,0 18,4 11:27 15,2 23:52 0,4 0,4 3,0 0,6 5,4 12:09 SSE 8 15,1 18,3 13:34 9,0 23:57 1,9 0,1 0,0 0,4 4,5 00:07 NW 9 12,5 17,0 15:33 6,4 03:56 4,5 0,0 0,0 0,5 4,5 16:43 NE 10 11,3 15,4 14:11 5,6 05:01 5,7 0,0 0,0 0,7 5,8 15:23 NE 11 12,0 15,3 16:55 7,6 23:56 5,0 0,0 0,0 0,3 3,6 09:36 NNE 12 13,4 18,8 11:05 5,4 05:00 3,9 0,4 0,0 0,1 3,6 12:19 ESE 13 15,2 19,2 15:41 10,2 23:56 2,3 0,5 0,0 0,5 4,0 10:51 E 14 16,1 22,2 16:22 8,7 02:28 2,8 1,9 0,0 1,2 9,4 15:50 NE 15 16,9 22,9 11:54 10,9 05:50 2,0 2,0 0,0 0,7 6,3 11:46 ENE 16 16,8 22,6 13:43 9,8 04:17 2,2 2,0 0,0 0,5 4,9 12:29 E 17 16,8 23,1 13:33 12,3 06:13 1,6 1,4 2,2 0,2 4,0 13:41 ENE 18 16,1 21,9 17:27 9,9 05:24 2,2 1,3 0,0 0,1 2,7 18:02 NE 19 17,2 18,8 09:34 15,2 00:54 0,4 0,6 0,6 0,0 4,0 23:48 NNE 20 13,1 16,3 00:00 6,6 23:50 3,9 0,0 1,2 1,3 6,3 06:51 NE 21 11,4 15,3 14:04 4,6 03:07 5,6 0,0 0,0 0,6 5,8 09:55 ESE 22 16,2 20,5 13:15 12,4 00:00 1,5 0,7 9,8 0,4 4,5 11:13 SSE 23 14,2 17,1 16:00 12,2 23:53 2,8 0,0 8,4 0,1 2,2 08:55 NW 24 13,1 16,2 14:13 9,4 05:01 3,9 0,0 2,2 0,1 3,1 14:05 ENE 25 13,0 18,5 15:28 7,5 06:11 4,1 0,1 0,0 0,1 3,1 14:35 ENE 26 14,1 19,1 15:10 8,2 03:08 3,3 0,4 2,2 0,6 5,8 15:32 E 27 15,1 18,3 11:42 11,2 23:53 1,9 0,0 21,2 0,5 4,5 00:21 ENE 28 12,4 14,8 16:17 10,4 05:45 4,6 0,0 0,0 0,4 4,5 10:26 NW 29 12,8 16,4 14:53 7,2 23:54 4,2 0,0 0,0 0,0 2,2 15:52 NNE 30 12,5 19,2 14:02 5,2 05:08 4,8 0,3 0,0 0,4 3,6 13:16 E 31 14,4 17,9 12:07 11,5 02:20 2,6 0,1 0,0 2,0 8,0 14:37 E ---------------------------------------------------------------------------------- 14,9 23,1 17 4,6 21 85,5 20,7 62,4 0,5 9,4 14 ENE Max >= 25,0: 0 Max <= 0,0: 0 Min <= 0,0: 0 Min <= -10,0: 0 Max Rain: 21,2 on day 27 Days of Rain: 12 (>= 0,1 mm) 10 (>= 1,0 mm) 2 (>= 10,0 mm) Heat Base: 17,0 Cool Base: 17,0 Method: Integration
Vuosiraporttien keskiarvotiedot pohjautuvat Ilmatieteenlaitoksen säähavantoihin.
Vertailutietona on käytetty Lohja Porla sääaseman tietoja. Lähde: Ilmatieteen laitos Ilmastollinen vertailukausi 1981-2010
Vertailutietona on käytetty Lohja Porla sääaseman tietoja. Lähde: Ilmatieteen laitos Ilmastollinen vertailukausi 1981-2010
© 2011-2024, opexi.fi | Sivun tietoja ei saa käyttää ihmisen tai omaisuuden suojeluun |
Sivu päivitetty 28.3.2024 15:30:01
powered by
Cumulus
v1.9.4 (1091)