OPEx sääasema
Leveysaste N 60° 15' 27" Pituusaste E 23° 44' 53" Korkeus merenpinnasta 54 m
NOAA-raportit
Valitse raportti
Annual Climatological Summary for 2013 Name: OPEx Sääasema City: Karjalohja State: Finland - Davis Vantage Pro2 Elevation: 54 m Lat: N 60° 15' 45" Lon: E 023° 45' 29" Temperature (°C), Heat Base: 17,0 Cool Base: 17,0 Dep. Heat Cool Max Max Min Min Mean Mean From Deg Deg >= <= <= <= YR MO Max Min Mean Norm Days Days Hi Date Low Date 25,0 0,0 0,0 -10,0 ------------------------------------------------------------------------------------ 13 1 -3,0 -9,1 -5,6 -1,1 694 0 3,9 1 -29,4 19 0 20 28 11 13 2 0,1 -6,0 -2,5 2,9 542 0 5,2 27 -18,1 21 0 12 27 6 13 3 -0,9 -15,3 -7,0 -5,2 730 0 3,6 1 -26,4 14 0 19 31 23 13 4 7,0 -3,1 2,3 -1,6 434 0 12,2 25 -12,5 9 0 0 17 7 13 5 18,0 7,6 13,0 2,5 140 16 24,3 17 -1,3 3 0 0 3 0 13 6 21,7 11,6 17,1 2,3 52 55 28,1 26 6,2 20 7 0 0 0 13 7 22,3 11,8 17,4 -0,2 41 55 27,4 28 8,3 4 6 0 0 0 13 8 22,3 10,5 16,4 0,6 67 49 28,1 7 5,0 27 6 0 0 0 13 9 16,0 6,8 11,4 0,5 173 7 22,7 8 -0,5 26 0 0 1 0 13 10 10,2 2,2 6,6 0,5 321 0 14,2 7 -6,0 22 0 0 13 0 13 11 6,0 0,7 3,7 2,8 398 0 9,7 1 -7,8 26 0 0 11 0 13 12 3,8 -0,4 1,8 4,5 470 0 7,4 13 -11,7 9 0 3 14 2 ------------------------------------------------------------------------------------ 10,3 1,4 6,2 0,7 4066 185 28,1kesä -29,4tammi 19 54 145 49 Precipitation (mm) Dep. Max Days of Rain From Obs. >= YR MO Total Norm Day Date 0,1 1,0 10,0 --------------------------------------------- 13 1 45,4 -14,6 13,2 30 17 9 2 13 2 25,6 -17,4 5,4 5 14 9 0 13 3 12,6 -29,4 3,6 2 8 5 0 13 4 37,2 3,2 9,6 18 15 10 0 13 5 19,8 -18,2 7,6 9 6 3 0 13 6 66,0 7,0 18,6 7 11 9 3 13 7 18,0 -57,0 3,8 26 9 6 0 13 8 90,0 2,0 37,6 14 13 12 2 13 9 47,4 -14,6 11,8 12 13 7 2 13 10 94,4 14,4 21,8 18 17 15 3 13 11 101,2 23,2 18,6 4 23 15 2 13 12 73,2 9,2 8,8 23 22 17 0 --------------------------------------------- 630,8 -92,2 37,6 elo 168 117 14 Wind Speed (m/s) Dom YR MO Avg. Hi Date Dir ------------------------------ 13 1 0,7 10,7 11 NE 13 2 0,8 9,4 5 ENE 13 3 1,1 11,2 20 NE 13 4 0,8 9,4 18 ESE 13 5 1,2 12,5 26 E 13 6 0,5 7,2 16 E 13 7 0,5 9,8 22 NNE 13 8 0,2 8,5 12 E 13 9 0,8 9,4 18 ENE 13 10 0,4 9,8 18 S 13 11 0,6 10,3 9 SE 13 12 0,8 12,1 1 SSE ------------------------------ 0,7 12,5touko E
Vuosiraporttien keskiarvotiedot pohjautuvat Ilmatieteenlaitoksen säähavantoihin.
Vertailutietona on käytetty Lohja Porla sääaseman tietoja. Lähde: Ilmatieteen laitos Ilmastollinen vertailukausi 1981-2010
Vertailutietona on käytetty Lohja Porla sääaseman tietoja. Lähde: Ilmatieteen laitos Ilmastollinen vertailukausi 1981-2010
© 2011-2024, opexi.fi | Sivun tietoja ei saa käyttää ihmisen tai omaisuuden suojeluun |
Sivu päivitetty 20.4.2024 0:55:01
powered by
Cumulus
v1.9.4 (1091)