OPEx sääasema
Leveysaste N 60° 15' 27" Pituusaste E 23° 44' 53" Korkeus merenpinnasta 54 m
NOAA-raportit
Valitse raportti
Monthly Climatological Summary for touko 2013 Name: OPEx Sääasema City: Karjalohja State: Finland - Davis Vantage Pro2 Elevation: 54 m Lat: N 60° 15' 45" Lon: E 023° 45' 29" Temperature (°C), Rain (mm), Wind Speed (m/s) Heat Cool Avg Mean Deg Deg Wind Dom Day Temp High Time Low Time Days Days Rain Speed High Time Dir ---------------------------------------------------------------------------------- 1 6,4 12,2 14:23 0,6 05:45 10,6 0,0 0,0 0,4 5,4 15:38 WNW 2 5,5 10,7 12:00 -1,0 03:37 11,2 0,0 0,0 0,8 8,0 11:07 SSW 3 7,0 13,1 12:57 -1,3 05:38 9,6 0,0 0,0 0,4 6,3 13:35 SSW 4 8,2 14,9 12:49 1,1 04:33 8,8 0,0 0,0 0,6 7,6 12:57 SSW 5 7,2 11,2 11:32 4,7 04:54 9,8 0,0 0,8 0,8 5,4 14:20 W 6 8,4 15,6 16:02 -1,1 05:00 8,6 0,0 0,0 0,8 5,8 12:28 SE 7 10,8 17,4 14:58 2,3 02:53 6,2 0,0 0,0 0,6 5,8 12:07 SSW 8 12,7 20,6 16:06 3,3 05:24 5,0 0,7 0,0 0,8 4,0 11:54 E 9 13,8 20,2 12:59 10,1 04:54 3,4 0,2 7,6 1,1 5,8 07:40 ESE 10 13,9 18,5 16:07 11,2 06:13 3,2 0,1 0,0 0,2 3,6 16:52 SW 11 13,3 18,7 14:48 8,1 23:56 3,9 0,2 0,0 0,3 5,8 15:51 WSW 12 11,1 16,3 16:11 3,8 04:48 5,9 0,0 0,0 0,3 3,6 12:07 ESE 13 10,9 17,7 13:37 3,2 04:54 6,1 0,1 0,0 0,5 4,5 16:32 ESE 14 10,9 17,1 16:55 2,3 05:08 6,1 0,0 0,0 0,7 6,3 15:54 S 15 10,1 14,1 16:10 4,6 03:20 6,9 0,0 0,0 0,5 4,5 10:49 ESE 16 13,1 20,7 15:07 1,8 05:18 4,9 1,0 0,0 1,2 5,8 11:25 E 17 17,5 24,3 13:13 10,8 00:00 1,5 2,0 0,0 2,2 8,5 17:14 ENE 18 16,9 19,6 17:25 14,7 00:56 0,7 0,6 0,0 1,9 5,8 18:13 ENE 19 18,4 22,1 19:04 14,3 03:51 0,6 2,0 0,0 1,2 4,9 09:42 ENE 20 16,0 18,2 19:36 13,1 02:13 1,1 0,2 0,0 1,5 6,7 17:51 ENE 21 16,8 20,9 12:19 12,9 04:54 1,3 1,1 0,0 2,7 9,8 12:47 E 22 12,4 16,0 00:36 10,0 23:47 4,6 0,0 7,2 1,9 8,5 11:52 ENE 23 10,6 11,4 06:04 9,6 11:56 6,4 0,0 3,4 1,2 5,8 11:48 NE 24 13,5 17,5 16:12 10,5 01:05 3,5 0,0 0,2 0,6 4,0 18:01 ENE 25 15,2 19,2 16:13 10,6 00:07 2,2 0,5 0,0 1,9 9,4 18:30 NE 26 15,5 20,7 12:33 12,4 04:25 2,1 0,5 0,6 2,7 12,5 16:49 ENE 27 15,8 19,5 15:48 12,4 04:01 1,9 0,7 0,0 1,5 7,2 14:17 E 28 17,9 22,1 11:12 12,8 04:50 1,0 1,9 0,0 2,5 11,6 13:12 E 29 18,1 23,0 18:35 13,8 23:54 0,9 2,0 0,0 1,7 7,6 14:03 ENE 30 16,8 20,3 11:51 13,3 04:54 1,0 0,9 0,0 1,0 5,8 13:13 E 31 17,4 23,1 12:09 9,7 03:59 1,7 2,1 0,0 1,4 6,7 11:51 E ---------------------------------------------------------------------------------- 13,0 24,3 17 -1,3 3 140,7 16,8 19,8 1,2 12,5 26 E Max >= 25,0: 0 Max <= 0,0: 0 Min <= 0,0: 3 Min <= -10,0: 0 Max Rain: 7,6 on day 9 Days of Rain: 6 (>= 0,1 mm) 3 (>= 1,0 mm) 0 (>= 10,0 mm) Heat Base: 17,0 Cool Base: 17,0 Method: Integration
Vuosiraporttien keskiarvotiedot pohjautuvat Ilmatieteenlaitoksen säähavantoihin.
Vertailutietona on käytetty Lohja Porla sääaseman tietoja. Lähde: Ilmatieteen laitos Ilmastollinen vertailukausi 1981-2010
Vertailutietona on käytetty Lohja Porla sääaseman tietoja. Lähde: Ilmatieteen laitos Ilmastollinen vertailukausi 1981-2010
© 2011-2024, opexi.fi | Sivun tietoja ei saa käyttää ihmisen tai omaisuuden suojeluun |
Sivu päivitetty 29.3.2024 11:55:01
powered by
Cumulus
v1.9.4 (1091)