OPEx sääasema
Leveysaste N 60° 15' 27" Pituusaste E 23° 44' 53" Korkeus merenpinnasta 54 m
NOAA-raportit
Valitse raportti
Monthly Climatological Summary for loka 2013 Name: OPEx Sääasema City: Karjalohja State: Finland - Davis Vantage Pro2 Elevation: 54 m Lat: N 60° 15' 45" Lon: E 023° 45' 29" Temperature (°C), Rain (mm), Wind Speed (m/s) Heat Cool Avg Mean Deg Deg Wind Dom Day Temp High Time Low Time Days Days Rain Speed High Time Dir ---------------------------------------------------------------------------------- 1 3,9 6,2 12:14 -1,6 23:49 13,1 0,0 0,0 0,4 4,0 12:53 NNE 2 3,1 9,8 15:06 -4,2 07:14 13,9 0,0 0,0 0,0 1,8 12:42 S 3 6,7 13,1 14:21 -0,7 07:43 10,3 0,0 0,0 0,1 4,5 16:47 WSW 4 6,0 12,4 13:27 -1,7 07:00 10,9 0,0 0,0 0,2 5,4 17:01 S 5 10,1 11,7 11:18 7,4 00:04 6,9 0,0 0,0 0,7 6,3 18:57 SSW 6 10,7 13,7 14:07 8,4 19:29 6,3 0,0 3,4 0,1 4,5 00:35 SSW 7 10,8 14,2 14:31 5,3 23:31 6,2 0,0 0,0 0,1 1,8 00:44 SE 8 11,5 13,6 17:11 5,5 00:08 5,5 0,0 1,0 0,1 3,1 15:25 S 9 12,5 13,3 03:25 11,9 08:35 4,5 0,0 6,0 0,5 5,4 11:43 S 10 12,0 13,7 14:29 10,7 04:00 5,0 0,0 0,0 0,1 3,1 11:55 S 11 8,5 11,4 00:47 3,9 23:58 8,5 0,0 0,0 0,1 3,6 04:01 NNW 12 5,8 11,9 14:46 0,2 06:54 11,2 0,0 0,0 0,0 1,3 11:56 E 13 8,6 12,4 13:52 4,0 23:59 8,4 0,0 0,0 0,4 4,5 13:55 N 14 3,9 10,1 14:02 -2,1 08:27 13,1 0,0 0,0 0,1 2,7 16:50 ESE 15 8,3 9,3 12:40 4,8 00:21 8,7 0,0 0,0 0,1 4,0 14:55 WNW 16 2,1 7,1 00:00 -2,6 23:56 14,9 0,0 0,0 0,3 4,0 01:14 N 17 2,4 7,2 22:58 -3,8 03:26 14,6 0,0 3,4 0,4 4,0 13:13 SE 18 2,9 7,2 01:36 -1,3 23:32 14,1 0,0 21,8 1,2 9,8 14:33 NW 19 2,1 6,6 13:14 -0,8 23:21 14,9 0,0 0,6 0,3 5,4 11:41 WNW 20 -0,9 4,9 12:53 -4,5 23:23 17,5 0,0 0,2 0,1 2,2 13:39 NNW 21 -1,5 4,4 14:05 -5,9 08:46 18,5 0,0 0,0 0,2 2,7 13:12 N 22 0,0 4,8 13:28 -6,0 02:28 17,0 0,0 3,2 1,1 7,6 20:23 ESE 23 8,3 11,2 23:48 3,0 00:00 8,7 0,0 5,2 1,2 8,0 11:49 S 24 10,8 11,8 13:50 8,8 21:39 6,2 0,0 6,6 0,7 7,2 18:50 S 25 8,0 11,3 13:59 2,2 23:59 9,0 0,0 1,8 0,4 5,8 00:19 W 26 6,7 11,2 23:51 0,1 02:06 10,3 0,0 4,4 0,4 5,8 13:05 SE 27 10,8 12,3 11:50 9,9 20:56 6,4 0,0 1,0 0,3 4,0 18:54 S 28 10,6 11,4 04:21 9,8 22:34 6,4 0,0 21,2 1,0 7,2 19:01 S 29 9,6 10,9 00:30 7,9 20:26 7,4 0,0 12,0 0,8 8,0 01:08 SW 30 6,3 8,9 13:25 0,9 23:46 10,7 0,0 1,6 0,1 3,1 00:21 WNW 31 5,0 9,2 23:21 -0,1 04:18 12,0 0,0 1,0 0,3 4,9 20:08 S ---------------------------------------------------------------------------------- 6,6 14,2 7 -6,0 22 321,1 0,0 94,4 0,4 9,8 18 SSW Max >= 25,0: 0 Max <= 0,0: 0 Min <= 0,0: 13 Min <= -10,0: 0 Max Rain: 21,8 on day 18 Days of Rain: 17 (>= 0,1 mm) 15 (>= 1,0 mm) 3 (>= 10,0 mm) Heat Base: 17,0 Cool Base: 17,0 Method: Integration
Vuosiraporttien keskiarvotiedot pohjautuvat Ilmatieteenlaitoksen säähavantoihin.
Vertailutietona on käytetty Lohja Porla sääaseman tietoja. Lähde: Ilmatieteen laitos Ilmastollinen vertailukausi 1981-2010
Vertailutietona on käytetty Lohja Porla sääaseman tietoja. Lähde: Ilmatieteen laitos Ilmastollinen vertailukausi 1981-2010
© 2011-2024, opexi.fi | Sivun tietoja ei saa käyttää ihmisen tai omaisuuden suojeluun |
Sivu päivitetty 29.3.2024 11:45:01
powered by
Cumulus
v1.9.4 (1091)