OPEx sääasema
Leveysaste N 60° 15' 27" Pituusaste E 23° 44' 53" Korkeus merenpinnasta 54 m
NOAA-raportit
Valitse raportti
Monthly Climatological Summary for marras 2013 Name: OPEx Sääasema City: Karjalohja State: Finland - Davis Vantage Pro2 Elevation: 54 m Lat: N 60° 15' 45" Lon: E 023° 45' 29" Temperature (°C), Rain (mm), Wind Speed (m/s) Heat Cool Avg Mean Deg Deg Wind Dom Day Temp High Time Low Time Days Days Rain Speed High Time Dir ---------------------------------------------------------------------------------- 1 8,7 9,7 03:05 7,6 17:00 8,2 0,0 9,8 0,6 6,7 21:22 S 2 7,0 9,2 12:06 4,7 06:21 9,9 0,0 0,8 0,2 3,6 03:43 S 3 4,3 7,3 23:27 2,2 09:02 12,7 0,0 1,0 1,5 8,0 23:08 E 4 7,1 7,7 03:17 4,4 22:11 9,9 0,0 18,6 0,9 8,0 00:36 ESE 5 6,5 7,9 12:22 5,7 00:00 10,5 0,0 6,2 1,6 9,8 15:58 SE 6 4,5 7,3 13:48 1,5 06:29 12,5 0,0 0,6 0,1 3,6 00:03 SSE 7 3,9 6,1 14:43 1,6 08:41 13,1 0,0 0,6 0,0 1,8 14:40 SE 8 5,2 7,0 23:59 2,7 00:54 11,8 0,0 9,8 0,2 3,1 03:03 SSE 9 6,7 8,3 11:14 4,0 22:37 10,3 0,0 7,2 1,5 10,3 21:09 ESE 10 5,2 7,1 03:03 1,2 23:04 11,8 0,0 8,4 0,8 9,8 11:20 S 11 1,5 3,8 04:27 -2,7 23:14 15,5 0,0 0,0 0,0 1,8 13:11 NW 12 4,4 7,3 21:58 -2,8 00:04 12,6 0,0 8,2 0,9 7,2 11:45 S 13 5,3 7,1 00:00 1,9 23:16 11,7 0,0 0,0 0,3 4,9 02:02 S 14 1,3 3,4 14:31 -0,3 08:12 15,7 0,0 0,2 0,0 1,8 12:05 WSW 15 4,1 7,2 19:24 -0,8 03:39 12,9 0,0 1,6 0,5 8,5 20:27 S 16 6,4 7,6 13:22 5,2 18:35 10,3 0,0 0,6 0,3 4,0 00:08 SSW 17 5,6 7,7 07:53 0,1 23:50 11,5 0,0 0,0 1,0 7,6 11:09 WNW 18 2,4 5,9 12:53 -1,8 04:26 14,6 0,0 0,2 0,6 6,3 13:39 S 19 5,7 6,8 23:22 4,1 01:51 11,3 0,0 10,2 0,9 6,3 00:33 SSW 20 4,2 6,9 00:29 2,3 16:24 12,9 0,0 2,8 0,9 6,3 01:48 NE 21 4,8 7,6 20:56 2,6 07:19 12,2 0,0 9,4 2,2 8,5 04:33 ENE 22 5,2 7,3 00:00 1,3 22:08 11,8 0,0 1,0 0,2 3,6 20:00 WNW 23 1,1 2,1 23:27 -0,3 17:35 15,9 0,0 0,0 0,1 3,6 23:27 S 24 0,3 2,6 02:27 -1,8 19:09 16,0 0,0 1,0 0,2 4,0 00:01 WNW 25 -1,7 0,2 01:46 -4,1 07:26 18,7 0,0 0,0 0,3 2,7 12:17 NW 26 -3,3 3,2 23:52 -7,8 08:28 20,3 0,0 0,0 0,2 5,8 23:56 S 27 4,1 5,9 22:32 2,6 01:27 12,9 0,0 2,0 0,4 5,4 00:21 WSW 28 3,6 5,3 00:00 2,1 20:09 13,4 0,0 0,6 1,3 8,0 21:44 WNW 29 -1,9 2,2 00:00 -7,4 23:18 18,9 0,0 0,0 1,0 9,8 03:35 NW 30 -2,0 2,1 14:28 -7,8 00:50 18,7 0,0 0,4 0,5 6,7 17:58 WSW ---------------------------------------------------------------------------------- 3,7 9,7 1 -7,8 26 398,5 0,0 101,2 0,6 10,3 9 SSE Max >= 25,0: 0 Max <= 0,0: 0 Min <= 0,0: 11 Min <= -10,0: 0 Max Rain: 18,6 on day 4 Days of Rain: 23 (>= 0,1 mm) 15 (>= 1,0 mm) 2 (>= 10,0 mm) Heat Base: 17,0 Cool Base: 17,0 Method: Integration
Vuosiraporttien keskiarvotiedot pohjautuvat Ilmatieteenlaitoksen säähavantoihin.
Vertailutietona on käytetty Lohja Porla sääaseman tietoja. Lähde: Ilmatieteen laitos Ilmastollinen vertailukausi 1981-2010
Vertailutietona on käytetty Lohja Porla sääaseman tietoja. Lähde: Ilmatieteen laitos Ilmastollinen vertailukausi 1981-2010
© 2011-2024, opexi.fi | Sivun tietoja ei saa käyttää ihmisen tai omaisuuden suojeluun |
Sivu päivitetty 25.4.2024 1:25:01
powered by
Cumulus
v1.9.4 (1091)