OPEx sääasema
Leveysaste N 60° 15' 27" Pituusaste E 23° 44' 53" Korkeus merenpinnasta 54 m
NOAA-raportit
Valitse raportti
Monthly Climatological Summary for elo 2015 Name: OPEx City: Karjalohja State: Finland - Davis Vantage Pro2 Elevation: 54 m Lat: N 60° 15' 27" Lon: E 023° 44' 53" Temperature (°C), Rain (mm), Wind Speed (m/s) Heat Cool Avg Mean Deg Deg Wind Dom Day Temp High Time Low Time Days Days Rain Speed High Time Dir ---------------------------------------------------------------------------------- 1 13,9 19,3 13:27 9,0 04:55 3,4 0,3 0,0 0,1 3,1 11:47 LLu 2 15,3 20,1 12:38 10,2 02:54 2,3 0,6 0,0 0,4 6,7 15:47 ELo 3 15,9 21,3 15:47 11,4 05:28 2,1 1,1 0,0 0,0 3,1 16:40 ELo 4 15,7 22,2 14:46 8,5 06:20 2,6 1,4 0,0 0,1 3,6 16:47 ELo 5 15,7 22,1 14:59 7,4 05:48 2,8 1,5 2,6 1,4 6,7 12:38 I 6 19,4 24,7 16:19 14,3 23:58 0,2 2,6 0,2 0,5 4,9 09:11 I 7 17,7 24,8 14:20 10,4 04:10 2,0 2,7 0,0 0,0 3,1 17:38 EKa 8 19,6 26,5 14:12 12,4 01:00 0,8 3,4 0,2 0,3 4,0 13:25 Ka 9 18,3 23,9 15:23 13,8 23:55 0,9 2,2 0,0 0,0 1,8 09:58 LLu 10 17,4 24,4 15:14 10,1 05:42 2,0 2,4 0,0 0,0 2,2 11:45 E 11 18,0 24,5 15:01 9,7 05:48 2,0 3,0 0,0 0,3 4,0 16:02 I 12 18,5 24,3 13:03 13,7 23:47 0,9 2,4 0,0 0,1 3,1 10:37 I 13 16,0 19,9 13:35 11,9 23:54 1,7 0,7 0,0 0,3 4,0 10:54 LU 14 15,1 21,7 15:06 6,1 06:18 3,4 1,5 0,0 0,1 4,0 13:16 ELo 15 15,5 21,7 15:28 8,3 06:22 2,7 1,2 0,0 0,5 4,9 10:35 PKo 16 14,8 21,4 14:19 7,8 05:38 3,4 1,2 0,0 0,9 7,2 15:03 Ko 17 14,1 21,3 15:09 5,8 06:12 4,0 1,1 0,0 0,7 5,4 14:45 IKo 18 15,1 22,6 15:21 6,2 05:44 3,6 1,7 0,0 0,4 4,0 10:37 IKo 19 14,8 21,6 14:49 7,2 06:08 3,4 1,2 0,0 0,4 4,0 14:42 I 20 15,1 22,8 15:12 6,9 06:36 3,6 1,7 0,0 0,3 3,1 11:07 I 21 14,8 22,2 15:10 6,9 06:37 3,7 1,4 0,0 0,0 2,2 11:42 ELo 22 14,9 22,2 14:40 6,8 05:04 3,7 1,6 0,0 0,1 2,7 13:52 I 23 16,4 24,6 14:16 7,7 05:26 3,1 2,5 0,0 0,3 4,5 13:47 I 24 17,3 24,6 13:55 9,0 06:02 2,4 2,7 0,0 0,7 5,8 14:41 I 25 18,7 24,8 13:55 11,2 06:26 1,3 3,0 0,0 1,2 6,7 20:42 I 26 17,2 19,5 15:27 13,2 23:47 0,4 0,7 2,8 0,3 4,5 17:58 I 27 16,7 20,6 15:39 10,7 04:21 1,7 1,3 0,2 0,4 4,5 21:15 EKa 28 16,0 17,7 15:40 13,3 23:02 1,1 0,1 9,8 0,2 6,3 01:20 ELo 29 15,3 21,0 13:40 9,4 23:53 2,4 0,8 0,0 0,1 3,6 13:23 LLu 30 12,4 20,1 14:12 6,6 04:27 5,0 0,4 3,6 0,1 4,9 13:40 PKo 31 12,7 20,1 14:29 5,8 05:54 4,8 0,5 0,0 0,0 2,7 11:09 IKa ---------------------------------------------------------------------------------- 16,1 26,5 8 5,8 17 77,4 48,9 19,4 0,3 7,2 16 I Max >= 25,0: 1 Max <= 0,0: 0 Min <= 0,0: 0 Min <= -10,0: 0 Max Rain: 9,8 on day 28 Days of Rain: 7 (>= 0,2 mm) 4 (>= 1,0 mm) 0 (>= 10,0 mm) Heat Base: 17,0 Cool Base: 17,0 Method: Integration
Vuosiraporttien keskiarvotiedot pohjautuvat Ilmatieteenlaitoksen säähavantoihin.
Vertailutietona on käytetty Lohja Porla sääaseman tietoja. Lähde: Ilmatieteen laitos Ilmastollinen vertailukausi 1981-2010
Vertailutietona on käytetty Lohja Porla sääaseman tietoja. Lähde: Ilmatieteen laitos Ilmastollinen vertailukausi 1981-2010
© 2011-2024, opexi.fi | Sivun tietoja ei saa käyttää ihmisen tai omaisuuden suojeluun |
Sivu päivitetty 29.3.2024 14:30:01
powered by
Cumulus
v1.9.4 (1091)