OPEx sääasema
Leveysaste N 60° 15' 27" Pituusaste E 23° 44' 53" Korkeus merenpinnasta 54 m
NOAA-raportit
Valitse raportti
Monthly Climatological Summary for joulu 2015 Name: OPEx City: Karjalohja State: Finland - Davis Vantage Pro2 Elevation: 54 m Lat: N 60° 15' 27" Lon: E 023° 44' 53" Temperature (°C), Rain (mm), Wind Speed (m/s) Heat Cool Avg Mean Deg Deg Wind Dom Day Temp High Time Low Time Days Days Rain Speed High Time Dir ---------------------------------------------------------------------------------- 1 2,3 3,0 23:54 1,6 07:52 14,7 0,0 0,0 0,3 4,0 23:51 LLu 2 0,4 3,1 00:36 -3,2 20:20 16,6 0,0 0,0 0,5 4,5 01:44 LU 3 3,3 6,8 10:05 0,2 00:00 13,7 0,0 2,6 0,3 5,8 05:18 E 4 3,6 6,7 18:22 -1,5 03:12 13,4 0,0 14,8 0,9 10,7 18:26 E 5 5,5 8,3 20:09 1,6 09:26 11,5 0,0 8,8 1,1 10,3 22:25 ELo 6 8,2 9,2 16:29 4,4 23:51 8,8 0,0 18,6 1,3 10,7 12:43 ELo 7 5,4 6,9 12:40 2,9 23:52 11,6 0,0 0,0 1,1 7,2 15:23 LLu 8 2,3 5,8 23:56 0,1 10:06 14,7 0,0 0,2 0,3 4,5 23:04 L 9 6,7 7,4 16:02 5,7 02:31 10,3 0,0 3,6 0,9 8,9 07:05 E 10 6,0 7,8 14:21 2,0 06:25 11,0 0,0 3,0 1,1 11,2 18:51 E 11 4,4 7,7 00:00 0,6 20:56 12,5 0,0 1,4 0,5 8,9 01:00 E 12 -0,2 1,3 00:00 -1,7 19:07 17,2 0,0 0,0 0,0 1,3 00:39 --- 13 1,1 1,6 12:10 0,3 00:59 15,9 0,0 0,8 0,3 2,7 20:12 PLu 14 -0,9 0,8 00:01 -3,6 15:25 17,9 0,0 2,2 0,2 2,2 01:18 LU 15 0,0 1,3 17:02 -2,3 07:08 17,0 0,0 0,0 0,0 2,7 17:38 LU 16 1,0 1,9 13:53 -0,1 08:26 16,0 0,0 0,0 0,0 3,6 11:57 LLu 17 1,7 3,4 23:42 0,7 08:38 15,2 0,0 5,8 0,2 4,5 18:21 Ka 18 5,5 7,7 17:23 3,4 00:00 11,5 0,0 4,0 0,5 4,5 16:44 Ka 19 4,6 7,3 05:44 0,7 23:54 12,4 0,0 0,0 0,1 4,0 02:16 P 20 8,1 10,1 16:18 0,7 00:00 8,9 0,0 2,0 0,6 6,3 23:07 EKa 21 7,9 9,1 02:30 6,4 22:06 9,1 0,0 0,0 0,9 7,2 10:34 EKa 22 5,3 7,2 00:13 1,8 21:38 11,7 0,0 0,0 0,3 4,9 01:15 E 23 5,0 7,4 05:55 3,1 00:00 12,0 0,0 2,4 0,2 5,4 04:04 E 24 4,1 5,8 21:56 2,4 16:08 9,7 0,0 0,4 0,3 7,2 21:25 E 25 5,8 7,3 09:16 4,6 19:22 11,2 0,0 6,0 1,2 8,9 13:17 ELo 26 1,3 5,7 00:20 -3,6 21:38 15,7 0,0 0,2 1,2 7,6 08:55 LLu 27 -5,3 -2,9 00:35 -8,8 22:59 21,8 0,0 0,0 0,1 2,7 01:24 LU 28 -7,3 -2,8 15:04 -10,6 09:01 24,3 0,0 0,0 0,0 1,3 01:05 PLu 29 -6,5 -2,0 02:26 -10,7 23:53 23,1 0,0 0,0 0,2 3,6 04:35 Ko 30 -2,6 0,5 14:32 -10,9 01:37 19,3 0,0 0,0 0,2 4,5 17:47 EKa 31 -0,7 0,7 06:30 -4,3 23:22 16,8 0,0 0,6 1,1 7,6 19:14 IKa ---------------------------------------------------------------------------------- 2,5 10,1 20 -10,9 30 445,5 0,0 77,4 0,5 11,2 10 ELo Max >= 25,0: 0 Max <= 0,0: 3 Min <= 0,0: 12 Min <= -10,0: 3 Max Rain: 18,6 on day 6 Days of Rain: 18 (>= 0,2 mm) 13 (>= 1,0 mm) 2 (>= 10,0 mm) Heat Base: 17,0 Cool Base: 17,0 Method: Integration
Vuosiraporttien keskiarvotiedot pohjautuvat Ilmatieteenlaitoksen säähavantoihin.
Vertailutietona on käytetty Lohja Porla sääaseman tietoja. Lähde: Ilmatieteen laitos Ilmastollinen vertailukausi 1981-2010
Vertailutietona on käytetty Lohja Porla sääaseman tietoja. Lähde: Ilmatieteen laitos Ilmastollinen vertailukausi 1981-2010
© 2011-2024, opexi.fi | Sivun tietoja ei saa käyttää ihmisen tai omaisuuden suojeluun |
Sivu päivitetty 29.3.2024 16:35:01
powered by
Cumulus
v1.9.4 (1091)