OPEx sääasema
Leveysaste N 60° 15' 27" Pituusaste E 23° 44' 53" Korkeus merenpinnasta 54 m
NOAA-raportit
Valitse raportti
Monthly Climatological Summary for tammi 2016 Name: OPEx City: Karjalohja State: Finland - Davis Vantage Pro2 Elevation: 54 m Lat: N 60° 15' 27" Lon: E 023° 44' 53" Temperature (°C), Rain (mm), Wind Speed (m/s) Heat Cool Avg Mean Deg Deg Wind Dom Day Temp High Time Low Time Days Days Rain Speed High Time Dir ---------------------------------------------------------------------------------- 1 -4,5 -3,4 09:10 -6,8 22:49 21,5 0,0 0,0 2,9 9,8 02:04 IKa 2 -8,3 -6,4 11:22 -12,5 23:53 25,2 0,0 0,2 1,7 6,7 00:06 I 3 -9,4 -7,2 16:09 -12,8 00:14 26,1 0,0 0,6 0,4 3,6 10:42 LU 4 -12,3 -6,6 05:50 -14,7 23:11 29,3 0,0 0,4 0,9 6,7 05:42 Ko 5 -17,7 -14,2 00:02 -19,8 09:59 34,7 0,0 0,0 1,0 4,5 20:42 PKo 6 -20,4 -18,5 00:00 -23,2 23:56 37,4 0,0 0,0 0,5 3,6 00:21 P 7 -23,9 -21,1 14:25 -25,7 23:57 40,1 0,0 0,0 0,0 1,8 00:44 P 8 -21,2 -10,9 23:35 -26,4 04:17 38,2 0,0 0,0 0,1 4,0 23:30 I 9 -11,8 -10,8 09:36 -13,3 23:53 28,8 0,0 0,2 1,1 4,5 18:09 Ko 10 -13,0 -8,7 23:54 -16,7 09:03 30,0 0,0 0,0 0,8 4,9 22:04 IKo 11 -6,7 -5,2 23:52 -8,7 00:00 23,7 0,0 1,2 3,7 10,7 09:38 I 12 -7,5 -5,2 00:00 -9,0 07:20 24,5 0,0 2,2 3,5 9,4 01:38 Ko 13 -10,0 -8,6 00:00 -10,7 11:45 25,6 0,0 0,4 2,0 7,2 07:06 PLu 14 -12,4 -10,1 00:00 -15,7 23:07 28,7 0,0 0,0 0,9 6,3 11:19 LU 15 -9,2 -5,6 18:26 -21,0 02:41 26,1 0,0 0,8 0,1 1,8 11:57 LU 16 -16,0 -9,2 00:00 -21,3 22:18 33,0 0,0 0,2 0,0 0,4 00:06 --- 17 -9,8 -5,9 11:11 -17,2 00:00 26,8 0,0 0,2 0,0 0,0 00:00 --- 18 -10,7 -9,3 14:24 -12,4 00:00 27,2 0,0 2,0 0,0 0,0 00:00 --- 19 -10,4 -9,5 12:30 -12,2 23:54 26,9 0,0 0,8 0,0 0,0 00:00 --- 20 -15,2 -12,0 00:27 -22,3 23:11 32,2 0,0 0,0 0,7 3,6 01:26 Ko 21 -18,1 -13,2 14:58 -25,1 23:59 35,1 0,0 0,6 0,0 0,9 02:39 --- 22 -20,9 -8,1 23:58 -28,4 08:44 37,9 0,0 0,0 0,0 0,0 00:00 --- 23 -3,0 -0,8 23:08 -8,1 00:00 20,0 0,0 0,2 0,0 2,2 23:11 EKa 24 -1,2 -0,3 01:43 -2,1 22:35 18,2 0,0 6,0 0,0 2,7 01:24 ELo 25 -1,7 -1,1 05:24 -2,5 23:41 18,7 0,0 0,0 0,0 2,2 22:15 ELo 26 1,1 3,4 14:33 -2,7 00:45 15,9 0,0 12,4 0,2 4,0 12:26 EKa 27 2,5 3,7 14:47 1,3 00:51 14,2 0,0 3,8 0,1 4,0 10:59 E 28 2,4 4,7 09:51 0,8 22:19 14,3 0,0 6,0 0,6 7,2 12:53 L 29 1,7 4,4 23:53 -1,6 08:30 15,3 0,0 3,6 1,0 8,5 19:30 Lo 30 4,0 4,7 00:32 2,1 23:46 13,0 0,0 0,0 1,5 9,4 00:36 E 31 1,0 2,6 14:50 -0,3 07:21 16,0 0,0 0,2 0,3 4,0 00:41 E ---------------------------------------------------------------------------------- -9,1 4,7 28 -28,4 22 804,6 0,0 42,0 0,8 10,7 11 IKo Max >= 25,0: 0 Max <= 0,0: 25 Min <= 0,0: 28 Min <= -10,0: 19 Max Rain: 12,4 on day 26 Days of Rain: 20 (>= 0,2 mm) 8 (>= 1,0 mm) 1 (>= 10,0 mm) Heat Base: 17,0 Cool Base: 17,0 Method: Integration
Vuosiraporttien keskiarvotiedot pohjautuvat Ilmatieteenlaitoksen säähavantoihin.
Vertailutietona on käytetty Lohja Porla sääaseman tietoja. Lähde: Ilmatieteen laitos Ilmastollinen vertailukausi 1981-2010
Vertailutietona on käytetty Lohja Porla sääaseman tietoja. Lähde: Ilmatieteen laitos Ilmastollinen vertailukausi 1981-2010
© 2011-2024, opexi.fi | Sivun tietoja ei saa käyttää ihmisen tai omaisuuden suojeluun |
Sivu päivitetty 28.3.2024 10:35:00
powered by
Cumulus
v1.9.4 (1091)