OPEx sääasema
Leveysaste N 60° 15' 27" Pituusaste E 23° 44' 53" Korkeus merenpinnasta 54 m
NOAA-raportit
Valitse raportti
Monthly Climatological Summary for elo 2016 Name: OPEx City: Karjalohja State: Finland - Davis Vantage Pro2 Elevation: 54 m Lat: N 60° 15' 27" Lon: E 023° 44' 53" Temperature (°C), Rain (mm), Wind Speed (m/s) Heat Cool Avg Mean Deg Deg Wind Dom Day Temp High Time Low Time Days Days Rain Speed High Time Dir ---------------------------------------------------------------------------------- 1 16,6 20,8 09:53 12,7 04:03 1,4 1,0 1,2 0,1 4,5 10:48 E 2 15,5 19,6 15:46 11,3 04:28 1,9 0,4 7,0 0,3 7,2 15:44 E 3 15,9 21,3 11:50 10,4 05:55 2,1 1,0 0,2 0,2 6,7 16:23 ELo 4 15,9 19,6 17:05 10,2 03:06 1,6 0,4 2,8 0,7 7,2 11:01 Ka 5 18,9 22,7 12:35 15,7 02:18 0,2 2,1 0,0 0,3 4,9 14:35 ELo 6 18,5 22,4 14:23 15,6 23:42 0,2 1,7 0,8 0,2 4,9 17:28 E 7 17,0 21,8 12:45 13,8 04:06 0,8 0,8 1,8 0,1 3,6 12:21 IKa 8 17,8 22,1 13:06 13,3 04:27 0,8 1,6 1,4 0,6 8,0 21:58 ELo 9 16,2 18,2 15:06 14,1 23:59 0,9 0,1 0,4 0,9 8,5 09:51 ELo 10 14,8 19,0 13:05 10,7 05:20 2,3 0,2 1,0 0,6 9,8 15:05 ELo 11 14,1 17,7 14:28 9,4 23:49 2,9 0,0 5,4 0,5 7,6 14:47 ELo 12 11,3 17,7 11:43 4,4 05:57 5,7 0,0 1,6 0,2 4,9 17:03 ELo 13 14,5 17,1 14:10 11,0 00:00 2,5 0,0 7,6 0,5 6,3 11:20 ELo 14 15,4 19,9 13:12 11,3 23:52 1,9 0,4 3,2 0,2 4,5 13:34 I 15 13,5 18,1 12:50 7,8 05:57 3,6 0,1 0,0 0,0 3,1 14:00 ELo 16 14,3 16,2 13:54 13,3 20:50 2,7 0,0 4,6 0,4 4,5 18:18 LU 17 14,8 18,4 13:27 12,9 06:28 2,3 0,0 2,2 1,8 10,7 16:54 Ko 18 15,2 17,8 16:27 13,1 06:42 1,8 0,1 2,6 2,2 7,2 06:03 IKo 19 16,5 21,0 15:06 14,0 22:21 1,2 0,7 2,2 1,4 8,0 17:03 I 20 16,3 21,8 13:28 11,3 23:53 1,9 1,1 0,0 0,1 3,1 12:05 E 21 16,1 23,4 14:51 9,1 04:24 2,5 1,6 0,6 0,4 4,0 12:26 I 22 17,4 19,2 16:06 15,3 23:56 0,2 0,6 3,6 0,2 3,6 15:06 EKa 23 15,3 20,2 14:00 10,9 23:56 2,1 0,4 31,4 0,2 3,6 12:56 I 24 14,3 19,1 15:22 9,3 02:56 3,0 0,3 0,2 0,0 3,1 16:44 Ko 25 16,3 21,1 13:49 11,5 00:10 1,7 1,0 0,2 0,1 4,5 15:09 E 26 17,0 18,9 11:20 15,3 23:59 0,5 0,5 6,8 0,3 3,6 14:50 I 27 17,0 19,3 14:34 11,8 23:54 0,7 0,7 0,0 0,5 7,6 11:59 PLu 28 12,9 17,1 13:28 7,5 04:20 4,1 0,0 0,0 0,0 1,8 13:39 LLu 29 13,0 14,9 12:14 10,7 00:36 3,9 0,0 9,2 1,5 7,6 11:43 IKo 30 12,4 15,4 15:59 10,1 23:17 4,5 0,0 6,2 0,2 3,6 00:25 PKo 31 13,6 19,6 15:16 5,9 06:20 3,8 0,5 0,0 0,1 3,6 21:33 ELo ---------------------------------------------------------------------------------- 15,4 23,4 21 4,4 12 65,7 17,3 104,2 0,5 10,7 17 I Max >= 25,0: 0 Max <= 0,0: 0 Min <= 0,0: 0 Min <= -10,0: 0 Max Rain: 31,4 on day 23 Days of Rain: 25 (>= 0,2 mm) 19 (>= 1,0 mm) 1 (>= 10,0 mm) Heat Base: 17,0 Cool Base: 17,0 Method: Integration
Vuosiraporttien keskiarvotiedot pohjautuvat Ilmatieteenlaitoksen säähavantoihin.
Vertailutietona on käytetty Lohja Porla sääaseman tietoja. Lähde: Ilmatieteen laitos Ilmastollinen vertailukausi 1981-2010
Vertailutietona on käytetty Lohja Porla sääaseman tietoja. Lähde: Ilmatieteen laitos Ilmastollinen vertailukausi 1981-2010
© 2011-2024, opexi.fi | Sivun tietoja ei saa käyttää ihmisen tai omaisuuden suojeluun |
Sivu päivitetty 29.3.2024 3:20:01
powered by
Cumulus
v1.9.4 (1091)