OPEx sääasema
Leveysaste N 60° 15' 27" Pituusaste E 23° 44' 53" Korkeus merenpinnasta 54 m
NOAA-raportit
Valitse raportti
Monthly Climatological Summary for kesä 2018 Name: OPEx City: Karjalohja State: Finland - Davis Vantage Pro2 Elevation: 54 m Lat: N 60° 15' 27" Lon: E 023° 44' 53" Temperature (°C), Rain (mm), Wind Speed (m/s) Heat Cool Avg Mean Deg Deg Wind Dom Day Temp High Time Low Time Days Days Rain Speed High Time Dir ---------------------------------------------------------------------------------- 1 16,1 22,3 15:57 7,7 05:07 2,6 1,7 0,0 0,2 4,9 15:56 E 2 18,9 26,7 13:20 10,3 04:54 1,4 3,3 0,0 0,1 2,2 10:08 LLu 3 18,8 25,5 13:42 11,5 04:43 1,4 3,2 0,0 0,3 3,1 13:28 LLu 4 14,9 18,7 12:41 10,1 23:56 2,2 0,1 0,2 0,7 4,0 13:36 LLu 5 10,1 12,9 13:26 7,3 04:25 6,9 0,0 0,0 0,7 5,8 16:36 LLu 6 10,0 14,7 14:24 5,0 04:50 7,0 0,0 0,0 0,2 2,7 12:10 LU 7 10,8 16,6 13:57 0,7 04:26 6,2 0,0 0,0 0,4 8,0 12:53 EKa 8 13,4 18,5 14:36 8,7 05:15 3,6 0,0 0,0 0,2 4,5 00:29 IKo 9 12,9 19,7 12:29 3,9 03:11 4,4 0,3 0,0 0,1 3,6 10:14 Ko 10 14,0 22,1 13:10 3,6 04:33 4,1 1,1 0,0 0,4 4,0 13:08 I 11 18,5 26,2 15:04 10,4 05:05 1,8 3,3 0,6 0,2 5,4 13:57 ELo 12 15,6 20,7 14:52 9,9 23:58 2,2 0,8 3,0 0,3 9,4 07:45 PLu 13 14,2 20,1 15:05 6,4 05:02 3,3 0,6 0,0 0,1 3,6 11:05 Ko 14 16,4 22,6 14:45 10,1 01:09 2,1 1,6 0,0 0,5 4,5 14:35 I 15 15,8 20,6 15:54 10,2 04:20 2,0 0,8 0,0 0,4 7,6 17:08 ELo 16 17,1 24,4 15:40 7,7 05:00 2,4 2,5 0,0 0,5 4,5 15:23 I 17 18,4 26,1 14:45 9,0 04:53 2,1 3,4 0,0 0,6 4,5 12:14 I 18 17,3 22,1 13:29 14,1 03:57 0,9 1,2 0,0 0,5 6,7 12:41 EKa 19 14,8 17,6 08:57 11,1 04:25 2,3 0,0 12,6 0,6 7,6 14:36 EKa 20 16,1 19,9 13:30 12,4 00:29 1,6 0,6 0,0 0,3 7,2 12:29 IKa 21 13,4 15,4 10:20 9,4 04:37 3,6 0,0 6,2 0,5 4,5 11:48 I 22 12,0 14,7 15:11 9,8 18:10 5,0 0,0 4,8 0,8 7,6 10:14 ELo 23 13,7 18,6 13:11 8,7 23:55 3,4 0,1 0,0 0,3 5,4 09:38 ELo 24 13,4 18,7 15:09 5,8 04:06 3,8 0,1 0,0 0,2 5,4 17:01 Ko 25 15,4 18,4 16:02 12,6 03:55 1,8 0,2 2,0 0,2 3,6 02:10 IKo 26 17,1 22,6 13:14 11,7 03:35 1,6 1,8 0,0 0,1 4,5 17:15 E 27 18,2 23,6 12:44 12,0 02:00 1,4 2,6 0,0 0,1 3,6 14:29 E 28 18,7 25,8 13:14 10,1 04:52 1,5 3,3 0,0 0,3 6,3 15:11 ELo 29 14,1 16,3 02:29 11,2 23:56 2,9 0,0 3,4 0,4 5,4 17:21 LU ---------------------------------------------------------------------------------- 15,2 26,7 2 0,7 7 85,5 32,6 32,8 0,3 9,4 12 EKa Max >= 25,0: 5 Max <= 0,0: 0 Min <= 0,0: 0 Min <= -10,0: 0 Max Rain: 12,6 on day 19 Days of Rain: 8 (>= 0,2 mm) 6 (>= 1,0 mm) 1 (>= 10,0 mm) Heat Base: 17,0 Cool Base: 17,0 Method: Integration
Vuosiraporttien keskiarvotiedot pohjautuvat Ilmatieteenlaitoksen säähavantoihin.
Vertailutietona on käytetty Lohja Porla sääaseman tietoja. Lähde: Ilmatieteen laitos Ilmastollinen vertailukausi 1981-2010
Vertailutietona on käytetty Lohja Porla sääaseman tietoja. Lähde: Ilmatieteen laitos Ilmastollinen vertailukausi 1981-2010
© 2011-2024, opexi.fi | Sivun tietoja ei saa käyttää ihmisen tai omaisuuden suojeluun |
Sivu päivitetty 28.3.2024 22:15:00
powered by
Cumulus
v1.9.4 (1091)