MONTHLY CLIMATOLOGICAL SUMMARY for OCT. 2018

NAME: OPEx Weather   CITY: Karjalohja STATE: Finland - Davis Vantage Pro2
ELEV: 54 LAT: 060:15:27 LONG: -023:44:53

                            TEMPERATURE ( C), RAIN (mm), WIND SPEED (m/s)

                                               HEAT     COOL           AVG
      MEAN                                     DEG      DEG            WIND                       DOM
DAY   TEMP    HIGH   TIME     LOW    TIME      DAYS     DAYS    RAIN   SPEED    HIGH    TIME      DIR
----------------------------------------------------------------------------------------------------------------------------------------------------------
01    09.0    12.5   14:59    04.2   23:59     08.0     00.0    00.4   00.1     03.6    15:59      N 
02    06.5    10.3   15:59    02.1   08:10     10.5     00.0    03.6   00.0     02.6    16:59      N 
03    05.5    07.0   15:57    03.1   03:56     11.5     00.0    05.0   00.2     04.1    15:05      S 
04    02.8    05.9   16:49   -01.8   23:59     14.2     00.0    00.0   00.1     02.1    13:10      NE
05    06.8    12.4   14:52   -01.9   00:50     10.2     00.0    02.4   00.2     07.7    11:26      NW
06    07.3    10.8   14:35    04.6   07:43     09.7     00.0    00.2   00.1     03.6    12:05     WSW
07    05.0    08.2   15:16   -00.6   22:56     12.0     00.0    00.0   00.0     01.5    15:22      S 
08    03.7    09.7   00:00   -03.2   07:09     13.3     00.0    07.2   00.4     06.2    21:51     SSE
09    11.0    12.1   17:29    09.7   09:59     06.0     00.0    01.6   00.6     05.7    21:19      SE
10    11.0    15.0   14:38    03.9   23:59     06.0     00.0    00.2   00.2     06.2    01:38     SSE
11    07.2    11.9   15:18    01.2   08:09     09.8     00.0    00.2   00.1     03.6    20:15     NNE
12    10.6    11.6   17:33    08.3   23:50     06.4     00.0    00.0   00.2     03.6    14:33      S 
13    11.8    15.4   15:11    08.5   00:01     05.2     00.0    00.0   00.1     03.1    22:58      SE
14    12.1    15.9   14:53    09.8   07:26     04.9     00.0    00.2   00.2     04.1    13:54     SSW
15    11.1    14.9   15:23    08.1   23:58     05.9     00.0    00.2   00.2     05.1    16:33      S 
16    10.0    11.9   16:33    07.4   02:51     07.0     00.0    00.2   00.0     02.1    10:04      S 
17    11.0    12.2   14:49    09.5   19:20     06.0     00.0    00.0   00.2     03.6    20:02     ENE
18    10.7    12.8   12:26    03.8   23:59     06.3     00.0    04.4   00.1     03.1    09:39      S 
19    05.3    09.9   15:46    00.9   22:22     11.7     00.0    00.2   00.0     01.5    16:24      W 
20    02.9    09.2   15:57   -00.5   07:00     14.1     00.0    00.0   00.0     01.0    15:42     WNW
21    06.2    11.3   15:17   -00.7   08:22     10.8     00.0    00.4   00.6     08.2    15:07      SW
22    08.7    11.8   06:29    03.4   23:20     08.3     00.0    04.0   00.5     08.2    04:07      SW
23    04.6    06.8   15:43    01.7   06:01     12.4     00.0    08.6   00.9     05.1    20:21      E 
24    04.0    05.6   12:45   -01.6   00:00     13.0     00.0    00.6   00.6     05.1    04:16     NNW
27    00.4    03.3   19:06   -02.1   01:40     16.6     00.0    00.2   01.8     09.8    16:47     NNE
28   -00.3    01.6   14:42   -03.7   00:00     17.3     00.0    00.0   01.2     07.7    11:16     NNE
29   -01.6    01.6   14:43   -04.7   06:24     18.6     00.0    00.2   02.1     07.7    22:49      NE
30    03.0    05.3   23:58    00.3   00:28     14.0     00.0    00.0   04.9     15.4    16:40      E 
31    07.9    09.9   23:37    05.3   00:04     09.1     00.0    00.2   01.9     08.7    18:26      SE
----------------------------------------------------------------------------------------------------------------------------------------------------------
06.7 (6.2)   15.9  day 14    -04.7  day 29   298.9    000.0   040.2   00.6     15.4   day 30      E 
Min <=   30: 29
Max Rain: 8.6 ON 23-10-18
Days of Rain: 21 (> .2mm) 7 (> 2mm) 0 (> 20mm)