MONTHLY CLIMATOLOGICAL SUMMARY for NOV. 2018

NAME: OPEx Weather   CITY: Karjalohja STATE: Finland - Davis Vantage Pro2
ELEV: 54 LAT: 060:15:27 LONG: -023:44:53

                            TEMPERATURE ( C), RAIN (mm), WIND SPEED (m/s)

                                               HEAT     COOL           AVG
      MEAN                                     DEG      DEG            WIND                       DOM
DAY   TEMP    HIGH   TIME     LOW    TIME      DAYS     DAYS    RAIN   SPEED    HIGH    TIME      DIR
--------------------------------------------------------------------------------------------------------
01    07.0    09.9   13:49    02.3   19:35     10.0     00.0    00.0   00.4     06.7    00:53      S 
02    08.8    10.6   19:24    05.9   00:06     08.2     00.0    01.4   01.4     08.2    21:05     ESE
03    07.1    09.2   16:00    03.0   20:46     09.9     00.0    00.2   00.4     04.6    03:38     SSW
04    04.3    09.3   12:16   -00.1   03:23     12.7     00.0    00.0   00.1     05.1    17:10      SE
05    05.3    06.7   10:43    01.2   03:28     11.7     00.0    00.2   00.2     03.6    13:01      SE
06    06.4    08.3   23:47    05.1   08:14     10.6     00.0    00.4   00.4     04.6    22:56      SE
07    08.3    08.7   13:40    07.7   20:50     08.7     00.0    00.8   00.2     04.1    00:41      S 
08    06.3    07.8   00:33    05.2   23:07     10.7     00.0    00.8   00.7     04.6    07:00     ESE
09    05.1    05.3   15:19    04.6   06:22     11.9     00.0    00.4   00.5     04.1    21:36      E 
13    05.8    06.7   18:09    04.8   01:22     11.2     00.0    00.0   00.7     05.1    02:52      E 
14    06.2    07.7   12:48    04.7   16:34     10.8     00.0    00.2   00.0     01.5    23:09     SSE
15    08.0    09.9   14:38    05.3   02:38     09.0     00.0    00.0   00.4     05.7    07:13      SE
16    08.6    09.9   14:37    07.2   22:59     08.4     00.0    00.4   00.7     07.2    21:31      S 
17    06.2    07.9   01:29    03.6   00:00     10.8     00.0    00.0   00.3     05.1    23:17      W 
18    04.0    06.2   08:20    01.7   17:09     13.0     00.0    00.2   01.8     07.7    18:48      N 
19   -00.1    01.8   00:28   -02.2   17:35     17.1     00.0    00.0   00.9     05.1    12:18      NE
20    00.7    02.1   14:32   -01.4   01:40     16.3     00.0    00.0   00.4     03.6    22:29     NNW
21   -01.4    01.1   00:05   -06.1   22:59     18.4     00.0    00.0   00.4     05.1    04:24     NNE
22   -00.2    01.2   13:44   -05.3   00:01     17.2     00.0    00.0   00.4     03.1    08:45     NNW
23   -00.0    01.8   13:42   -02.2   05:28     17.0     00.0    00.0   00.1     03.1    14:41     SSE
24   -00.4    01.3   02:44   -05.9   00:00     17.4     00.0    00.0   00.1     02.6    14:26      N 
25   -05.6   -01.6   14:05   -08.7   23:31     22.6     00.0    00.0   00.0     01.5    12:08      NW
26   -02.2    00.3   13:57   -08.2   00:01     19.2     00.0    02.8   00.0     01.0    11:04      NW
27   -05.2   -03.4   17:47   -09.1   08:01     22.2     00.0    00.0   00.0     02.1    19:11     NNW
28   -06.5   -04.5   01:34   -09.8   17:44     23.5     00.0    00.0   00.0     01.0    11:18     WSW
29   -00.6    00.9   11:13   -06.9   00:01     17.6     00.0    00.0   00.8     09.8    18:26     SSW
30    00.6    01.5   19:00   -00.8   00:09     16.4     00.0    00.0   01.3     10.3    08:31      S 
--------------------------------------------------------------------------------------------------------
02.8 (2.3)   10.6  day 02    -09.8  day 28   382.7    000.0   168.0   00.5     10.3   day 18      E 
Max <=   0: 3
Min <=   30: 27
Min <=  -5: 8
Max Rain: 2.8 ON 26-11-18
Days of Rain: 11 (> .2mm) 1 (> 2mm) 0 (> 20mm)