MONTHLY CLIMATOLOGICAL SUMMARY for DEC. 2018

NAME: OPEx Weather   CITY: Karjalohja STATE: Finland - Davis Vantage Pro2
ELEV: 54 LAT: 060:15:27 LONG: -023:44:53

                            TEMPERATURE ( C), RAIN (mm), WIND SPEED (m/s)

                                               HEAT     COOL           AVG
      MEAN                                     DEG      DEG            WIND                       DOM
DAY   TEMP    HIGH   TIME     LOW    TIME      DAYS     DAYS    RAIN   SPEED    HIGH    TIME      DIR
--------------------------------------------------------------------------------------------------------
01   -01.9    00.2   01:27   -05.0   23:49     18.9     00.0    00.0   00.7     08.7    13:28     SSE
02   -01.8   -00.3   19:02   -06.1   02:12     18.8     00.0    00.4   00.7     05.1    23:32      SE
03   -00.4    00.7   00:00   -01.1   16:17     17.4     00.0    00.6   02.3     08.2    09:36     ESE
04    03.4    05.3   19:18    00.7   00:15     13.6     00.0    03.6   00.9     06.2    01:06     ESE
05    02.0    03.7   00:03   -00.7   23:00     15.0     00.0    01.8   00.3     06.2    11:12     WNW
06   -02.3   -00.3   00:01   -05.4   20:26     19.3     00.0    00.0   00.0     02.6    00:55     ESE
07    00.6    01.8   07:52   -02.0   00:01     16.4     00.0    01.6   01.0     06.2    10:08     ESE
08    02.0    04.6   22:58    00.6   00:15     15.0     00.0    07.2   01.4     07.2    10:41     ESE
09    04.1    04.7   05:13    03.2   23:19     12.9     00.0    08.0   01.4     08.2    09:16      SE
10    02.4    03.4   01:40    01.2   23:20     14.6     00.0    03.6   01.5     08.7    03:04      E 
11    01.2    01.8   13:48    00.7   04:31     15.8     00.0    00.4   00.2     04.6    13:43      N 
12    00.5    00.9   04:41   -00.2   00:00     16.5     00.0    00.0   00.3     05.1    21:46     NNE
13   -01.5   -00.2   00:02   -02.7   00:00     18.5     00.0    00.0   01.6     06.2    10:25      NE
14   -04.0   -02.6   05:28   -05.8   21:24     21.0     00.0    00.0   00.8     03.6    09:33     NNE
15   -04.3   -03.2   00:00   -05.4   00:21     21.3     00.0    00.0   00.5     03.1    20:51      NE
16   -03.3    00.0   00:00   -04.6   10:18     20.3     00.0    00.0   01.9     07.7    17:26     ENE
17   -00.2    00.2   01:36   -00.9   04:06     17.2     00.0    05.2   00.7     06.7    01:06     ESE
18    00.5    00.8   14:08   -00.6   00:01     16.5     00.0    02.6   00.1     03.6    04:31     ESE
19   -00.6    00.3   04:24   -01.6   00:00     17.6     00.0    00.0   00.0     00.0    00:00      SE
20   -02.2   -01.5   00:23   -03.3   00:00     19.2     00.0    00.0   01.2     05.1    21:10     ENE
21   -05.7   -03.2   13:00   -07.9   23:31     22.7     00.0    01.0   02.9     08.2    13:02     ENE
22   -08.0   -07.2   22:26   -09.2   05:48     25.0     00.0    00.0   02.0     05.7    02:36      NE
23   -08.9   -07.4   00:06   -12.3   00:00     25.9     00.0    02.8   00.4     02.6    15:27     NNE
24   -10.9   -06.3   00:00   -13.6   17:00     27.9     00.0    00.0   00.2     03.1    06:37      N 
25   -00.2    02.6   22:07   -06.3   00:02     17.2     00.0    00.6   00.2     04.1    23:08      S 
26    00.3    02.3   06:43   -04.7   23:21     16.7     00.0    00.6   00.8     05.7    11:13      NW
27   -00.7    01.1   18:07   -04.3   00:32     17.7     00.0    00.2   00.0     01.5    21:13     NNW
28    00.1    00.7   15:23   -00.4   00:00     16.9     00.0    00.2   00.1     02.1    19:36      NW
29    00.1    02.3   13:46   -02.0   07:53     16.9     00.0    00.2   00.1     02.6    13:38     WSW
30   -00.3    00.8   00:20   -01.6   23:59     17.3     00.0    00.0   00.1     02.6    23:12      NW
31   -01.4    01.0   22:22   -02.7   09:55     18.4     00.0    03.2   00.6     07.7    22:06      SE
--------------------------------------------------------------------------------------------------------
-1.3 (-1.6)   05.3  day 04    -13.6  day 24   568.5    000.0   007.8   00.8     08.7   day 21     ENE
Max <=   0: 11
Min <=   30: 31
Max <=  -5: 3
Min <=  -5: 10
Min <= -10: 2
Max Rain: 8.0 ON 9-12-19
Days of Rain: 19 (> .2mm) 8 (> 2mm) 0 (> 20mm)