MONTHLY CLIMATOLOGICAL SUMMARY for FEB. 2019

NAME: OPEx Weather   CITY: Karjalohja STATE: Finland - Davis Vantage Pro2
ELEV: 54 LAT: 060:15:27 LONG: -023:44:53

                            TEMPERATURE ( C), RAIN (mm), WIND SPEED (m/s)

                                               HEAT     COOL           AVG
      MEAN                                     DEG      DEG            WIND                       DOM
DAY   TEMP    HIGH   TIME     LOW    TIME      DAYS     DAYS    RAIN   SPEED    HIGH    TIME      DIR
--------------------------------------------------------------------------------------------------------
01   -03.2   -02.4   15:00   -04.7   00:00     20.2     00.0    01.8   03.0     09.3    12:38     ENE
02   -02.6   -01.3   14:37   -04.7   00:28     19.6     00.0    00.2   03.4     08.7    22:21     ENE
03   -00.4    01.8   16:12   -02.3   03:04     17.4     00.0    05.8   02.7     11.8    06:16      E 
04   -03.9   -00.9   00:07   -05.7   17:17     20.9     00.0    00.0   00.1     03.6    01:11     WSW
05   -00.2    01.2   12:15   -03.6   00:56     17.2     00.0    09.0   00.4     05.1    14:28      S 
06   -05.1    00.2   00:33   -08.4   11:46     22.1     00.0    00.8   00.0     01.5    01:06      W 
07   -00.3    01.2   12:51   -06.8   00:01     17.3     00.0    03.4   00.1     03.6    20:11      S 
08    01.6    02.7   18:26    00.7   09:17     15.4     00.0    02.2   01.0     08.2    14:51     SSE
09    01.8    02.5   07:00    01.1   00:00     15.2     00.0    07.0   00.9     06.2    21:21      S 
10    02.5    03.5   14:08    00.8   01:59     14.5     00.0    05.2   00.9     08.2    13:41      S 
11    01.3    02.6   00:17    00.8   21:46     15.7     00.0    04.2   00.4     03.6    23:44     ENE
12   -01.6    00.9   00:02   -05.7   00:00     18.6     00.0    00.0   01.3     06.7    05:25     WNW
13   -00.7    02.2   00:00   -07.0   02:59     17.7     00.0    01.8   00.0     02.1    11:47      SE
14    02.0    04.5   15:57   -02.1   09:10     15.0     00.0    00.0   00.6     05.7    16:38     WNW
15    03.1    05.1   13:41   -00.2   00:00     13.9     00.0    00.0   00.1     01.5    18:35     WNW
16    02.3    05.1   13:34   -00.8   00:32     14.7     00.0    00.0   00.3     05.7    11:31     ENE
17    00.1    03.0   14:15   -06.1   00:00     16.9     00.0    00.0   00.8     04.6    15:07     WNW
18   -00.5    03.4   13:47   -06.9   03:28     17.5     00.0    00.0   00.6     07.2    21:22     SSW
19    02.4    02.7   22:55    02.0   18:22     14.6     00.0    05.6   00.3     05.1    03:16      S 
20   -01.2    02.6   00:15   -05.2   00:00     18.2     00.0    00.2   01.6     08.7    15:27     WNW
21   -06.9   -04.2   14:46   -10.1   23:57     23.9     00.0    00.0   00.9     05.1    15:26     NNW
22   -09.4   -03.1   00:00   -17.0   07:38     26.4     00.0    00.0   00.1     04.1    22:31     WNW
23    00.8    03.6   14:42   -03.1   00:01     16.2     00.0    01.6   00.2     04.6    00:50      SW
24    02.1    04.9   16:51   -00.8   02:49     14.9     00.0    00.0   00.3     05.1    11:23      W 
25    04.4    06.0   14:13    02.4   23:39     12.6     00.0    00.0   01.6     08.7    03:06     WNW
26    02.7    03.9   16:41   -00.1   23:32     14.3     00.0    01.6   00.6     05.1    17:32      NW
27    02.7    04.9   15:26   -00.1   00:08     14.3     00.0    00.0   00.1     02.6    09:17      W 
28    02.0    04.4   00:23   -02.9   23:39     15.0     00.0    00.0   01.3     08.7    20:17      NW
--------------------------------------------------------------------------------------------------------
-0.2 (-0.6)   06.0  day 25    -17.0  day 22   480.7    000.0   057.6   00.8     11.8   day 03     N
Max <=   0: 5
Min <=   30: 28
Min <=  -5: 10
Min <= -10: 2
Min <= -15: 1
Max Rain: 9.0 ON 5-02-19
Days of Rain: 15 (> .2mm) 8 (> 2mm) 0 (> 20mm)