MONTHLY CLIMATOLOGICAL SUMMARY for MAY. 2018

NAME: OPEx Weather   CITY: Karjalohja STATE: Finland - Davis Vantage Pro2
ELEV: 54 LAT: 060:15:27 LONG: -023:44:53

                            TEMPERATURE ( C), RAIN (mm), WIND SPEED (m/s)

                                               HEAT     COOL           AVG
      MEAN                                     DEG      DEG            WIND                       DOM
DAY   TEMP    HIGH   TIME     LOW    TIME      DAYS     DAYS    RAIN   SPEED    HIGH    TIME      DIR
----------------------------------------------------------------------------------------------------------------------------------------------------------
01    07.1    08.2   04:49    05.4   23:59     09.9     00.0    03.6   01.9     06.7    14:27     ENE
02    07.4    10.8   14:44    05.1   03:02     09.6     00.0    11.6   00.5     06.7    18:30     SSE
03    08.8    14.2   13:54    05.1   07:11     08.2     00.0    00.2   01.2     07.2    22:45     ESE
04    08.2    11.3   15:16    06.4   22:26     08.8     00.0    00.0   00.4     05.7    00:36      S 
05    10.2    16.1   16:06    06.0   05:54     06.8     00.0    00.0   00.4     03.6    17:27     WNW
06    10.8    18.0   14:39    01.2   05:46     06.2     00.0    00.0   00.5     05.1    16:59     SSW
07    12.8    21.2   14:28    02.9   05:37     04.2     00.0    00.0   00.3     05.1    14:20     ESE
08    13.1    19.9   15:08    05.4   05:28     03.9     00.0    00.0   00.7     04.6    08:49      E 
09    11.4    17.9   12:48    02.9   05:41     05.6     00.0    00.0   01.4     08.2    17:17      E 
10    13.0    19.3   13:30    04.3   05:39     04.0     00.0    00.0   01.8     08.7    13:13      E 
11    14.4    22.4   14:46    03.0   05:25     02.6     00.0    00.0   01.1     06.7    12:56      E 
12    15.9    24.4   14:24    04.8   05:39     01.1     00.0    00.0   00.5     04.1    14:31      E 
13    16.4    26.3   15:53    04.6   05:31     00.6     00.0    00.0   00.3     03.6    13:51     ESE
14    18.4    28.1   15:16    06.7   05:05     00.0     01.4    00.0   00.4     04.6    15:04     ESE
15    19.3    28.7   15:45    08.0   05:08     00.0     02.3    00.0   00.4     05.7    14:21     ESE
16    19.2    28.0   13:50    09.5   05:12     00.0     02.2    00.0   00.6     05.1    20:16      E 
17    17.2    25.3   15:56    08.3   05:42     00.0     00.2    00.0   00.5     04.1    18:26     ENE
18    14.7    18.3   16:12    12.2   01:12     02.3     00.0    00.0   00.6     06.2    18:50      N 
19    14.0    18.6   14:58    07.4   05:17     03.0     00.0    00.0   00.4     04.6    14:13      NW
20    14.1    22.3   15:47    04.2   03:56     02.9     00.0    00.0   00.2     03.6    14:12      E 
21    15.9    23.8   14:53    04.8   03:46     01.1     00.0    00.0   00.2     05.7    11:53     SSE
22    16.4    24.6   13:28    05.7   05:08     00.6     00.0    00.0   00.4     05.1    14:07     ESE
23    18.0    24.8   15:13    09.8   03:15     00.0     01.0    00.0   00.1     02.6    19:12     NNE
24    15.3    21.6   15:58    08.9   05:08     01.7     00.0    00.0   00.4     05.1    15:04      NE
25    14.5    22.2   14:58    04.5   04:48     02.5     00.0    00.0   00.5     04.1    16:54     ESE
26    16.6    24.9   15:27    05.3   05:03     00.4     00.0    00.0   00.3     03.6    17:07     ESE
27    16.1    21.7   16:13    09.7   05:09     00.9     00.0    00.0   00.4     04.6    10:27      NE
28    15.5    22.9   15:07    05.4   04:30     01.5     00.0    00.0   00.4     04.6    14:21      E 
29    17.6    25.7   15:38    05.7   05:11     00.0     00.6    00.0   00.1     02.6    14:31      SW
30    18.4    23.2   14:19    12.3   04:50     00.0     01.4    00.0   00.2     04.6    13:38      N 
31    15.5    20.9   16:14    09.3   05:00     01.5     00.0    00.0   00.5     05.1    16:59     ENE
----------------------------------------------------------------------------------------------------------------------------------------------------------
14.4 (13.7)   28.7  day 15     01.2  day 06   090.0    008.9   015.4   00.6     08.7   day 10      E 
Max >=  25: 6
Min <=   30: 31
Max Rain: 11.6 ON 2-05-18
Days of Rain: 3 (> .2mm) 2 (> 2mm) 0 (> 20mm)