MONTHLY CLIMATOLOGICAL SUMMARY for JUL. 2018

NAME: OPEx Weather   CITY: Karjalohja STATE: Finland - Davis Vantage Pro2
ELEV: 54 LAT: 060:15:27 LONG: -023:44:53

                            TEMPERATURE ( C), RAIN (mm), WIND SPEED (m/s)

                                               HEAT     COOL           AVG
      MEAN                                     DEG      DEG            WIND                       DOM
DAY   TEMP    HIGH   TIME     LOW    TIME      DAYS     DAYS    RAIN   SPEED    HIGH    TIME      DIR
----------------------------------------------------------------------------------------------------------------------------------------------------------
18    25.4    30.2   13:16    16.1   05:02     00.0     08.4    00.0   01.2     07.2    10:36     ENE
19    22.2    28.9   15:35    15.1   04:52     00.0     05.2    00.0   00.4     05.7    10:54     ENE
20    19.2    21.3   18:41    17.2   05:37     00.0     02.2    15.8   00.1     03.1    08:24     NNE
21    20.5    24.8   13:16    18.1   04:01     00.0     03.5    05.6   00.1     03.1    13:09     ENE
22    21.2    26.3   13:24    16.4   05:21     00.0     04.2    00.0   00.2     04.6    19:32      SE
23    20.5    26.8   14:35    13.0   05:08     00.0     03.5    00.0   00.2     03.1    13:06     ESE
24    21.6    28.2   15:34    13.3   05:31     00.0     04.6    00.0   00.2     04.6    16:22     ESE
25    22.7    28.6   15:22    16.1   05:34     00.0     05.7    00.0   00.4     04.1    13:37     ESE
26    22.5    29.8   15:24    13.9   05:28     00.0     05.5    00.2   00.4     03.6    15:29      SE
27    24.1    30.3   14:21    17.6   01:58     00.0     07.1    00.0   00.6     06.2    15:51      E 
28    24.4    29.3   15:06    19.9   02:20     00.0     07.4    00.0   02.2     09.3    23:53     ENE
29    24.1    26.8   16:24    21.9   05:32     00.0     07.1    01.0   02.4     07.2    07:44     ENE
30    24.8    28.8   13:47    21.4   05:15     00.0     07.8    00.0   01.7     07.2    14:33     ENE
31    24.4    28.8   15:47    19.6   06:05     00.0     07.4    00.0   01.3     05.7    14:26      E 
----------------------------------------------------------------------------------------------------------------------------------------------------------
22.7 (22.4)   30.3  day 27     13.0  day 23   000.0    079.4   078.0   00.8     09.3   day 28     ENE
Max >=  25: 12
Min <=   30: 14
Max Rain: 15.8 ON 20-07-18
Days of Rain: 4 (> .2mm) 2 (> 2mm) 0 (> 20mm)