Warning: include(menu.php): failed to open stream: No such file or directory in /home/u255099343/public_html/saa/noaa.php on line 156

Warning: include(menu.php): failed to open stream: No such file or directory in /home/u255099343/public_html/saa/noaa.php on line 156

Warning: include(): Failed opening 'menu.php' for inclusion (include_path='.:/opt/alt/php54/usr/share/pear:/opt/alt/php54/usr/share/php') in /home/u255099343/public_html/saa/noaa.php on line 156

OPEx sääasema

 Leveysaste  N 60° 15' 27"    Pituusaste  E 23° 44' 53"    Korkeus merenpinnasta 54 m

NOAA-raportit


Notice: Undefined variable: advisory in /home/u255099343/public_html/saa/noaa.php on line 439
                   Monthly Climatological Summary for kesä 2021

Name: OPEx   City: Karjalohja   State: Finland - Davis Vantage Pro2
Elevation: 54 m  Lat: N 60° 15' 27"   Lon: E 023° 44' 53"

                  Temperature (°C), Rain (mm), Wind Speed (m/s)

                                      Heat  Cool        Avg
    Mean                              Deg   Deg         Wind                 Dom
Day Temp  High   Time   Low    Time   Days  Days  Rain  Speed High   Time    Dir
----------------------------------------------------------------------------------
 1  13,9  19,2   14:59   8,8   03:46   3,4   0,3   0,0   0,9   5,4   11:51   IKo
 2  15,5  23,3   15:52   5,7   04:38   3,5   2,0   0,0   0,3   4,0   17:12     I
 3  16,8  21,8   15:19  10,6   03:55   2,0   1,8   0,0   0,6   4,9   12:53     I
 4  17,5  24,3   13:59   8,9   04:48   2,2   2,7   0,0   0,3   3,6   13:31     I
 5  17,8  25,1   15:21   9,3   04:13   2,1   2,9   0,0   0,1   2,7   13:30   IKa
 6  18,3  26,3   12:48   9,3   05:07   1,8   3,1   0,2   0,1   3,6   14:47     I
 7  19,5  27,1   14:22  10,9   04:39   1,2   3,7   0,6   0,1   5,8   20:31   IKo
 8  17,8  24,0   12:18  12,2   04:58   1,2   2,0   0,4   0,3   4,9   14:41     I
 9  17,7  24,4   14:47   9,8   04:23   1,8   2,5   0,0   0,2   4,0   15:47     I
10  18,1  24,8   15:43   9,2   04:19   2,0   3,1   0,0   0,2   3,6   15:43     I
11  18,6  25,2   15:18   9,4   04:18   1,8   3,4   0,0   0,4   4,0   11:07     I
12  15,6  20,7   11:10   9,9   04:15   2,0   0,6   4,2   0,2   7,2   12:02   ELo
13  15,0  18,7   14:54  10,4   23:21   2,2   0,2   3,0   0,3   3,1   15:50    LU
----------------------------------------------------------------------------------
    17,1  27,1     7     5,7     2    27,2  28,3   8,4   0,3   7,2    12       I

Max >=  25,0:  4
Max <=   0,0:  0
Min <=   0,0:  0
Min <= -10,0:  0
Max Rain: 4,2 on day 12
Days of Rain: 5 (>= 0,2 mm)  2 (>= 1,0 mm)  0 (>= 10,0 mm)
Heat Base: 17,0  Cool Base: 17,0  Method: Integration
 Vuosiraporttien keskiarvotiedot pohjautuvat Ilmatieteenlaitoksen säähavantoihin.
 Vertailutietona on käytetty Lohja Porla sääaseman tietoja. Lähde: Ilmatieteen laitos Ilmastollinen vertailukausi 1981-2010

Notice: Undefined variable: copyr in /home/u255099343/public_html/saa/noaa.php on line 492


Sivu päivitetty 14.6.2021 19:05:02
powered by Cumulus v1.9.4 (1091)