OPEx sääasema
Leveysaste N 60° 15' 27" Pituusaste E 23° 44' 53" Korkeus merenpinnasta 54 m
NOAA-raportit
Valitse raportti
Monthly Climatological Summary for huhti 2024 Name: OPEx City: Karjalohja State: Finland - Davis Vantage Pro2 Elevation: 54 m Lat: N 60° 15' 27" Lon: E 023° 44' 53" Temperature (°C), Rain (mm), Wind Speed (m/s) Heat Cool Avg Mean Deg Deg Wind Dom Day Temp High Time Low Time Days Days Rain Speed High Time Dir ---------------------------------------------------------------------------------- 1 8,2 14,5 14:00 2,8 08:05 8,8 0,0 0,0 0,3 3,6 02:26 PLu 2 2,7 6,2 00:00 0,4 23:56 14,3 0,0 18,0 2,6 10,7 21:11 Ko 3 -1,2 0,5 14:18 -2,4 21:31 18,2 0,0 11,8 2,0 8,5 15:40 P 4 -3,2 -0,3 14:04 -7,3 07:10 20,2 0,0 0,0 0,9 4,9 14:05 IKo 5 -1,5 -0,9 08:37 -2,9 01:19 18,5 0,0 3,0 3,2 11,2 09:43 I 6 0,0 3,4 16:52 -3,8 23:55 17,0 0,0 0,0 0,2 3,6 07:25 PKo 7 1,8 6,6 15:55 -4,1 00:57 15,2 0,0 0,4 0,4 6,7 15:36 E 8 7,8 13,6 13:53 3,6 02:47 9,2 0,0 0,2 0,3 6,7 15:50 ELo 9 8,2 14,4 14:28 3,6 07:46 8,8 0,0 0,0 0,1 2,7 00:00 IKa 10 8,3 13,6 11:46 5,6 00:23 8,7 0,0 0,0 0,9 7,6 22:19 EKa 11 6,4 10,4 13:16 3,2 06:53 10,6 0,0 3,4 0,6 7,6 13:15 ELo 12 8,0 12,2 15:46 3,6 22:47 9,0 0,0 0,0 0,3 4,5 11:18 LU 13 5,8 9,9 13:10 3,4 00:11 11,2 0,0 1,0 0,2 4,9 16:54 Lo 14 4,9 6,7 14:37 2,9 06:07 12,1 0,0 4,4 0,3 4,5 17:11 IKa 15 7,0 12,2 14:11 3,0 23:59 10,0 0,0 0,4 0,8 4,5 10:15 LU 16 4,3 9,4 14:37 -0,8 05:26 12,3 0,0 0,2 0,0 5,4 18:50 Ko 17 4,0 6,4 11:44 0,9 23:55 13,0 0,0 0,2 ---- 4,9 13:31 Ko 18 0,7 2,8 15:19 -1,2 22:50 16,3 0,0 0,0 ---- 4,5 15:37 IKo ---------------------------------------------------------------------------------- 4,0 14,5 1 -7,3 4 233,4 0,0 43,0 0,8 11,2 5 IKo Max >= 25,0: 0 Max <= 0,0: 2 Min <= 0,0: 7 Min <= -10,0: 0 Max Rain: 18,0 on day 2 Days of Rain: 11 (>= 0,2 mm) 6 (>= 1,0 mm) 2 (>= 10,0 mm) Heat Base: 17,0 Cool Base: 17,0 Method: Integration
Vuosiraporttien keskiarvotiedot pohjautuvat Ilmatieteenlaitoksen säähavantoihin.
Vertailutietona on käytetty Lohja Porla sääaseman tietoja. Lähde: Ilmatieteen laitos Ilmastollinen vertailukausi 1981-2010
Vertailutietona on käytetty Lohja Porla sääaseman tietoja. Lähde: Ilmatieteen laitos Ilmastollinen vertailukausi 1981-2010
Sivu päivitetty 25.10.2023 19:15:01
powered by
Cumulus
v1.9.4 (1091)