OPEx sääasema
Leveysaste N 60° 15' 27" Pituusaste E 23° 44' 53" Korkeus merenpinnasta 54 m
NOAA-raportit
Valitse raportti
Monthly Climatological Summary for huhti 2012 Name: OPEx City: Karjalohja State: Finland - Fine Offset WH-1080 Elevation: 55 m Lat: N 60° 15' 27" Lon: E 023° 44' 53" Temperature (°C), Rain (mm), Wind Speed (m/s) Heat Cool Avg Mean Deg Deg Wind Dom Day Temp High Time Low Time Days Days Rain Speed High Time Dir ---------------------------------------------------------------------------------- 1 -1,5 5,0 14:50 -8,2 04:58 19,8 0,0 0,0 0,5 4,4 17:55 WSW 2 -0,2 3,3 13:49 -2,5 04:21 18,5 0,0 1,5 1,0 2,4 10:33 NW 3 -2,2 2,5 14:47 -8,9 23:50 21,4 0,0 3,6 1,4 4,4 14:28 NW 4 -1,4 6,4 13:23 -9,6 00:26 19,7 0,0 0,0 0,7 4,1 08:48 WNW 5 1,7 7,9 13:32 -4,6 00:47 16,6 0,0 0,0 0,8 4,4 12:54 W 6 1,4 4,1 09:13 -1,5 23:07 16,9 0,0 1,8 0,6 3,7 23:57 WNW 7 -0,6 3,3 13:33 -3,4 06:14 18,9 0,0 0,3 2,7 7,8 13:49 ENE 8 -0,7 5,8 15:06 -5,7 05:23 18,2 0,0 0,0 1,2 5,8 12:32 N 9 0,4 7,7 14:36 -6,9 04:09 17,9 0,0 0,0 0,9 5,4 16:05 SW 10 3,2 7,8 16:08 -1,1 03:38 15,1 0,0 0,0 1,3 7,1 12:18 ESE 11 4,5 8,5 17:14 2,1 07:33 13,8 0,0 0,0 1,5 5,4 15:38 ESE 12 5,5 10,9 17:02 1,5 02:13 12,8 0,0 0,0 1,4 4,1 13:29 ESE 13 4,8 7,1 14:16 3,0 04:23 13,5 0,0 3,9 1,6 5,8 15:51 ENE 14 2,8 4,8 01:44 1,0 18:13 15,5 0,0 5,1 1,4 4,4 06:49 SE 15 4,3 11,4 16:07 -1,4 23:58 14,1 0,0 0,3 1,0 4,8 13:39 W 16 3,4 8,5 13:54 -1,9 01:30 14,9 0,0 0,0 3,1 9,2 18:26 ENE 17 3,0 7,4 16:38 0,6 01:42 15,3 0,0 0,6 1,3 5,1 20:19 WNW 18 2,5 6,0 16:39 -1,9 23:58 15,8 0,0 0,3 1,1 4,8 00:18 W 19 2,7 8,0 15:09 -2,4 05:12 15,6 0,0 0,0 2,0 6,8 14:49 E 20 3,5 5,1 18:45 2,0 09:33 14,8 0,0 13,2 4,8 11,2 09:39 E 21 4,6 8,1 16:07 -0,1 23:56 13,7 0,0 0,3 0,9 4,4 06:33 WSW 22 6,9 15,5 16:06 -1,7 06:08 11,4 0,0 0,0 1,8 7,1 13:21 ESE 23 9,3 15,1 14:39 3,7 00:00 9,0 0,0 0,0 1,7 5,4 09:28 ESE 24 6,8 9,9 17:51 2,3 23:58 11,5 0,0 3,9 0,2 2,4 16:31 NW 25 7,2 15,0 15:44 -1,4 05:30 11,1 0,0 0,0 1,9 7,1 19:41 ESE 26 7,3 9,9 17:44 6,0 05:40 11,1 0,0 4,5 1,7 6,8 00:16 ESE 27 10,5 15,6 14:49 6,9 00:00 7,8 0,0 3,6 1,4 5,8 03:29 WSW 28 9,5 15,0 11:36 3,7 05:23 8,8 0,0 0,0 1,2 8,2 13:03 W 29 10,0 16,1 15:16 4,9 03:27 8,3 0,0 0,0 0,9 4,4 11:37 NW 30 10,2 16,7 14:47 1,5 05:42 8,1 0,0 0,0 1,1 3,7 08:34 ENE ---------------------------------------------------------------------------------- 4,0 16,7 30 -9,6 4 429,9 0,0 42,9 1,4 11,2 20 E Max >= 25,0: 0 Max <= 0,0: 0 Min <= 0,0: 17 Min <= -10,0: 0 Max Rain: 13,2 on day 20 Days of Rain: 14 (>= 0,2 mm) 9 (>= 1,0 mm) 1 (>= 10,0 mm) Heat Base: 17,0 Cool Base: 17,0 Method: Integration
Vuosiraporttien keskiarvotiedot pohjautuvat Ilmatieteenlaitoksen säähavantoihin.
Vertailutietona on käytetty Lohja Porla sääaseman tietoja. Lähde: Ilmatieteen laitos Ilmastollinen vertailukausi 1981-2010
Vertailutietona on käytetty Lohja Porla sääaseman tietoja. Lähde: Ilmatieteen laitos Ilmastollinen vertailukausi 1981-2010
Sivu päivitetty 25.10.2023 19:15:01
powered by
Cumulus
v1.9.4 (1091)