OPEx sääasema
Leveysaste N 60° 15' 27" Pituusaste E 23° 44' 53" Korkeus merenpinnasta 54 m
NOAA-raportit
Valitse raportti
Monthly Climatological Summary for heinä 2012 Name: OPEx Sääasema City: Karjalohja State: Finland - Davis Vantage Pro2 Elevation: 54 m Lat: N 60° 15' 45" Lon: E 023° 45' 29" Temperature (°C), Rain (mm), Wind Speed (m/s) Heat Cool Avg Mean Deg Deg Wind Dom Day Temp High Time Low Time Days Days Rain Speed High Time Dir ---------------------------------------------------------------------------------- 1 17,8 22,6 15:13 13,2 03:54 1,2 2,0 0,0 0,3 4,9 23:10 SE 2 17,1 20,6 11:47 12,2 23:59 0,7 0,9 0,2 0,3 5,4 16:03 SSW 3 16,8 20,9 15:18 11,4 04:19 1,6 1,4 0,0 0,2 4,0 13:29 WSW 4 17,5 23,2 12:16 9,3 04:15 1,9 2,5 0,0 0,6 4,9 15:03 E 5 18,9 23,7 16:22 12,4 02:39 1,1 3,0 0,0 1,3 7,2 14:09 E 6 19,4 23,0 14:47 13,1 01:18 0,4 2,8 0,0 1,8 8,9 14:52 E 7 19,4 22,6 16:37 17,4 03:38 0,0 2,4 0,8 1,4 4,9 00:39 E 8 19,6 23,5 11:40 16,1 04:45 0,1 2,6 3,6 0,7 4,0 09:31 E 9 17,6 20,2 19:17 14,4 23:55 0,3 0,9 1,8 0,4 4,0 01:53 S 10 17,0 19,7 13:58 13,8 01:17 0,7 0,7 0,0 0,6 6,7 14:01 SSW 11 15,5 17,0 12:34 11,9 23:59 1,5 0,0 2,4 0,6 5,4 11:29 S 12 16,4 21,4 15:19 9,3 03:40 1,9 1,3 0,2 0,5 4,9 09:06 ESE 13 15,7 19,1 15:21 12,6 23:49 1,5 0,2 12,2 0,3 4,0 10:40 S 14 15,6 19,2 15:09 11,2 04:00 1,8 0,4 0,4 0,7 7,2 10:35 SE 15 15,8 18,7 09:46 13,9 23:26 1,3 0,1 11,2 1,4 7,2 12:01 ENE 16 14,9 16,7 12:19 13,9 00:00 2,1 0,0 13,2 0,0 2,2 22:14 ENE 17 15,2 19,6 11:45 12,6 05:38 2,1 0,3 2,0 0,1 3,6 13:33 W 18 14,8 19,6 15:49 8,5 05:35 2,5 0,3 10,2 0,1 4,0 16:10 W 19 15,3 20,2 14:57 9,9 05:06 2,5 0,8 0,0 0,2 2,2 10:27 WNW 20 15,2 20,8 15:14 7,8 03:25 2,8 1,0 0,0 0,1 2,7 11:10 N 21 14,5 20,1 11:20 7,3 04:31 2,9 0,4 0,0 0,2 2,7 13:07 WNW 22 14,6 19,1 15:50 6,4 05:13 2,9 0,5 0,0 0,3 4,0 16:38 WSW 23 14,9 16,4 13:18 12,9 01:36 2,1 0,0 2,0 0,3 4,0 11:46 SE 24 17,6 20,7 14:52 15,7 00:00 0,4 1,0 0,2 0,2 4,5 15:24 E 25 19,4 24,5 14:17 15,9 03:57 0,2 2,6 0,2 0,2 4,5 15:27 S 26 18,8 22,9 13:46 15,4 05:45 0,4 2,3 0,6 0,2 3,6 16:04 N 27 18,0 22,7 15:46 11,7 05:25 1,2 2,2 0,0 0,1 2,2 10:48 ENE 28 18,9 25,1 15:23 9,7 05:26 1,8 3,7 3,0 1,1 5,8 15:59 E 29 22,1 26,0 15:18 18,8 02:38 0,0 5,0 5,8 0,8 4,5 00:25 E 30 19,5 23,2 01:08 14,3 23:54 0,2 2,6 0,0 0,7 6,3 12:46 SE 31 16,9 21,0 11:18 12,7 23:49 1,3 1,2 0,0 0,4 7,2 15:25 S ---------------------------------------------------------------------------------- 17,1 26,0 29 6,4 22 41,4 45,1 70,0 0,5 8,9 6 ESE Max >= 25,0: 2 Max <= 0,0: 0 Min <= 0,0: 0 Min <= -10,0: 0 Max Rain: 13,2 on day 16 Days of Rain: 18 (>= 0,1 mm) 11 (>= 1,0 mm) 4 (>= 10,0 mm) Heat Base: 17,0 Cool Base: 17,0 Method: Integration
Vuosiraporttien keskiarvotiedot pohjautuvat Ilmatieteenlaitoksen säähavantoihin.
Vertailutietona on käytetty Lohja Porla sääaseman tietoja. Lähde: Ilmatieteen laitos Ilmastollinen vertailukausi 1981-2010
Vertailutietona on käytetty Lohja Porla sääaseman tietoja. Lähde: Ilmatieteen laitos Ilmastollinen vertailukausi 1981-2010
Sivu päivitetty 25.10.2023 19:15:01
powered by
Cumulus
v1.9.4 (1091)