OPEx sääasema
Leveysaste N 60° 15' 27" Pituusaste E 23° 44' 53" Korkeus merenpinnasta 54 m
NOAA-raportit
Valitse raportti
Monthly Climatological Summary for marras 2012 Name: OPEx Sääasema City: Karjalohja State: Finland - Davis Vantage Pro2 Elevation: 54 m Lat: N 60° 15' 45" Lon: E 023° 45' 29" Temperature (°C), Rain (mm), Wind Speed (m/s) Heat Cool Avg Mean Deg Deg Wind Dom Day Temp High Time Low Time Days Days Rain Speed High Time Dir ---------------------------------------------------------------------------------- 1 4,4 6,4 07:44 2,6 00:00 12,6 0,0 0,0 1,9 10,3 22:36 ESE 2 6,2 8,1 21:13 3,3 00:34 10,8 0,0 13,4 2,5 11,2 05:22 ESE 3 5,5 8,1 00:22 -0,1 22:44 11,5 0,0 2,4 0,0 2,2 00:46 SE 4 2,1 3,7 15:18 -0,1 02:05 14,9 0,0 0,4 0,4 2,2 08:07 NE 5 4,1 5,3 11:02 2,8 23:56 12,9 0,0 5,8 1,7 7,6 23:41 NE 6 1,4 2,8 00:00 0,4 19:06 15,6 0,0 7,2 1,5 9,4 00:08 NW 7 2,8 4,7 14:34 0,3 00:32 14,2 0,0 0,0 0,6 3,6 14:36 WNW 8 1,8 4,2 12:26 -2,4 21:37 15,2 0,0 0,0 0,2 3,6 13:07 W 9 -1,8 1,0 14:04 -4,7 22:27 18,8 0,0 0,0 0,1 2,7 13:59 NW 10 3,4 6,1 23:22 -3,7 00:00 13,5 0,0 0,6 1,1 6,3 13:10 SE 11 5,8 7,6 23:55 4,7 08:00 11,2 0,0 1,6 1,5 6,7 01:50 SE 12 5,7 8,5 01:21 1,5 23:46 11,3 0,0 0,6 0,8 7,2 02:17 SSW 13 1,9 3,8 02:17 -0,2 08:35 15,1 0,0 0,0 0,3 4,0 13:11 WNW 14 7,3 8,3 11:05 3,4 00:00 9,7 0,0 0,6 0,6 6,3 09:10 WNW 15 6,0 8,3 01:59 1,9 23:56 11,0 0,0 5,8 0,3 3,1 09:20 WNW 16 3,5 6,1 23:49 0,2 09:00 13,5 0,0 0,2 0,2 4,0 13:38 S 17 6,5 7,9 11:20 4,3 21:32 10,5 0,0 3,6 0,3 5,4 23:35 S 18 5,1 5,8 18:49 4,7 01:35 11,9 0,0 2,2 0,9 6,3 09:49 S 19 3,9 5,7 01:35 2,1 07:57 13,1 0,0 0,4 0,4 4,5 17:22 SSE 20 6,3 7,7 22:25 4,9 00:00 10,7 0,0 0,0 0,8 7,2 17:13 S 21 7,5 8,4 12:30 6,1 22:14 9,5 0,0 0,0 0,8 6,7 14:23 SSW 22 5,5 6,7 03:32 4,0 19:48 11,5 0,0 0,6 0,9 5,4 11:09 S 23 6,4 7,2 10:40 4,6 00:00 10,6 0,0 1,8 0,4 4,5 17:39 S 24 5,1 6,8 00:00 2,7 07:42 11,9 0,0 0,2 0,6 4,9 13:09 SE 25 3,9 5,2 04:17 -0,1 22:33 13,0 0,0 0,6 0,3 3,6 00:19 ESE 26 1,4 2,7 13:43 0,0 07:49 15,6 0,0 0,0 0,5 3,6 22:21 NNE 27 1,6 2,7 12:09 0,8 05:40 15,4 0,0 0,0 2,3 9,4 18:49 ENE 28 0,1 1,4 00:00 -1,6 23:40 16,9 0,0 0,0 4,5 10,7 07:28 ENE 29 -2,5 -1,5 00:00 -3,5 23:47 19,5 0,0 0,0 4,9 14,8 19:59 NE 30 -6,1 -3,3 01:50 -8,2 23:41 10,9 0,0 1,6 4,9 13,9 02:50 NE ---------------------------------------------------------------------------------- 3,5 8,5 12 -8,2 30 392,8 0,0 49,6 1,1 14,8 29 ENE Max >= 25,0: 0 Max <= 0,0: 2 Min <= 0,0: 11 Min <= -10,0: 0 Max Rain: 13,4 on day 2 Days of Rain: 19 (>= 0,1 mm) 10 (>= 1,0 mm) 1 (>= 10,0 mm) Heat Base: 17,0 Cool Base: 17,0 Method: Integration
Vuosiraporttien keskiarvotiedot pohjautuvat Ilmatieteenlaitoksen säähavantoihin.
Vertailutietona on käytetty Lohja Porla sääaseman tietoja. Lähde: Ilmatieteen laitos Ilmastollinen vertailukausi 1981-2010
Vertailutietona on käytetty Lohja Porla sääaseman tietoja. Lähde: Ilmatieteen laitos Ilmastollinen vertailukausi 1981-2010
Sivu päivitetty 25.10.2023 19:15:01
powered by
Cumulus
v1.9.4 (1091)