OPEx sääasema
Leveysaste N 60° 15' 27" Pituusaste E 23° 44' 53" Korkeus merenpinnasta 54 m
NOAA-raportit
Valitse raportti
Monthly Climatological Summary for joulu 2012 Name: OPEx Sääasema City: Karjalohja State: Finland - Davis Vantage Pro2 Elevation: 54 m Lat: N 60° 15' 45" Lon: E 023° 45' 29" Temperature (°C), Rain (mm), Wind Speed (m/s) Heat Cool Avg Mean Deg Deg Wind Dom Day Temp High Time Low Time Days Days Rain Speed High Time Dir ---------------------------------------------------------------------------------- 1 -8,6 -8,1 03:36 -9,8 21:06 25,6 0,0 0,6 2,2 9,4 01:55 NE 2 -10,5 -8,2 00:01 -15,6 23:24 27,5 0,0 0,0 0,3 3,6 00:00 NNW 3 -13,2 -9,1 23:58 -16,3 08:18 30,0 0,0 0,0 0,6 4,5 21:16 NNE 4 -11,7 -9,1 00:00 -15,1 23:49 28,7 0,0 0,0 0,8 3,6 00:09 N 5 -11,0 -3,6 23:57 -16,1 05:16 28,0 0,0 0,6 1,6 7,2 20:49 NE 6 -2,1 -1,1 23:56 -3,6 00:00 19,1 0,0 0,8 2,6 7,2 07:07 ENE 7 -2,9 -1,1 00:00 -4,9 20:10 19,9 0,0 0,8 1,7 6,3 10:13 NNE 8 -2,5 -0,9 14:09 -5,2 23:56 19,5 0,0 0,0 0,8 4,9 04:20 E 9 -2,4 -0,2 12:03 -6,4 01:20 19,3 0,0 0,2 1,2 5,4 19:23 ESE 10 -4,0 -2,3 00:00 -5,2 07:06 21,0 0,0 0,0 2,5 8,0 09:26 ENE 11 -4,6 -1,7 23:59 -5,7 01:40 21,6 0,0 4,0 2,6 7,6 07:05 NE 12 -1,8 -0,7 01:46 -2,6 17:26 18,8 0,0 0,4 1,9 6,3 07:51 ESE 13 -3,3 -1,4 05:06 -5,0 20:43 20,3 0,0 3,2 2,5 8,0 18:51 E 14 -3,2 -1,8 23:24 -4,3 00:00 20,2 0,0 1,2 2,7 7,6 01:38 ESE 15 -3,8 -1,9 00:00 -4,8 16:38 20,8 0,0 0,2 4,6 12,1 21:34 ESE 16 -4,7 -3,3 21:16 -6,2 10:14 21,7 0,0 3,4 3,6 11,6 00:57 ESE 17 -5,3 -3,6 00:19 -7,2 21:11 22,3 0,0 3,0 2,4 7,6 00:58 ESE 18 -7,0 -6,4 18:40 -7,9 23:26 24,0 0,0 2,0 2,7 7,6 18:50 E 19 -7,4 -6,6 13:14 -8,5 22:30 24,4 0,0 0,2 3,0 8,0 10:28 ESE 20 -9,9 -7,9 01:08 -13,7 17:28 26,9 0,0 0,2 1,5 7,2 02:07 ENE 21 -9,4 -8,3 13:28 -10,6 09:32 26,4 0,0 0,0 2,2 7,2 23:11 NE 22 -11,4 -9,1 00:00 -12,8 10:18 28,2 0,0 0,0 2,0 6,3 21:51 NE 23 -7,8 -5,6 12:22 -12,1 06:24 24,7 0,0 0,0 2,5 7,6 22:49 E 24 -9,6 -7,3 00:00 -11,2 15:32 26,5 0,0 1,8 2,2 8,5 03:11 ESE 25 -9,4 -5,9 17:27 -11,7 01:07 26,4 0,0 2,6 1,8 8,0 18:33 NE 26 -11,0 -0,2 23:36 -19,2 10:08 28,0 0,0 0,0 0,9 7,2 21:49 E 27 1,0 2,1 12:02 -0,2 00:00 15,9 0,0 2,6 0,5 4,9 00:01 SE 28 -2,3 0,1 00:00 -6,8 23:17 19,3 0,0 0,0 0,8 7,2 21:10 WNW 29 -5,3 0,2 23:51 -12,3 06:28 22,3 0,0 0,4 0,7 4,5 20:11 ESE 30 1,1 1,8 23:41 0,2 00:00 15,9 0,0 6,4 1,2 5,8 11:55 SE 31 2,2 2,8 02:09 1,8 00:00 14,5 0,0 5,4 0,6 4,5 01:37 S ---------------------------------------------------------------------------------- -5,9 2,8 31 -19,2 26 707,7 0,0 40,0 1,8 12,1 15 E Max >= 25,0: 0 Max <= 0,0: 26 Min <= 0,0: 29 Min <= -10,0: 12 Max Rain: 6,4 on day 30 Days of Rain: 21 (>= 0,1 mm) 11 (>= 1,0 mm) 0 (>= 10,0 mm) Heat Base: 17,0 Cool Base: 17,0 Method: Integration
Vuosiraporttien keskiarvotiedot pohjautuvat Ilmatieteenlaitoksen säähavantoihin.
Vertailutietona on käytetty Lohja Porla sääaseman tietoja. Lähde: Ilmatieteen laitos Ilmastollinen vertailukausi 1981-2010
Vertailutietona on käytetty Lohja Porla sääaseman tietoja. Lähde: Ilmatieteen laitos Ilmastollinen vertailukausi 1981-2010
Sivu päivitetty 25.10.2023 19:15:01
powered by
Cumulus
v1.9.4 (1091)