OPEx sääasema
Leveysaste N 60° 15' 27" Pituusaste E 23° 44' 53" Korkeus merenpinnasta 54 m
NOAA-raportit
Valitse raportti
Monthly Climatological Summary for tammi 2013 Name: OPEx Sääasema City: Karjalohja State: Finland - Davis Vantage Pro2 Elevation: 54 m Lat: N 60° 15' 45" Lon: E 023° 45' 29" Temperature (°C), Rain (mm), Wind Speed (m/s) Heat Cool Avg Mean Deg Deg Wind Dom Day Temp High Time Low Time Days Days Rain Speed High Time Dir ---------------------------------------------------------------------------------- 1 3,2 3,9 12:41 2,2 01:44 13,8 0,0 12,8 0,8 5,4 01:12 SSE 2 1,6 2,6 00:00 0,6 23:34 15,4 0,0 0,8 0,3 3,1 01:47 S 3 0,3 0,8 01:22 -0,2 16:10 16,7 0,0 1,0 0,1 1,8 13:12 SE 4 0,9 1,7 17:02 0,4 00:00 16,1 0,0 1,6 0,4 8,5 23:03 NW 5 -2,9 0,6 00:00 -5,8 22:21 19,8 0,0 0,0 1,5 9,4 00:53 NNW 6 -6,0 -5,2 00:00 -7,2 23:48 23,0 0,0 0,0 1,3 5,4 05:23 N 7 -5,6 -2,1 23:42 -7,9 07:08 21,9 0,0 0,0 0,3 3,6 22:27 SE 8 -0,1 0,5 13:22 -2,1 00:00 17,1 0,0 4,6 0,5 4,0 06:10 S 9 -0,5 0,6 13:21 -3,3 23:47 17,5 0,0 0,8 0,1 3,1 11:28 NW 10 -4,3 -3,3 00:00 -5,4 23:48 20,0 0,0 0,2 1,6 8,0 18:44 NNE 11 -6,2 -5,2 13:27 -7,9 21:25 23,2 0,0 0,0 3,4 10,7 05:18 NE 12 -12,3 -7,6 00:00 -18,9 23:54 28,8 0,0 0,0 0,9 7,2 00:43 NNE 13 -9,6 -4,9 17:59 -19,3 00:58 26,6 0,0 0,0 0,0 0,9 04:13 N 14 -4,0 -2,9 14:16 -7,1 23:59 20,9 0,0 0,0 0,2 2,2 13:37 WSW 15 -8,5 -5,4 19:43 -13,4 04:45 25,5 0,0 1,0 0,8 5,4 17:52 NE 16 -5,7 -5,1 13:29 -8,2 23:59 22,7 0,0 0,6 2,1 6,3 22:15 NE 17 -10,2 -7,5 03:36 -17,1 23:59 27,2 0,0 0,0 1,3 4,9 11:08 NNE 18 -21,2 -15,4 14:53 -26,9 23:52 38,2 0,0 0,0 0,1 1,8 14:39 N 19 -21,4 -8,2 23:58 -29,4 07:53 38,3 0,0 0,0 0,0 0,9 01:48 E 20 -7,7 -6,4 02:07 -9,7 10:01 24,7 0,0 2,2 0,7 4,9 17:57 N 21 -9,5 -6,7 04:37 -16,6 18:32 24,2 0,0 0,0 0,9 6,7 05:47 N 22 -7,7 -3,4 23:56 -10,6 09:10 24,7 0,0 0,0 0,1 2,7 20:20 NW 23 -5,3 -3,1 01:00 -9,9 16:48 21,6 0,0 0,4 0,2 3,1 03:50 NW 24 -12,5 -6,6 00:00 -17,9 23:34 29,6 0,0 0,0 0,1 1,8 11:54 NW 25 -9,1 -5,4 13:34 -17,6 00:00 26,1 0,0 0,0 0,0 1,3 12:03 ESE 26 -4,7 -1,6 19:47 -10,3 03:39 21,7 0,0 1,6 0,4 5,8 21:09 SSW 27 -4,3 -1,9 00:00 -6,3 18:32 20,1 0,0 0,2 1,1 6,7 12:03 S 28 -3,4 0,9 23:54 -6,3 07:09 20,4 0,0 3,4 1,1 6,3 00:44 SSE 29 1,1 1,7 11:05 -0,1 23:38 15,9 0,0 0,2 0,8 6,7 20:19 S 30 0,2 0,9 19:23 -0,8 05:21 16,8 0,0 13,2 1,2 8,0 08:50 SE 31 1,3 2,2 13:14 -0,1 01:56 15,7 0,0 0,8 0,3 4,5 03:12 SSE ---------------------------------------------------------------------------------- -5,6 3,9 1 -29,4 19 694,2 0,0 45,4 0,7 10,7 11 NE Max >= 25,0: 0 Max <= 0,0: 20 Min <= 0,0: 28 Min <= -10,0: 11 Max Rain: 13,2 on day 30 Days of Rain: 17 (>= 0,1 mm) 9 (>= 1,0 mm) 2 (>= 10,0 mm) Heat Base: 17,0 Cool Base: 17,0 Method: Integration
Vuosiraporttien keskiarvotiedot pohjautuvat Ilmatieteenlaitoksen säähavantoihin.
Vertailutietona on käytetty Lohja Porla sääaseman tietoja. Lähde: Ilmatieteen laitos Ilmastollinen vertailukausi 1981-2010
Vertailutietona on käytetty Lohja Porla sääaseman tietoja. Lähde: Ilmatieteen laitos Ilmastollinen vertailukausi 1981-2010
Sivu päivitetty 25.10.2023 19:15:01
powered by
Cumulus
v1.9.4 (1091)