OPEx sääasema
Leveysaste N 60° 15' 27" Pituusaste E 23° 44' 53" Korkeus merenpinnasta 54 m
NOAA-raportit
Valitse raportti
Monthly Climatological Summary for kesä 2014 Name: OPEx Sääasema City: Karjalohja State: Finland - Davis Vantage Pro2 Elevation: 54 m Lat: N 60° 15' 45" Lon: E 023° 45' 29" Temperature (°C), Rain (mm), Wind Speed (m/s) Heat Cool Avg Mean Deg Deg Wind Dom Day Temp High Time Low Time Days Days Rain Speed High Time Dir ---------------------------------------------------------------------------------- 1 12,9 17,8 15:17 9,0 01:39 4,2 0,0 0,0 0,5 4,5 14:52 NNW 2 15,3 20,8 12:33 9,5 04:46 2,3 0,6 0,0 1,7 7,2 11:37 NE 3 15,3 16,9 12:14 14,1 04:45 1,7 0,0 2,4 1,9 6,3 09:50 NE 4 19,0 24,5 16:17 14,9 01:48 0,7 2,7 0,2 1,0 4,9 14:52 E 5 20,6 25,1 14:33 14,0 04:29 0,2 3,8 0,0 1,1 7,2 14:38 ENE 6 17,8 21,1 18:09 15,0 23:58 0,4 1,2 17,4 0,1 1,8 07:53 E 7 15,8 20,1 12:00 11,1 05:02 1,9 0,7 0,2 0,1 4,5 17:27 S 8 15,3 20,2 16:07 10,4 03:40 2,3 0,6 0,0 0,5 4,0 12:22 E 9 16,6 23,5 14:39 8,3 04:27 2,0 1,6 0,2 0,4 4,9 16:36 E 10 16,1 18,2 12:11 13,8 04:24 1,1 0,2 0,0 0,5 4,0 13:14 N 11 17,7 23,4 16:19 12,2 00:56 1,3 2,0 0,0 0,3 4,0 13:12 ENE 12 13,7 15,9 00:35 12,7 13:33 3,2 0,0 30,8 0,3 5,4 12:24 E 13 13,3 15,6 17:28 11,3 04:57 3,6 0,0 3,8 0,2 5,4 23:44 NNW 14 11,9 13,7 00:00 6,4 23:57 5,0 0,0 0,0 1,7 8,0 07:54 N 15 13,1 19,3 16:05 4,3 04:05 4,2 0,4 0,0 0,3 3,6 17:20 NNW 16 11,3 17,1 11:26 6,6 23:56 5,7 0,0 2,6 0,4 6,3 21:24 NW 17 8,2 12,2 15:38 4,8 04:10 8,8 0,0 0,0 0,9 8,5 11:53 NW 18 11,5 15,4 16:06 4,8 00:59 5,3 0,0 0,6 0,4 4,0 14:32 NW 19 11,6 16,5 13:05 7,6 02:01 5,2 0,0 0,8 0,0 3,6 11:31 WNW 20 10,7 15,3 12:18 5,9 04:42 6,1 0,0 0,2 0,2 3,6 13:39 NNW 21 8,6 12,4 10:57 4,4 02:37 8,4 0,0 0,8 0,2 4,5 12:48 NNW 22 8,6 12,4 12:17 3,1 03:06 8,4 0,0 0,6 0,5 6,7 14:49 ESE 23 9,9 14,3 16:39 6,2 01:28 7,0 0,0 0,6 0,5 4,5 15:24 E 24 11,6 16,3 13:13 8,2 02:29 5,4 0,0 3,6 0,3 4,5 14:45 NE 25 11,8 14,6 12:08 8,9 04:32 5,2 0,0 0,0 0,4 3,6 08:25 N 26 12,5 17,2 11:20 8,8 04:20 4,4 0,0 0,0 0,3 4,0 14:09 ENE 27 13,0 18,8 14:08 7,3 04:53 4,1 0,0 0,0 0,4 3,6 10:16 E 28 13,8 19,8 14:59 4,5 04:44 3,7 0,5 0,0 0,3 4,9 14:58 SSE 29 12,8 13,6 21:14 11,2 12:12 4,2 0,0 7,6 1,5 9,4 11:03 ENE 30 13,2 14,7 18:56 11,8 06:54 3,8 0,0 2,0 0,5 4,5 00:20 NNE ---------------------------------------------------------------------------------- 13,5 25,1 5 3,1 22 119,8 14,3 74,4 0,6 9,4 29 NE Max >= 25,0: 1 Max <= 0,0: 0 Min <= 0,0: 0 Min <= -10,0: 0 Max Rain: 30,8 on day 12 Days of Rain: 17 (>= 0,1 mm) 8 (>= 1,0 mm) 2 (>= 10,0 mm) Heat Base: 17,0 Cool Base: 17,0 Method: Integration
Vuosiraporttien keskiarvotiedot pohjautuvat Ilmatieteenlaitoksen säähavantoihin.
Vertailutietona on käytetty Lohja Porla sääaseman tietoja. Lähde: Ilmatieteen laitos Ilmastollinen vertailukausi 1981-2010
Vertailutietona on käytetty Lohja Porla sääaseman tietoja. Lähde: Ilmatieteen laitos Ilmastollinen vertailukausi 1981-2010
Sivu päivitetty 25.10.2023 19:15:01
powered by
Cumulus
v1.9.4 (1091)