OPEx sääasema
Leveysaste N 60° 15' 27" Pituusaste E 23° 44' 53" Korkeus merenpinnasta 54 m
NOAA-raportit
Valitse raportti
Monthly Climatological Summary for joulu 2014 Name: OPEx City: Karjalohja State: Finland - Davis Vantage Pro2 Elevation: 54 m Lat: N 60° 15' 27" Lon: E 023° 44' 53" Temperature (°C), Rain (mm), Wind Speed (m/s) Heat Cool Avg Mean Deg Deg Wind Dom Day Temp High Time Low Time Days Days Rain Speed High Time Dir ---------------------------------------------------------------------------------- 1 -5,4 -3,1 12:49 -8,2 22:47 22,4 0,0 0,0 0,1 2,2 14:20 Ka 2 0,0 4,3 23:20 -6,9 00:00 16,9 0,0 0,0 0,5 8,5 22:23 E 3 2,9 4,3 00:00 1,9 09:35 14,1 0,0 0,0 0,5 7,6 00:33 ELo 4 2,1 3,9 11:51 -1,7 21:37 14,9 0,0 0,0 0,1 4,5 04:36 IKo 5 1,8 4,3 10:46 -1,9 00:51 15,2 0,0 0,4 0,5 6,3 18:15 ELo 6 2,0 3,3 16:45 0,8 09:00 15,0 0,0 5,4 0,4 6,3 03:51 E 7 2,0 4,8 22:47 -1,8 03:43 15,0 0,0 0,6 0,5 7,2 22:13 E 8 3,4 4,6 00:27 2,6 14:50 13,6 0,0 10,0 0,9 8,0 03:20 ELo 9 2,9 4,1 11:19 -0,2 22:15 14,1 0,0 0,0 0,3 4,9 09:34 E 10 2,7 3,8 07:25 1,0 22:02 14,3 0,0 6,0 1,6 11,2 16:11 E 11 3,2 4,6 11:49 1,7 00:00 13,8 0,0 5,6 1,5 8,5 10:20 E 12 2,4 2,9 22:15 1,2 04:48 14,5 0,0 9,4 1,1 8,0 09:10 EKa 13 1,0 2,8 00:36 0,2 18:19 16,0 0,0 11,8 1,1 8,0 00:58 I 14 0,4 2,1 13:39 -1,7 20:22 16,6 0,0 0,2 0,0 2,2 12:06 Ka 15 2,4 3,1 05:26 0,6 00:00 14,6 0,0 4,4 1,2 8,0 17:10 E 16 1,7 3,2 03:14 -0,1 16:13 15,3 0,0 4,0 0,5 5,4 00:15 E 17 0,6 3,2 02:05 -2,5 23:52 16,4 0,0 4,6 0,2 6,3 04:52 E 18 0,4 2,6 23:59 -2,5 00:00 16,6 0,0 0,6 0,1 4,0 17:06 EKa 19 3,6 4,8 13:49 2,5 00:24 13,4 0,0 3,2 0,3 5,8 16:45 Ka 20 0,9 2,8 00:00 -0,2 18:56 16,0 0,0 0,0 0,0 2,7 13:46 PLu 21 0,2 1,2 14:39 -2,2 21:57 16,8 0,0 0,0 0,4 4,9 03:54 LLu 22 -1,2 -0,4 01:06 -3,0 23:56 18,2 0,0 3,6 1,5 7,6 16:20 IKo 23 -5,0 -3,0 00:00 -6,2 20:29 22,0 0,0 3,6 1,3 5,4 00:07 Ko 24 -4,5 -1,8 14:00 -6,8 02:37 21,5 0,0 2,2 2,2 7,2 23:25 IKo 25 -10,3 -5,7 00:00 -16,2 19:29 27,3 0,0 0,2 1,1 7,2 00:46 PLu 26 -3,9 -1,6 13:45 -7,8 01:10 20,9 0,0 0,4 0,0 2,7 13:50 PLu 27 -5,8 -3,6 13:07 -7,6 10:31 22,7 0,0 0,0 0,3 3,6 21:40 PKo 28 -9,6 -6,6 00:00 -15,8 23:56 26,6 0,0 0,0 0,9 3,1 01:04 PKo 29 -17,2 -9,6 23:58 -21,5 10:03 34,2 0,0 0,0 0,0 1,3 01:30 PLu 30 -0,5 1,6 22:39 -9,6 00:00 17,4 0,0 5,2 0,1 4,0 23:56 E 31 2,9 4,5 17:06 0,9 23:27 14,1 0,0 0,0 0,2 1,8 07:43 LU ---------------------------------------------------------------------------------- -0,8 4,8 7 -21,5 29 550,4 0,0 81,4 0,6 11,2 10 Ka Max >= 25,0: 0 Max <= 0,0: 9 Min <= 0,0: 21 Min <= -10,0: 3 Max Rain: 11,8 on day 13 Days of Rain: 20 (>= 0,2 mm) 14 (>= 1,0 mm) 2 (>= 10,0 mm) Heat Base: 17,0 Cool Base: 17,0 Method: Integration
Vuosiraporttien keskiarvotiedot pohjautuvat Ilmatieteenlaitoksen säähavantoihin.
Vertailutietona on käytetty Lohja Porla sääaseman tietoja. Lähde: Ilmatieteen laitos Ilmastollinen vertailukausi 1981-2010
Vertailutietona on käytetty Lohja Porla sääaseman tietoja. Lähde: Ilmatieteen laitos Ilmastollinen vertailukausi 1981-2010
Sivu päivitetty 25.10.2023 19:15:01
powered by
Cumulus
v1.9.4 (1091)