OPEx sääasema
Leveysaste N 60° 15' 27" Pituusaste E 23° 44' 53" Korkeus merenpinnasta 54 m
NOAA-raportit
Valitse raportti
Monthly Climatological Summary for helmi 2016 Name: OPEx City: Karjalohja State: Finland - Davis Vantage Pro2 Elevation: 54 m Lat: N 60° 15' 27" Lon: E 023° 44' 53" Temperature (°C), Rain (mm), Wind Speed (m/s) Heat Cool Avg Mean Deg Deg Wind Dom Day Temp High Time Low Time Days Days Rain Speed High Time Dir ---------------------------------------------------------------------------------- 1 0,3 1,3 21:58 -0,8 15:05 16,5 0,0 0,4 0,2 5,4 20:43 E 2 1,0 1,9 14:00 0,1 22:23 15,4 0,0 7,2 0,8 7,6 02:49 Ka 3 -1,5 0,2 00:00 -3,7 18:13 18,5 0,0 6,2 0,5 2,7 04:14 Ko 4 -1,4 0,1 12:09 -2,9 05:27 18,4 0,0 0,4 0,0 2,2 19:50 --- 5 -2,1 0,3 08:44 -4,6 19:22 19,1 0,0 1,0 0,3 4,9 14:28 LU 6 -2,8 2,8 23:05 -12,2 05:30 19,3 0,0 5,4 0,5 4,9 15:15 EKa 7 3,0 3,6 11:41 2,6 06:46 14,0 0,0 1,0 0,5 5,8 11:55 E 8 2,5 3,3 23:56 1,2 11:20 13,8 0,0 4,2 0,9 7,6 19:55 EKa 9 3,6 4,1 13:00 3,1 02:29 13,4 0,0 13,4 1,3 8,5 15:20 ELo 10 3,4 5,0 19:21 2,4 08:57 13,6 0,0 6,8 1,5 6,7 12:04 EKa 11 2,3 3,2 00:00 1,4 23:56 14,4 0,0 3,8 0,3 2,7 13:42 Ka 12 0,7 1,5 14:22 -0,3 23:03 16,3 0,0 9,4 0,4 9,4 17:54 EKa 13 -0,1 0,9 13:10 -1,4 17:44 16,7 0,0 1,8 0,5 4,9 23:45 IKa 14 1,0 1,3 12:45 0,7 19:19 15,4 0,0 2,8 1,0 4,9 02:09 I 15 0,2 1,4 13:01 -4,5 23:41 15,8 0,0 0,0 0,3 3,6 21:27 LU 16 -3,1 0,6 14:22 -6,1 00:56 20,1 0,0 0,0 0,1 3,6 14:52 LU 17 -1,7 2,9 13:24 -7,4 04:12 18,7 0,0 0,2 0,4 8,0 12:06 E 18 -0,4 1,2 14:22 -2,6 03:52 17,3 0,0 0,8 0,9 8,0 11:20 IKa 19 1,3 1,9 13:40 0,7 22:36 15,7 0,0 0,0 0,2 3,6 00:55 Ka 20 0,7 1,1 12:30 0,3 07:11 15,9 0,0 5,0 0,4 5,8 13:42 Ka 21 0,9 1,4 15:14 0,4 03:34 15,8 0,0 5,2 0,6 4,9 15:43 IKa 22 0,5 2,2 14:13 -2,2 06:50 16,5 0,0 0,8 0,1 2,2 00:01 I 23 -0,4 1,1 12:07 -1,8 23:55 17,4 0,0 0,2 0,1 2,7 03:34 LLu 24 -0,1 2,2 13:57 -1,8 00:00 16,9 0,0 0,0 0,2 4,5 11:55 ELo 25 -0,1 2,8 14:01 -4,6 05:09 17,1 0,0 0,2 0,3 5,4 17:22 ELo 26 -1,4 0,7 00:02 -5,1 19:25 18,4 0,0 0,0 0,1 2,7 02:02 IKa 27 -3,7 -0,3 16:12 -8,2 03:16 20,0 0,0 0,0 0,1 4,0 16:08 ELo 28 -0,8 3,2 13:00 -6,5 23:59 17,8 0,0 0,2 0,1 3,1 00:37 LLu 29 -5,1 0,3 14:52 -11,5 08:31 22,1 0,0 0,0 0,0 2,7 14:39 L ---------------------------------------------------------------------------------- -0,1 5,0 10 -12,2 6 490,3 0,0 76,4 0,4 9,4 12 EKa Max >= 25,0: 0 Max <= 0,0: 1 Min <= 0,0: 19 Min <= -10,0: 2 Max Rain: 13,4 on day 9 Days of Rain: 22 (>= 0,2 mm) 14 (>= 1,0 mm) 1 (>= 10,0 mm) Heat Base: 17,0 Cool Base: 17,0 Method: Integration
Vuosiraporttien keskiarvotiedot pohjautuvat Ilmatieteenlaitoksen säähavantoihin.
Vertailutietona on käytetty Lohja Porla sääaseman tietoja. Lähde: Ilmatieteen laitos Ilmastollinen vertailukausi 1981-2010
Vertailutietona on käytetty Lohja Porla sääaseman tietoja. Lähde: Ilmatieteen laitos Ilmastollinen vertailukausi 1981-2010
Sivu päivitetty 25.10.2023 19:15:01
powered by
Cumulus
v1.9.4 (1091)