OPEx sääasema
Leveysaste N 60° 15' 27" Pituusaste E 23° 44' 53" Korkeus merenpinnasta 54 m
NOAA-raportit
Valitse raportti
Monthly Climatological Summary for helmi 2017 Name: OPEx City: Karjalohja State: Finland - Davis Vantage Pro2 Elevation: 54 m Lat: N 60° 15' 27" Lon: E 023° 44' 53" Temperature (°C), Rain (mm), Wind Speed (m/s) Heat Cool Avg Mean Deg Deg Wind Dom Day Temp High Time Low Time Days Days Rain Speed High Time Dir ---------------------------------------------------------------------------------- 1 -0,3 0,3 12:39 -0,9 08:45 17,2 0,0 0,2 0,1 2,7 22:58 IKa 2 -1,5 0,1 00:00 -2,1 19:31 6,6 0,0 1,8 0,3 4,9 09:37 ELo 3 -0,2 0,5 14:55 -1,2 01:29 17,2 0,0 0,4 0,1 3,6 03:20 EKa 4 0,6 1,1 12:41 0,2 01:24 16,4 0,0 1,2 0,0 0,9 00:24 --- 5 -1,4 0,6 00:00 -4,8 23:42 18,4 0,0 1,4 1,5 7,6 22:24 Ko 6 -7,0 -4,8 00:00 -12,1 23:50 24,0 0,0 0,0 2,8 7,6 11:19 Ko 7 -12,2 -8,9 14:49 -14,8 23:59 29,2 0,0 0,0 1,3 4,9 10:48 Ko 8 -10,3 -5,3 14:52 -15,6 00:32 27,3 0,0 0,0 0,3 3,1 21:21 P 9 -11,0 -6,7 14:00 -17,5 08:31 28,0 0,0 0,0 0,3 4,0 21:11 IKo 10 -7,0 -5,3 20:51 -8,9 00:41 24,0 0,0 0,0 1,2 4,0 04:04 Ko 11 -4,3 -2,6 14:57 -6,2 03:18 21,3 0,0 0,0 0,1 2,7 00:52 I 12 -3,2 -0,5 15:09 -8,6 07:53 20,2 0,0 0,0 0,1 3,6 17:25 I 13 1,3 5,1 15:04 -1,9 04:51 15,7 0,0 0,0 0,5 4,0 16:17 LLu 14 2,6 5,6 14:42 -2,8 23:57 14,4 0,0 0,0 0,7 4,9 00:05 LU 15 -2,3 1,8 15:24 -6,9 08:57 19,3 0,0 0,2 0,2 4,5 21:45 Ka 16 -1,0 1,4 14:55 -5,3 08:13 18,0 0,0 0,2 0,0 2,7 00:12 E 17 1,5 2,4 19:51 0,7 23:58 15,5 0,0 0,8 0,2 3,1 20:38 LU 18 1,2 4,8 13:41 -2,1 05:29 15,8 0,0 0,0 0,1 4,9 13:08 Lo 19 2,5 3,7 15:34 1,6 00:00 14,5 0,0 2,0 0,5 5,4 02:44 IKa 20 0,6 2,9 00:55 -0,7 23:55 16,4 0,0 3,2 0,6 3,6 21:51 I 21 -2,9 -0,6 00:00 -11,9 23:59 19,9 0,0 0,0 0,8 4,5 14:29 P 22 -7,3 0,0 23:57 -14,9 06:03 24,3 0,0 5,0 1,5 10,3 13:23 IKa 23 -1,3 0,7 05:36 -7,4 23:50 18,3 0,0 5,0 0,1 3,1 01:01 IKa 24 -6,1 -3,8 13:13 -9,2 08:28 23,1 0,0 0,0 0,3 4,5 16:52 Ko 25 -6,3 -1,1 15:50 -11,5 06:35 23,3 0,0 0,0 0,1 3,6 10:44 PLu 26 -2,7 0,2 14:00 -8,2 00:01 19,7 0,0 1,0 0,7 4,5 10:55 IKo 27 -3,5 0,6 23:42 -7,8 03:34 20,5 0,0 0,2 0,5 5,4 19:33 IKa 28 2,7 4,8 14:05 0,6 00:00 14,3 0,0 3,2 0,9 5,8 10:45 IKa ---------------------------------------------------------------------------------- -2,8 5,6 14 -17,5 9 542,8 0,0 25,8 0,6 10,3 22 IKo Max >= 25,0: 0 Max <= 0,0: 11 Min <= 0,0: 24 Min <= -10,0: 7 Max Rain: 5,0 on day 22 Days of Rain: 15 (>= 0,2 mm) 9 (>= 1,0 mm) 0 (>= 10,0 mm) Heat Base: 17,0 Cool Base: 17,0 Method: Integration
Vuosiraporttien keskiarvotiedot pohjautuvat Ilmatieteenlaitoksen säähavantoihin.
Vertailutietona on käytetty Lohja Porla sääaseman tietoja. Lähde: Ilmatieteen laitos Ilmastollinen vertailukausi 1981-2010
Vertailutietona on käytetty Lohja Porla sääaseman tietoja. Lähde: Ilmatieteen laitos Ilmastollinen vertailukausi 1981-2010
Sivu päivitetty 25.10.2023 19:15:01
powered by
Cumulus
v1.9.4 (1091)