OPEx sääasema
Leveysaste N 60° 15' 27" Pituusaste E 23° 44' 53" Korkeus merenpinnasta 54 m
NOAA-raportit
Valitse raportti
Monthly Climatological Summary for kesä 2017 Name: OPEx City: Karjalohja State: Finland - Davis Vantage Pro2 Elevation: 54 m Lat: N 60° 15' 27" Lon: E 023° 44' 53" Temperature (°C), Rain (mm), Wind Speed (m/s) Heat Cool Avg Mean Deg Deg Wind Dom Day Temp High Time Low Time Days Days Rain Speed High Time Dir ---------------------------------------------------------------------------------- 1 6,5 9,7 13:11 3,3 03:45 10,5 0,0 3,2 0,4 6,3 17:07 LU 2 6,6 9,8 19:52 2,5 04:35 10,4 0,0 0,0 0,9 6,7 15:10 LLu 3 10,1 15,6 15:53 3,6 04:24 6,9 0,0 0,0 0,5 3,1 12:07 LU 4 11,1 16,6 14:47 3,8 03:47 5,9 0,0 0,0 0,7 4,5 13:08 I 5 10,5 11,7 14:05 9,1 04:56 6,5 0,0 7,2 0,3 3,6 15:36 IKa 6 13,8 20,2 14:39 5,8 04:53 3,8 0,7 0,0 0,2 4,9 14:31 I 7 15,9 22,2 15:05 6,3 03:58 2,9 1,8 0,0 1,7 9,8 14:07 I 8 12,6 13,8 00:00 11,2 23:54 4,2 0,0 34,2 0,0 2,2 10:44 I 9 13,1 17,4 15:56 9,1 05:24 3,9 0,0 0,2 0,3 3,6 14:32 I 10 15,6 22,1 16:08 7,7 04:44 2,8 1,4 0,0 0,1 3,1 18:54 E 11 16,0 21,8 12:10 10,8 04:37 1,9 0,9 0,2 0,1 2,7 19:36 I 12 13,1 14,3 19:06 11,8 00:13 3,9 0,0 15,2 0,2 5,4 15:52 I 13 11,9 14,2 11:04 9,9 23:58 5,0 0,0 4,4 0,3 7,2 15:20 P 14 13,8 19,4 15:54 7,6 04:47 3,6 0,4 0,2 0,2 4,9 15:29 P 15 16,3 23,6 15:56 6,2 04:04 2,9 2,2 0,0 0,1 3,1 10:21 Ko 16 17,1 23,1 15:30 8,8 04:12 2,0 2,2 0,0 0,0 3,1 15:31 EKa 17 18,1 24,7 14:42 9,8 05:01 1,9 3,0 0,0 0,2 3,6 13:09 I 18 16,9 21,0 13:58 11,4 03:35 1,4 1,3 0,0 0,1 4,0 11:01 EKa 19 16,8 20,9 15:52 11,6 23:39 1,1 1,0 0,0 0,2 3,1 12:37 LLu 20 12,3 15,8 14:52 10,5 23:52 4,6 0,0 12,2 0,4 4,9 07:29 PLu 21 12,0 16,6 15:03 9,4 04:26 5,0 0,0 1,4 0,2 3,6 15:56 LU 22 13,2 17,6 14:09 8,4 03:38 3,8 0,0 0,0 0,2 3,1 12:58 LLu 23 11,5 15,2 17:46 6,7 04:39 5,5 0,0 0,0 0,2 6,3 08:45 P 24 11,1 15,8 11:04 5,8 04:42 5,9 0,0 1,6 0,5 4,5 12:03 Ka 25 14,5 18,4 11:03 11,2 00:00 2,6 0,1 0,2 0,6 6,7 11:46 ELo 26 13,5 16,1 16:10 10,1 04:38 3,5 0,0 1,8 0,5 5,8 11:03 E 27 13,2 15,6 14:12 11,0 01:53 3,8 0,0 0,2 0,1 3,6 13:18 Ko 28 14,4 18,4 14:49 9,9 04:04 2,9 0,3 0,0 0,1 6,3 14:08 L 29 15,0 21,2 15:48 5,4 04:21 3,2 1,2 0,0 1,2 6,3 14:40 IKo 30 17,2 20,4 12:01 13,6 00:09 0,9 1,1 0,0 3,5 12,5 13:34 Ko ---------------------------------------------------------------------------------- 13,5 24,7 17 2,5 2 123,2 17,6 82,2 0,5 12,5 30 IKo Max >= 25,0: 0 Max <= 0,0: 0 Min <= 0,0: 0 Min <= -10,0: 0 Max Rain: 34,2 on day 8 Days of Rain: 14 (>= 0,2 mm) 9 (>= 1,0 mm) 3 (>= 10,0 mm) Heat Base: 17,0 Cool Base: 17,0 Method: Integration
Vuosiraporttien keskiarvotiedot pohjautuvat Ilmatieteenlaitoksen säähavantoihin.
Vertailutietona on käytetty Lohja Porla sääaseman tietoja. Lähde: Ilmatieteen laitos Ilmastollinen vertailukausi 1981-2010
Vertailutietona on käytetty Lohja Porla sääaseman tietoja. Lähde: Ilmatieteen laitos Ilmastollinen vertailukausi 1981-2010
Sivu päivitetty 25.10.2023 19:15:01
powered by
Cumulus
v1.9.4 (1091)