OPEx sääasema
Leveysaste N 60° 15' 27" Pituusaste E 23° 44' 53" Korkeus merenpinnasta 54 m
NOAA-raportit
Valitse raportti
Monthly Climatological Summary for maalis 2018 Name: OPEx City: Karjalohja State: Finland - Davis Vantage Pro2 Elevation: 54 m Lat: N 60° 15' 27" Lon: E 023° 44' 53" Temperature (°C), Rain (mm), Wind Speed (m/s) Heat Cool Avg Mean Deg Deg Wind Dom Day Temp High Time Low Time Days Days Rain Speed High Time Dir ---------------------------------------------------------------------------------- 1 -15,3 -8,7 14:08 -22,6 07:56 32,3 0,0 0,0 0,2 3,6 11:19 IKo 2 -13,9 -6,0 14:25 -22,3 05:13 30,9 0,0 0,0 0,7 4,9 11:15 Ko 3 -10,9 -4,6 15:47 -18,1 06:43 27,9 0,0 0,0 0,3 3,6 10:41 IKo 4 -11,9 -4,7 14:32 -18,2 07:05 28,9 0,0 0,0 0,2 2,7 12:08 Ko 5 -11,1 -5,4 13:09 -20,7 07:24 28,1 0,0 0,0 1,0 5,4 14:54 I 6 -5,5 -3,0 14:07 -7,6 05:58 22,5 0,0 0,0 2,5 8,0 12:57 IKo 7 -6,6 -2,9 15:28 -10,7 07:29 23,6 0,0 0,0 2,1 6,3 19:39 IKo 8 -5,1 -1,8 23:55 -8,4 03:37 22,1 0,0 0,6 2,3 8,5 13:51 I 9 0,2 1,4 12:24 -1,8 00:00 16,7 0,0 1,8 1,2 5,8 00:07 IKa 10 0,8 1,1 00:00 0,3 20:24 16,2 0,0 0,2 0,9 4,0 13:13 I 11 0,6 1,7 12:38 -2,7 22:06 16,4 0,0 0,0 0,2 3,1 11:11 IKa 12 0,0 1,3 11:24 -1,9 01:32 17,0 0,0 0,4 2,0 7,6 15:56 I 13 1,9 2,6 13:23 1,1 23:19 15,1 0,0 5,0 0,6 4,0 23:57 I 14 -2,3 1,2 00:00 -6,6 23:52 19,3 0,0 0,4 1,6 6,3 08:11 LU 15 -7,0 -3,1 14:30 -10,6 07:01 23,9 0,0 0,0 1,1 7,6 16:17 PLu 16 -8,0 -3,8 12:28 -13,7 06:47 25,0 0,0 0,0 1,1 8,9 13:39 P 17 -6,8 -1,7 14:08 -12,0 07:00 23,8 0,0 0,0 0,5 4,0 10:45 PLu 18 -2,2 2,3 14:14 -7,7 06:16 19,2 0,0 0,0 0,1 3,6 13:08 L 19 -0,3 3,4 11:47 -4,3 23:55 17,3 0,0 0,2 0,1 4,0 11:20 ELo 20 -3,9 -1,1 12:27 -10,1 23:58 20,9 0,0 0,2 1,1 7,6 16:13 LU 21 -6,1 0,3 17:58 -17,3 06:58 23,1 0,0 0,0 0,4 7,6 14:50 E 22 0,0 3,4 12:23 -3,8 02:24 17,0 0,0 0,0 0,4 5,8 11:58 LLu 23 -3,5 -0,4 00:00 -9,3 23:53 20,5 0,0 0,0 0,7 4,9 04:50 LU 24 -1,5 3,8 13:02 -10,2 01:53 18,5 0,0 0,0 0,7 9,8 14:46 E 25 2,4 4,9 16:33 -1,3 23:17 14,0 0,0 0,0 0,2 4,0 09:07 EKa 26 -2,7 0,4 00:04 -8,8 23:21 19,7 0,0 0,2 1,6 6,7 10:16 P 27 -5,7 0,0 17:34 -13,6 07:38 22,7 0,0 0,0 0,3 5,8 17:19 PLu 28 -4,5 2,7 15:49 -13,0 05:31 21,5 0,0 0,0 0,1 3,6 15:46 LLu 29 -3,6 2,0 16:38 -10,5 07:15 20,6 0,0 0,0 0,2 2,7 12:41 IKa 30 -3,9 3,1 14:08 -12,1 06:58 20,9 0,0 0,0 0,5 4,0 13:50 I 31 -3,0 3,8 13:53 -10,8 07:39 20,0 0,0 0,0 0,3 3,6 10:57 I ---------------------------------------------------------------------------------- -4,5 4,9 25 -22,6 1 665,6 0,0 9,0 0,8 9,8 24 Ko Max >= 25,0: 0 Max <= 0,0: 14 Min <= 0,0: 29 Min <= -10,0: 17 Max Rain: 5,0 on day 13 Days of Rain: 9 (>= 0,2 mm) 2 (>= 1,0 mm) 0 (>= 10,0 mm) Heat Base: 17,0 Cool Base: 17,0 Method: Integration
Vuosiraporttien keskiarvotiedot pohjautuvat Ilmatieteenlaitoksen säähavantoihin.
Vertailutietona on käytetty Lohja Porla sääaseman tietoja. Lähde: Ilmatieteen laitos Ilmastollinen vertailukausi 1981-2010
Vertailutietona on käytetty Lohja Porla sääaseman tietoja. Lähde: Ilmatieteen laitos Ilmastollinen vertailukausi 1981-2010
Sivu päivitetty 25.10.2023 19:15:01
powered by
Cumulus
v1.9.4 (1091)