OPEx sääasema
Leveysaste N 60° 15' 27" Pituusaste E 23° 44' 53" Korkeus merenpinnasta 54 m
NOAA-raportit
Valitse raportti
Monthly Climatological Summary for loka 2018 Name: OPEx City: Karjalohja State: Finland - Davis Vantage Pro2 Elevation: 54 m Lat: N 60° 15' 27" Lon: E 023° 44' 53" Temperature (°C), Rain (mm), Wind Speed (m/s) Heat Cool Avg Mean Deg Deg Wind Dom Day Temp High Time Low Time Days Days Rain Speed High Time Dir ---------------------------------------------------------------------------------- 1 8,8 12,5 14:03 4,2 23:58 8,1 0,0 0,4 0,1 4,0 15:36 ELo 2 6,5 10,3 15:44 2,1 07:57 10,4 0,0 3,6 0,0 2,7 16:53 Ka 3 5,5 7,0 15:33 3,1 03:49 11,5 0,0 5,0 0,2 4,0 15:03 PKo 4 2,8 5,9 16:41 -1,8 23:51 14,2 0,0 0,0 0,1 2,2 01:18 LU 5 6,8 12,4 14:50 -1,9 00:37 10,2 0,0 2,4 0,2 7,6 11:25 EKa 6 7,3 10,8 14:12 4,6 07:35 9,7 0,0 0,2 0,1 3,6 11:44 EKa 7 5,0 8,2 14:57 -0,6 22:47 12,0 0,0 0,0 0,0 1,8 15:19 Ko 8 3,7 9,7 23:32 -3,2 06:47 13,3 0,0 7,2 0,3 6,7 20:11 E 9 10,9 12,1 17:05 9,7 00:00 6,0 0,0 1,6 0,6 6,3 18:47 E 10 11,0 15,0 14:28 3,9 23:59 6,0 0,0 0,2 0,2 6,3 01:24 Ka 11 7,8 11,9 14:49 1,2 07:19 8,3 0,0 0,2 0,1 4,0 20:14 ELo 12 10,5 11,6 17:30 8,3 23:35 6,5 0,0 0,0 0,2 3,6 14:31 EKa 13 11,8 15,4 14:28 8,5 00:00 5,2 0,0 0,0 0,1 4,0 15:31 ELo 14 12,1 15,9 14:48 9,8 07:25 4,9 0,0 0,2 0,2 4,5 13:52 ELo 15 11,1 14,9 15:14 8,1 23:59 5,9 0,0 0,2 0,2 6,3 13:39 ELo 16 10,0 11,9 16:21 7,4 02:50 7,0 0,0 0,2 0,0 2,7 10:02 ELo 17 11,0 12,2 14:46 9,5 19:11 6,0 0,0 0,0 0,2 4,5 19:52 Ka 18 10,7 12,8 12:08 3,8 23:58 6,3 0,0 4,4 0,1 3,6 09:37 Lo 19 5,3 9,9 15:36 0,9 22:18 11,7 0,0 0,2 0,0 1,8 12:51 LLu 20 4,1 9,2 15:26 -0,5 06:58 12,6 0,0 0,0 0,0 0,9 15:40 --- 21 6,2 11,3 15:11 -0,7 08:19 10,8 0,0 0,4 0,6 8,5 20:45 ELo 22 8,7 11,8 06:01 3,4 22:31 8,3 0,0 4,0 0,5 8,5 04:24 ELo 23 4,6 6,8 15:42 1,7 04:42 12,4 0,0 8,6 0,9 5,4 17:40 I 24 4,0 5,6 12:39 -1,6 23:58 13,0 0,0 0,6 0,6 5,4 01:34 P 25 1,3 4,9 15:28 -2,1 01:31 15,7 0,0 0,6 0,0 0,0 00:00 --- 26 2,4 3,7 16:18 0,8 09:02 14,6 0,0 0,2 0,2 3,6 21:07 P 27 1,3 2,1 13:32 0,4 09:00 15,7 0,0 0,0 2,8 11,2 18:31 Ko 28 -0,3 1,6 14:34 -3,7 23:14 17,5 0,0 0,0 1,1 7,6 11:14 PKo 29 -1,5 1,6 14:36 -4,7 06:12 18,5 0,0 0,2 2,1 8,0 15:02 IKo 30 3,0 5,3 23:44 0,3 00:00 14,0 0,0 0,0 4,9 15,2 16:39 I 31 7,9 9,9 23:20 5,3 00:00 9,1 0,0 0,2 1,9 8,5 00:41 Ka ---------------------------------------------------------------------------------- 6,5 15,9 14 -4,7 29 325,4 0,0 40,8 0,6 15,2 30 I Max >= 25,0: 0 Max <= 0,0: 0 Min <= 0,0: 10 Min <= -10,0: 0 Max Rain: 8,6 on day 23 Days of Rain: 22 (>= 0,2 mm) 8 (>= 1,0 mm) 0 (>= 10,0 mm) Heat Base: 17,0 Cool Base: 17,0 Method: Integration
Vuosiraporttien keskiarvotiedot pohjautuvat Ilmatieteenlaitoksen säähavantoihin.
Vertailutietona on käytetty Lohja Porla sääaseman tietoja. Lähde: Ilmatieteen laitos Ilmastollinen vertailukausi 1981-2010
Vertailutietona on käytetty Lohja Porla sääaseman tietoja. Lähde: Ilmatieteen laitos Ilmastollinen vertailukausi 1981-2010
Sivu päivitetty 25.10.2023 19:15:01
powered by
Cumulus
v1.9.4 (1091)