OPEx sääasema
Leveysaste N 60° 15' 27" Pituusaste E 23° 44' 53" Korkeus merenpinnasta 54 m
NOAA-raportit
Valitse raportti
Monthly Climatological Summary for marras 2018 Name: OPEx City: Karjalohja State: Finland - Davis Vantage Pro2 Elevation: 54 m Lat: N 60° 15' 27" Lon: E 023° 44' 53" Temperature (°C), Rain (mm), Wind Speed (m/s) Heat Cool Avg Mean Deg Deg Wind Dom Day Temp High Time Low Time Days Days Rain Speed High Time Dir ---------------------------------------------------------------------------------- 1 7,0 9,9 00:00 2,3 19:13 10,0 0,0 0,0 0,4 7,2 00:49 E 2 8,8 10,6 18:43 5,9 00:00 8,2 0,0 1,4 1,4 8,0 21:03 IKa 3 7,5 9,4 10:13 3,0 20:27 9,5 0,0 0,2 0,3 6,3 04:05 ELo 4 4,8 9,3 12:34 -0,1 03:08 12,2 0,0 0,2 0,2 4,9 10:57 ELo 5 5,3 6,7 09:53 1,2 03:21 11,7 0,0 0,2 0,2 3,6 12:24 Ka 6 6,4 8,3 23:22 5,1 07:43 10,6 0,0 0,4 0,4 4,5 22:52 IKa 7 8,3 8,7 05:41 7,7 19:46 8,7 0,0 0,8 0,2 4,0 00:39 E 8 6,3 7,8 00:00 5,2 21:19 10,7 0,0 0,8 0,7 4,5 06:59 I 9 5,1 5,3 00:00 4,6 06:03 11,9 0,0 0,4 0,5 4,0 21:34 I 10 5,4 5,8 13:10 4,8 01:11 11,6 0,0 0,2 2,5 8,0 16:54 I 11 5,3 5,8 20:52 5,0 05:26 11,7 0,0 0,4 2,8 9,4 14:23 I 12 5,5 7,2 23:46 4,8 04:04 11,5 0,0 4,0 1,3 7,2 06:01 Ka 13 6,5 7,3 00:23 5,9 07:42 10,5 0,0 6,0 0,3 4,9 00:06 EKa 14 6,2 7,7 11:52 4,7 16:30 10,8 0,0 0,2 0,0 1,8 14:55 LLu 15 7,2 8,8 13:56 5,3 01:10 9,8 0,0 0,2 0,4 7,2 20:58 E 16 8,6 9,9 13:29 7,2 22:27 6,9 0,0 0,4 0,7 7,2 21:28 E 17 6,2 7,9 00:23 3,6 23:43 10,8 0,0 0,0 0,3 5,4 00:46 LU 18 4,0 6,2 07:58 1,7 17:04 13,0 0,0 0,2 1,8 7,6 18:47 P 19 -0,1 1,8 00:00 -2,2 17:28 17,1 0,0 0,0 0,9 5,4 01:47 Ko 20 0,7 2,1 13:37 -1,4 01:26 16,3 0,0 0,0 0,4 3,6 15:23 PLu 21 -1,4 1,1 00:00 -6,1 22:39 18,4 0,0 0,0 0,4 4,9 04:23 PKo 22 -0,2 1,2 13:43 -5,3 00:00 17,2 0,0 0,0 0,4 3,1 05:46 LU 23 0,0 1,8 13:35 -2,2 04:49 17,0 0,0 0,0 0,1 3,1 14:37 LLu 24 -0,4 1,3 02:01 -5,9 23:58 17,4 0,0 0,0 0,1 2,7 14:25 LU 25 -5,6 -1,6 13:39 -8,7 23:06 22,6 0,0 0,0 0,0 1,3 10:55 LU 26 -2,2 0,3 13:41 -8,2 00:00 17,6 0,0 2,8 0,0 0,9 10:14 --- 27 -5,2 -3,4 17:00 -9,1 07:34 22,2 0,0 0,0 0,0 2,2 19:03 PKo 28 -6,5 -4,5 00:00 -9,8 17:16 23,5 0,0 0,0 0,0 0,9 00:20 Ko 29 -0,6 0,9 10:34 -6,9 00:00 17,6 0,0 0,0 0,8 9,8 18:22 ELo 30 0,6 1,5 18:34 -0,8 00:00 16,4 0,0 0,0 1,3 10,3 08:21 ELo ---------------------------------------------------------------------------------- 3,1 10,6 2 -9,8 28 413,4 0,0 18,8 0,6 10,3 30 IKa Max >= 25,0: 0 Max <= 0,0: 3 Min <= 0,0: 13 Min <= -10,0: 0 Max Rain: 6,0 on day 13 Days of Rain: 17 (>= 0,2 mm) 4 (>= 1,0 mm) 0 (>= 10,0 mm) Heat Base: 17,0 Cool Base: 17,0 Method: Integration
Vuosiraporttien keskiarvotiedot pohjautuvat Ilmatieteenlaitoksen säähavantoihin.
Vertailutietona on käytetty Lohja Porla sääaseman tietoja. Lähde: Ilmatieteen laitos Ilmastollinen vertailukausi 1981-2010
Vertailutietona on käytetty Lohja Porla sääaseman tietoja. Lähde: Ilmatieteen laitos Ilmastollinen vertailukausi 1981-2010
Sivu päivitetty 25.10.2023 19:15:01
powered by
Cumulus
v1.9.4 (1091)