OPEx sääasema
Leveysaste N 60° 15' 27" Pituusaste E 23° 44' 53" Korkeus merenpinnasta 54 m
NOAA-raportit
Valitse raportti
Monthly Climatological Summary for elo 2019 Name: OPEx City: Karjalohja State: Finland - Davis Vantage Pro2 Elevation: 54 m Lat: N 60° 15' 27" Lon: E 023° 44' 53" Temperature (°C), Rain (mm), Wind Speed (m/s) Heat Cool Avg Mean Deg Deg Wind Dom Day Temp High Time Low Time Days Days Rain Speed High Time Dir ---------------------------------------------------------------------------------- 1 14,2 19,6 14:18 8,4 23:59 3,2 0,4 0,0 0,3 5,8 11:09 Ko 2 14,4 21,6 13:20 5,4 05:32 3,8 1,2 0,0 0,3 4,5 12:01 PLu 3 12,7 18,7 15:06 7,2 23:52 4,4 0,1 0,0 0,1 4,0 09:23 PKo 4 12,0 17,9 16:21 3,1 05:10 5,1 0,0 0,0 0,1 4,5 11:33 PKo 5 14,4 21,6 16:01 4,8 05:32 3,9 1,2 0,0 0,1 2,7 16:43 LLu 6 14,7 21,1 13:26 8,7 05:53 3,0 0,6 1,8 0,2 3,6 14:13 I 7 15,1 19,7 11:18 10,6 01:56 2,0 0,2 4,4 0,3 4,0 13:45 IKo 8 16,9 22,2 15:13 12,4 04:14 1,4 1,3 0,2 0,3 3,6 10:03 I 9 16,3 21,9 14:40 12,1 23:55 1,8 1,1 0,4 0,2 4,9 14:04 IKo 10 16,7 23,4 13:14 8,3 05:54 2,5 2,2 0,0 0,4 4,5 12:45 I 11 17,2 19,7 16:57 15,4 10:07 0,4 0,6 7,6 0,5 6,3 08:26 IKa 12 17,7 22,1 14:19 14,4 23:57 0,6 1,3 0,0 0,4 6,7 17:56 ELo 13 17,5 22,4 12:18 13,7 23:27 1,1 1,6 0,0 0,3 4,9 15:29 ELo 14 15,2 18,9 14:46 11,0 23:20 2,1 0,3 5,4 0,3 6,3 18:20 ELo 15 14,4 19,5 15:08 9,2 05:13 3,0 0,4 0,2 0,1 4,0 13:51 Ka 16 14,9 19,8 12:49 7,2 05:38 2,6 0,5 0,0 0,1 4,0 15:47 ELo 17 18,2 21,7 13:01 14,4 06:32 0,4 1,6 0,2 0,4 5,8 13:08 E 18 18,0 21,1 17:24 15,5 03:01 0,4 1,4 0,6 0,8 4,9 12:06 I 19 16,8 19,2 15:53 13,0 23:58 0,7 0,5 13,6 0,4 6,7 09:34 EKa 20 16,6 22,1 13:53 11,5 03:57 1,7 1,3 0,0 0,4 5,8 12:58 ELo 21 16,4 20,8 14:00 12,5 23:57 1,5 1,0 0,0 0,2 4,5 13:42 ELo 22 15,2 20,8 13:33 8,3 06:26 2,7 1,0 0,0 0,1 4,0 11:19 Ka 23 15,4 19,6 12:57 12,9 00:00 1,9 0,3 18,8 0,3 6,7 13:08 E 24 16,1 20,3 15:41 10,7 23:59 1,7 0,7 0,0 0,1 2,2 13:17 LU 25 14,3 21,3 15:01 6,5 06:38 3,7 1,0 0,0 0,1 5,8 19:02 ELo 26 18,0 23,4 16:00 13,4 01:44 1,1 2,1 0,2 0,0 3,1 15:46 Ka 27 17,7 24,4 13:34 10,8 06:25 1,8 2,5 0,0 0,1 3,1 11:26 I 28 17,4 24,7 13:14 9,7 06:01 2,2 2,6 0,0 0,3 4,0 13:21 I 29 19,1 24,4 13:42 12,9 05:31 0,9 3,0 0,2 0,6 4,5 14:29 I 30 18,8 22,3 15:28 14,8 23:41 0,2 1,9 2,2 0,0 3,1 17:05 Ka 31 16,5 21,9 13:02 11,0 06:42 1,8 1,2 0,0 0,1 3,6 14:41 ELo ---------------------------------------------------------------------------------- 16,1 24,7 28 3,1 4 63,6 35,1 55,8 0,3 6,7 12 IKa Max >= 25,0: 0 Max <= 0,0: 0 Min <= 0,0: 0 Min <= -10,0: 0 Max Rain: 18,8 on day 23 Days of Rain: 14 (>= 0,2 mm) 7 (>= 1,0 mm) 2 (>= 10,0 mm) Heat Base: 17,0 Cool Base: 17,0 Method: Integration
Vuosiraporttien keskiarvotiedot pohjautuvat Ilmatieteenlaitoksen säähavantoihin.
Vertailutietona on käytetty Lohja Porla sääaseman tietoja. Lähde: Ilmatieteen laitos Ilmastollinen vertailukausi 1981-2010
Vertailutietona on käytetty Lohja Porla sääaseman tietoja. Lähde: Ilmatieteen laitos Ilmastollinen vertailukausi 1981-2010
Sivu päivitetty 25.10.2023 19:15:01
powered by
Cumulus
v1.9.4 (1091)