OPEx sääasema
Leveysaste N 60° 15' 27" Pituusaste E 23° 44' 53" Korkeus merenpinnasta 54 m
NOAA-raportit
Valitse raportti
Monthly Climatological Summary for joulu 2019 Name: OPEx City: Karjalohja State: Finland - Davis Vantage Pro2 Elevation: 54 m Lat: N 60° 15' 27" Lon: E 023° 44' 53" Temperature (°C), Rain (mm), Wind Speed (m/s) Heat Cool Avg Mean Deg Deg Wind Dom Day Temp High Time Low Time Days Days Rain Speed High Time Dir ---------------------------------------------------------------------------------- 1 -2,5 -0,3 22:19 -5,0 05:57 19,5 0,0 0,8 0,0 2,2 14:06 IKa 2 -2,9 -1,0 00:00 -4,7 22:10 19,9 0,0 0,0 0,0 0,9 10:28 --- 3 -2,3 0,8 23:15 -5,2 01:14 19,3 0,0 0,0 0,0 2,2 23:11 ELo 4 2,9 5,2 14:13 0,8 00:00 14,1 0,0 2,6 0,2 5,8 22:05 LLu 5 5,8 6,8 19:55 3,7 00:00 11,0 0,0 0,2 1,0 9,4 22:34 Ka 6 5,4 6,8 03:55 4,4 23:45 11,6 0,0 5,6 0,5 8,0 05:47 EKa 7 4,9 6,9 16:26 1,9 21:52 12,1 0,0 7,2 0,7 7,2 17:30 Lo 8 2,3 6,9 23:08 0,7 08:17 14,7 0,0 6,2 0,5 10,3 23:06 ELo 9 5,4 6,8 00:00 1,6 23:46 11,6 0,0 8,0 0,8 11,2 06:12 E 10 -2,9 1,6 00:00 -7,3 22:04 19,9 0,0 0,2 0,4 5,4 05:30 LU 11 0,7 2,9 20:30 -6,2 00:00 16,0 0,0 3,6 0,9 6,7 10:24 E 12 1,3 2,6 00:00 0,2 13:46 15,7 0,0 1,6 0,7 5,4 09:49 EKa 13 2,2 2,9 12:56 0,9 00:00 14,8 0,0 5,2 0,8 5,4 22:32 IKa 14 1,9 2,3 00:44 1,3 07:23 15,0 0,0 5,6 1,8 6,7 03:56 IKa 15 2,5 3,8 22:35 1,3 02:15 14,5 0,0 3,8 1,0 5,4 00:26 IKa 16 2,7 4,0 00:35 1,1 21:08 14,3 0,0 2,0 0,1 3,1 18:17 EKa 17 3,4 4,7 02:18 2,5 23:50 13,6 0,0 3,8 0,2 5,4 01:24 EKa 18 3,6 6,4 14:27 1,5 17:17 13,4 0,0 14,4 1,1 6,7 08:25 Ko 19 0,8 2,4 00:02 -1,6 20:09 16,2 0,0 0,2 0,4 6,3 02:43 LU 20 3,0 3,7 06:40 -0,1 00:01 14,0 0,0 0,2 0,8 5,4 21:47 IKa 21 2,9 3,2 00:00 2,6 05:10 13,9 0,0 0,2 1,6 6,3 23:36 IKa 22 3,4 4,9 23:58 2,9 00:00 4,6 0,0 0,6 1,7 5,8 00:11 I 23 3,8 4,9 00:00 2,3 23:21 13,2 0,0 0,2 0,0 1,3 00:00 --- 24 1,7 2,4 00:00 0,7 08:54 14,9 0,0 2,2 0,0 1,3 20:18 Ko 25 0,6 0,9 17:19 0,0 17:10 4,6 0,0 0,0 0,1 2,7 21:02 LU 26 -0,1 0,4 00:00 -1,0 08:01 17,1 0,0 0,0 0,3 3,6 07:58 LU 27 -2,7 -0,2 00:00 -4,9 17:15 19,7 0,0 0,2 1,5 8,5 13:03 PLu 28 -5,5 -3,4 04:12 -9,0 20:39 22,5 0,0 0,0 0,7 5,8 01:44 PKo 29 1,1 5,0 22:57 -6,3 00:00 15,9 0,0 1,0 0,7 7,6 13:11 E 30 4,9 6,2 14:36 3,5 23:57 12,1 0,0 0,6 0,3 5,8 01:34 Ka 31 1,9 4,3 06:36 -1,2 21:17 15,1 0,0 0,0 1,0 5,8 12:02 LLu ---------------------------------------------------------------------------------- 1,6 6,9 7 -9,0 28 454,8 0,0 76,2 0,6 11,2 9 IKa Max >= 25,0: 0 Max <= 0,0: 4 Min <= 0,0: 13 Min <= -10,0: 0 Max Rain: 14,4 on day 18 Days of Rain: 25 (>= 0,2 mm) 15 (>= 1,0 mm) 1 (>= 10,0 mm) Heat Base: 17,0 Cool Base: 17,0 Method: Integration
Vuosiraporttien keskiarvotiedot pohjautuvat Ilmatieteenlaitoksen säähavantoihin.
Vertailutietona on käytetty Lohja Porla sääaseman tietoja. Lähde: Ilmatieteen laitos Ilmastollinen vertailukausi 1981-2010
Vertailutietona on käytetty Lohja Porla sääaseman tietoja. Lähde: Ilmatieteen laitos Ilmastollinen vertailukausi 1981-2010
Sivu päivitetty 25.10.2023 19:15:01
powered by
Cumulus
v1.9.4 (1091)