OPEx sääasema
Leveysaste N 60° 15' 27" Pituusaste E 23° 44' 53" Korkeus merenpinnasta 54 m
NOAA-raportit
Valitse raportti
Monthly Climatological Summary for touko 2020 Name: OPEx City: Karjalohja State: Finland - Davis Vantage Pro2 Elevation: 54 m Lat: N 60° 15' 27" Lon: E 023° 44' 53" Temperature (°C), Rain (mm), Wind Speed (m/s) Heat Cool Avg Mean Deg Deg Wind Dom Day Temp High Time Low Time Days Days Rain Speed High Time Dir ---------------------------------------------------------------------------------- 1 6,3 10,8 16:20 0,1 01:52 10,7 0,0 0,0 2,6 9,4 17:02 I 2 9,3 14,1 11:47 5,3 05:59 7,7 0,0 8,4 1,5 8,0 00:32 I 3 9,3 13,3 14:22 6,1 23:52 7,7 0,0 0,0 0,1 4,9 14:23 Lo 4 7,0 9,6 17:34 5,2 05:11 10,0 0,0 0,2 0,1 3,1 17:55 ELo 5 8,8 16,5 16:06 0,3 04:57 8,2 0,0 0,0 0,4 4,0 10:52 IKa 6 10,0 15,6 13:22 2,1 05:25 7,0 0,0 0,0 0,6 5,8 20:28 LU 7 8,1 13,2 13:42 2,8 04:43 8,9 0,0 0,0 0,8 4,5 09:33 LU 8 7,8 14,0 13:18 -2,1 05:27 9,2 0,0 0,0 0,7 8,0 14:33 ELo 9 8,7 13,8 15:12 1,6 23:56 8,3 0,0 0,0 0,6 4,5 18:11 LLu 10 9,4 16,9 15:40 -2,6 05:01 7,6 0,0 1,0 0,9 8,9 16:39 EKa 11 4,8 9,3 01:43 0,8 23:52 12,2 0,0 5,8 0,7 4,5 12:18 LLu 12 5,2 11,3 15:25 -1,4 02:47 11,8 0,0 0,0 0,2 4,5 12:57 LU 13 2,9 7,7 16:12 -1,8 02:35 14,1 0,0 4,8 0,7 8,0 09:04 I 14 5,2 9,7 11:39 -0,5 02:21 11,8 0,0 0,4 0,2 4,0 12:16 L 15 4,9 9,7 15:34 1,1 05:47 12,1 0,0 3,2 0,2 4,0 20:06 L 16 4,3 7,2 13:38 1,2 23:56 12,7 0,0 12,2 0,1 4,5 10:14 LLu 17 3,9 10,8 11:05 -1,3 04:45 13,1 0,0 3,6 0,3 4,0 10:31 I 18 6,1 11,3 14:33 1,6 04:22 10,9 0,0 0,0 0,5 4,0 11:30 LU 19 5,7 11,8 11:04 0,0 03:51 11,3 0,0 2,6 0,3 4,5 12:18 IKo 20 7,5 12,2 13:47 2,7 03:17 9,5 0,0 2,8 0,8 5,4 10:43 LU 21 9,5 14,2 15:33 3,8 05:06 7,5 0,0 0,0 1,4 6,7 13:50 LU 22 12,1 17,6 16:00 4,8 04:59 4,9 0,0 0,0 0,7 5,8 10:25 IKo 23 11,3 17,8 13:10 1,6 05:03 5,8 0,1 0,0 0,8 6,7 13:33 IKa 24 11,2 14,8 14:55 7,4 05:36 5,8 0,0 0,0 0,4 4,0 00:05 I 25 12,4 18,2 13:19 7,6 23:57 4,6 0,0 2,4 0,1 4,0 18:49 PKo 26 15,0 22,8 12:49 5,2 05:12 3,7 1,7 0,0 0,0 4,5 18:27 ELo 27 14,1 21,6 11:15 4,6 04:55 3,8 0,8 0,0 0,1 4,9 13:24 Lo 28 13,1 18,3 13:37 8,6 05:09 4,0 0,1 2,8 0,4 3,1 13:53 LLu 29 13,0 17,7 13:02 6,7 04:27 4,0 0,0 0,0 0,3 2,7 12:12 LU 30 16,0 20,6 15:32 11,7 23:59 1,8 0,9 0,0 1,0 8,0 18:06 Ko 31 16,4 21,7 15:41 9,6 04:03 2,2 1,6 0,0 0,8 8,0 09:46 PKo ---------------------------------------------------------------------------------- 9,0 22,8 26 -2,6 10 252,9 5,2 50,2 0,6 9,4 1 Ko Max >= 25,0: 0 Max <= 0,0: 0 Min <= 0,0: 7 Min <= -10,0: 0 Max Rain: 12,2 on day 16 Days of Rain: 13 (>= 0,2 mm) 11 (>= 1,0 mm) 1 (>= 10,0 mm) Heat Base: 17,0 Cool Base: 17,0 Method: Integration
Vuosiraporttien keskiarvotiedot pohjautuvat Ilmatieteenlaitoksen säähavantoihin.
Vertailutietona on käytetty Lohja Porla sääaseman tietoja. Lähde: Ilmatieteen laitos Ilmastollinen vertailukausi 1981-2010
Vertailutietona on käytetty Lohja Porla sääaseman tietoja. Lähde: Ilmatieteen laitos Ilmastollinen vertailukausi 1981-2010
Sivu päivitetty 25.10.2023 19:15:01
powered by
Cumulus
v1.9.4 (1091)